000
CXUS54 KMEG 011000
CF6MKL
PRELIMINARY LOCAL CLIMATOLOGICAL DATA (WS FORM: F-6)
STATION: JACKSON
MONTH: JANUARY
YEAR: 2022
LATITUDE: 35 35 N
LONGITUDE: 88 55 W
TEMPERATURE IN F: :PCPN: SNOW: WIND :SUNSHINE: SKY :PK WND
================================================================================
1 2 3 4 5 6A 6B 7 8 9 10 11 12 13 14 15 16 17 18
12Z AVG MX 2MIN
DY MAX MIN AVG DEP HDD CDD WTR SNW DPTH SPD SPD DIR MIN PSBL S-S WX SPD DR
================================================================================
1 76 57 67 27 0 2 0.92 M M 11.2 30 320 M M 8 13 40 230
2 58 27 43 4 22 0 0.56 M M 13.9 24 320 M M 10 146 30 310
3 33 23 28 -11 37 0 0.00 M M 5.7 20 350 M M 8 24 360
4 46 21 34 -5 31 0 0.00 M M 7.6 17 190 M M 4 25 180
5 52 26 39 0 26 0 0.00 M M 6.6 15 200 M M 0 21 200
6 33 17 25 -14 40 0 0.27 M M 10.3 23 350 M M 8 1 26 360
7 28 12 20 -19 45 0 0.00 M M 5.0 16 40 M M 0 20 50
8 56 23 40 1 25 0 0.11 M M 8.5 23 180 M M 7 32 190
9 56 31 44 5 21 0 1.15 M M 14.1 25 360 M M 8 13 31 180
10 43 22 33 -6 32 0 0.00 M M 5.3 15 20 M M 0 20 10
11 48 21 35 -4 30 0 0.00 M M 2.6 9 200 M M 0 15 190
12 57 35 46 7 19 0 0.00 M M 9.7 18 230 M M 0 24 230
13 58 31 45 6 20 0 0.00 M M 6.3 14 230 M M 2 17 230
14 51 26 39 0 26 0 0.00 M M 2.3 9 100 M M 1 11 100
15 46 37 42 3 23 0 0.60 M M 11.5 20 60 M M 10 1 26 50
16 39 30 35 -4 30 0 0.49 M M 12.9 22 360 M M 6 16 28 30
17 42 26 34 -5 31 0 0.00 M M 9.8 20 310 M M 7 25 290
18 55 23 39 0 26 0 0.00 M M 5.9 17 190 M M 0 21 190
19 62 30 46 7 19 0 0.76 M M 12.7 26 360 M M 9 13 33 360
20 30 20 25 -14 40 0 0.00 M M 16.0 25 10 M M 7 29 10
21 32 17 25 -14 40 0 0.00 M M 8.7 16 10 M M 1 20 310
22 35 10 23 -16 42 0 0.00 M M 2.9 9 300 M M 0 12 10
23 52 21 37 -2 28 0 0.00 M M 7.3 17 240 M M 0 22 280
24 61 23 42 3 23 0 0.00 M M 6.4 18 240 M M 0 24 230
25 45 24 35 -4 30 0 0.00 M M 13.6 20 350 M M 1 25 340
26 37 18 28 -11 37 0 0.00 M M 6.7 17 20 M M 0 21 20
27 47 17 32 -7 33 0 0.00 M M 3.1 13 330 M M 5 15 330
28 44 21 33 -6 32 0 T M M 12.1 26 320 M M 4 34 320
29 40 12 26 -13 39 0 0.00 M M 5.8 14 230 M M 0 18 190
30 55 26 41 1 24 0 0.00 M M 7.3 16 330 M M 0 19 330
31 62 22 42 2 23 0 0.00 M M 3.1 10 180 M M 0 14 180
================================================================================
SM 1479 749 894 2 4.86 M 254.9 M 106
================================================================================
AV 47.7 24.2 8.2 FASTST M M 3 MAX(MPH)
MISC ----> 30 320 40 230
================================================================================
NOTES:
# LAST OF SEVERAL OCCURRENCES
COLUMN 17 PEAK WIND IN M.P.H.
PRELIMINARY LOCAL CLIMATOLOGICAL DATA (WS FORM: F-6) , PAGE 2
STATION: JACKSON
MONTH: JANUARY
YEAR: 2022
LATITUDE: 35 35 N
LONGITUDE: 88 55 W
[TEMPERATURE DATA] [PRECIPITATION DATA] SYMBOLS USED IN COLUMN 16
AVERAGE MONTHLY: 35.9 TOTAL FOR MONTH: 4.86 1 = FOG OR MIST
DPTR FM NORMAL: -3.1 DPTR FM NORMAL: 0.79 2 = FOG REDUCING VISIBILITY
HIGHEST: 76 ON 1 GRTST 24HR 1.15 ON 9- 9 TO 1/4 MILE OR LESS
LOWEST: 10 ON 22 3 = THUNDER
SNOW, ICE PELLETS, HAIL 4 = ICE PELLETS
TOTAL MONTH: M 5 = HAIL
GRTST 24HR M ON M 6 = FREEZING RAIN OR DRIZZLE
GRTST DEPTH: M ON M 7 = DUSTSTORM OR SANDSTORM:
VSBY 1/2 MILE OR LESS
8 = SMOKE OR HAZE
[NO. OF DAYS WITH] [WEATHER - DAYS WITH] 9 = BLOWING SNOW
X = TORNADO
MAX 32 OR BELOW: 3 0.01 INCH OR MORE: 8
MAX 90 OR ABOVE: 0 0.10 INCH OR MORE: 8
MIN 32 OR BELOW: 28 0.50 INCH OR MORE: 5
MIN 0 OR BELOW: 0 1.00 INCH OR MORE: 1
[HDD (BASE 65) ]
TOTAL THIS MO. 894 CLEAR (SCALE 0-3) 17
DPTR FM NORMAL 88 PTCLDY (SCALE 4-7) 10
TOTAL FM JUL 1 1932 CLOUDY (SCALE 8-10) 4
DPTR FM NORMAL -278
[CDD (BASE 65) ]
TOTAL THIS MO. 2
DPTR FM NORMAL 2 [PRESSURE DATA]
TOTAL FM JAN 1 2 HIGHEST SLP 30.66 ON 10
DPTR FM NORMAL 2 LOWEST SLP 29.63 ON 1
[REMARKS]
#FINAL-01-22#