000
CXUS54 KFWD 020337
CF6MKN
PRELIMINARY LOCAL CLIMATOLOGICAL DATA (WS FORM: F-6)
STATION: COMANCHE
MONTH: FEBRUARY
YEAR: 2020
LATITUDE: 31 55 N
LONGITUDE: 98 36 W
TEMPERATURE IN F: :PCPN: SNOW: WIND :SUNSHINE: SKY :PK WND
================================================================================
1 2 3 4 5 6A 6B 7 8 9 10 11 12 13 14 15 16 17 18
12Z AVG MX 2MIN
DY MAX MIN AVG DEP HDD CDD WTR SNW DPTH SPD SPD DIR MIN PSBL S-S WX SPD DR
================================================================================
1 70 39 55 M 10 0 0.00 0.0 0 8.7 15 310 M M 0 18 310
2 79 M M M M M 0.00 0.0 0 12.9 20 240 M M 0 24 230
3 70 M M M M M 0.02 0.0 0 16.3 22 210 M M 6 31 210
4 61 M M M M M M 0.0 0 11.8 20 350 M M 8 1 27 350
5 34 28 31 M 34 0 M M 0 14.8 20 340 M M 10 1 25 340
6 48 25 37 M 28 0 0.00 0.0 M 9.5 14 300 M M 1 23 300
7 61 36 49 M 16 0 0.00 0.0 0 7.5 14 360 M M 0 18 360
8 64 37 51 M 14 0 0.00 0.0 0 10.0 18 160 M M 4 23 140
9 75 61 68 M 0 3 0.00 0.0 0 10.3 16 180 M M 7 21 180
10 54 37 46 M 19 0 0.16 0.0 0 11.6 15 340 M M 10 1 22 320
11 M M M M M M M M M M M M M M M M M
12 M M M M M M M M M M M M M M M M M
13 M M M M M M M M M M M M M M M M M
14 M M M M M M M M M M M M M M M M M
15 M M M M M M M M M M M M M M M M M
16 M M M M M M M M M M M M M M M M M
17 81 55 68 M 0 3 0.00 0.0 0 8.6 18 250 M M M 24 250
18 55 48 52 M 13 0 0.00 0.0 0 10.7 17 350 M M 10 25 360
19 52 41 47 M 18 0 0.91 0.0 0 6.6 10 20 M M 10 18 50
20 52 34 43 M 22 0 0.14 0.0 0 12.0 22 20 M M 7 28 20
21 50 27 39 M 26 0 0.00 0.0 0 5.4 9 160 M M 0 M M
22 63 37 50 M 15 0 0.00 0.0 0 8.7 15 180 M M 2 20 180
23 59 43 51 M 14 0 0.00 0.0 0 7.4 15 210 M M 5 25 210
24 70 48 59 M 6 0 0.00 0.0 0 11.0 17 320 M M 0 27 320
25 57 39 48 M 17 0 0.00 0.0 0 12.2 22 320 M M 3 30 320
26 48 36 42 M 23 0 0.00 0.0 0 15.7 23 340 M M 4 32 330
27 63 27 45 M 20 0 0.00 0.0 0 7.4 17 240 M M 0 24 240
28 70 34 52 M 13 0 0.00 0.0 0 3.1 8 260 M M 0 M M
29 73 43 58 M 7 0 0.00 0.0 0 10.9 22 170 M M 0 28 180
================================================================================
SM 1409 775 315 6 1.23 0.0 233.1 M 87
================================================================================
AV 61.3 38.8 10.1 FASTST M M 4 MAX(MPH)
MISC ----> # 23 340 # 32 330
================================================================================
NOTES:
# LAST OF SEVERAL OCCURRENCES
COLUMN 17 PEAK WIND IN M.P.H.
PRELIMINARY LOCAL CLIMATOLOGICAL DATA (WS FORM: F-6) , PAGE 2
STATION: COMANCHE
MONTH: FEBRUARY
YEAR: 2020
LATITUDE: 31 55 N
LONGITUDE: 98 36 W
[TEMPERATURE DATA] [PRECIPITATION DATA] SYMBOLS USED IN COLUMN 16
AVERAGE MONTHLY: 50.0 TOTAL FOR MONTH: 1.23 1 = FOG OR MIST
DPTR FM NORMAL: M DPTR FM NORMAL: -0.93 2 = FOG REDUCING VISIBILITY
HIGHEST: 81 ON 17 GRTST 24HR 0.91 ON 19-19 TO 1/4 MILE OR LESS
LOWEST: 25 ON 6 3 = THUNDER
SNOW, ICE PELLETS, HAIL 4 = ICE PELLETS
TOTAL MONTH: 0.0 INCH 5 = HAIL
GRTST 24HR 0.0 6 = FREEZING RAIN OR DRIZZLE
GRTST DEPTH: 0 7 = DUSTSTORM OR SANDSTORM:
VSBY 1/2 MILE OR LESS
8 = SMOKE OR HAZE
[NO. OF DAYS WITH] [WEATHER - DAYS WITH] 9 = BLOWING SNOW
X = TORNADO
MAX 32 OR BELOW: 0 0.01 INCH OR MORE: 4
MAX 90 OR ABOVE: 0 0.10 INCH OR MORE: 3
MIN 32 OR BELOW: 4 0.50 INCH OR MORE: 1
MIN 0 OR BELOW: 0 1.00 INCH OR MORE: 0
[HDD (BASE 65) ]
TOTAL THIS MO. 315 CLEAR (SCALE 0-3) 11
DPTR FM NORMAL M PTCLDY (SCALE 4-7) 7
TOTAL FM JUL 1 1703 CLOUDY (SCALE 8-10) 4
DPTR FM NORMAL M
[CDD (BASE 65) ]
TOTAL THIS MO. 6
DPTR FM NORMAL M [PRESSURE DATA]
TOTAL FM JAN 1 8 HIGHEST SLP M ON M
DPTR FM NORMAL M LOWEST SLP M ON M
[REMARKS]
#FINAL-02-20#