000
CXUS53 KMPX 010910
CF6MKT
PRELIMINARY LOCAL CLIMATOLOGICAL DATA (WS FORM: F-6)
STATION: MANKATO MN
MONTH: AUGUST
YEAR: 2021
LATITUDE: 44 13 N
LONGITUDE: 93 55 W
TEMPERATURE IN F: :PCPN: SNOW: WIND :SUNSHINE: SKY :PK WND
================================================================================
1 2 3 4 5 6A 6B 7 8 9 10 11 12 13 14 15 16 17 18
12Z AVG MX 2MIN
DY MAX MIN AVG DEP HDD CDD WTR SNW DPTH SPD SPD DIR MIN PSBL S-S WX SPD DR
================================================================================
1 76 56 66 -6 0 1 0.00 M M 7.2 13 30 M M 2 20 30
2 79 55 67 -5 0 2 0.00 M M 3.9 8 260 M M 2 M M
3 80 57 69 -3 0 4 0.00 M M 5.3 10 160 M M 1 M M
4 80 57 69 -3 0 4 0.00 M M 7.0 14 190 M M 1 17 190
5 82 66 74 2 0 9 T M M 8.9 13 180 M M 5 3 16 180
6 83 62 73 2 0 8 0.00 M M 5.1 8 20 M M 2 M M
7 84 71 78 7 0 13 0.42 M M 7.6 17 130 M M 7 13 M M
8 78 69 74 3 0 9 T M M 7.3 22 220 M M 7 29 220
9 82 66 74 3 0 9 0.00 M M 6.4 12 120 M M 4 12 M M
10 84 68 76 5 0 11 0.00 M M 7.7 16 140 M M 2 M M
11 80 64 72 1 0 7 0.00 M M 10.2 18 280 M M 1 1 24 300
12 78 61 70 -1 0 5 T M M 9.7 18 320 M M 1 25 310
13 77 54 66 -5 0 1 0.00 M M 8.3 17 330 M M 0 24 310
14 84 52 68 -2 0 3 0.00 M M 5.0 8 160 M M 0 17 210
15 81 56 69 -1 0 4 0.00 M M 9.6 16 170 M M 0 20 180
16 83 59 71 1 0 6 0.00 M M 10.4 15 180 M M 0 22 170
17 86 62 74 4 0 9 0.00 M M 10.2 18 190 M M 0 23 190
18 87 67 77 7 0 12 0.00 M M 9.3 15 160 M M 1 20 190
19 88 68 78 8 0 13 0.00 M M 8.6 15 160 M M 1 17 140
20 87 69 78 8 0 13 0.15 M M 12.4 22 150 M M 3 31 150
21 72 58 65 -4 0 0 0.00 M M 10.5 21 320 M M 3 24 290
22 77 50 64 -5 1 0 0.15 M M 8.7 18 150 M M 3 123 25 150
23 87 65 76 7 0 11 0.00 M M 6.7 13 140 M M 1 M M
24 78 66 72 3 0 7 1.22 M M 10.3 27 120 M M 4 13 38 140
25 80 62 71 3 0 6 0.00 M M 5.9 14 320 M M 1 1 M M
26 75 59 67 -1 0 2 0.05 M M 9.8 25 360 M M 3 39 360
27 79 67 73 5 0 8 0.69 M M 10.7 17 150 M M 7 13 24 150
28 79 66 73 5 0 8 0.54 M M 9.7 29 270 M M 2 13 46 240
29 79 62 71 3 0 6 0.11 M M 9.1 15 320 M M 2 31 130
30 82 55 69 2 0 4 0.00 M M 3.5 8 290 M M 0 M M
31 79 59 69 2 0 4 0.00 M M 5.9 13 60 M M 1 M M
================================================================================
SM 2506 1908 1 199 3.33 M 250.9 M 67
================================================================================
AV 80.8 61.5 8.1 FASTST M M 2 MAX(MPH)
MISC ----> 29 270 46 240
================================================================================
NOTES:
# LAST OF SEVERAL OCCURRENCES
COLUMN 17 PEAK WIND IN M.P.H.
PRELIMINARY LOCAL CLIMATOLOGICAL DATA (WS FORM: F-6) , PAGE 2
STATION: MANKATO MN
MONTH: AUGUST
YEAR: 2021
LATITUDE: 44 13 N
LONGITUDE: 93 55 W
[TEMPERATURE DATA] [PRECIPITATION DATA] SYMBOLS USED IN COLUMN 16
AVERAGE MONTHLY: 71.2 TOTAL FOR MONTH: 3.33 1 = FOG OR MIST
DPTR FM NORMAL: 1.3 DPTR FM NORMAL: -0.85 2 = FOG REDUCING VISIBILITY
HIGHEST: 88 ON 19 GRTST 24HR 1.22 ON 24-24 TO 1/4 MILE OR LESS
LOWEST: 50 ON 22 3 = THUNDER
SNOW, ICE PELLETS, HAIL 4 = ICE PELLETS
TOTAL MONTH: M 5 = HAIL
GRTST 24HR M ON M 6 = FREEZING RAIN OR DRIZZLE
GRTST DEPTH: M ON M 7 = DUSTSTORM OR SANDSTORM:
VSBY 1/2 MILE OR LESS
8 = SMOKE OR HAZE
[NO. OF DAYS WITH] [WEATHER - DAYS WITH] 9 = BLOWING SNOW
X = TORNADO
MAX 32 OR BELOW: 0 0.01 INCH OR MORE: 8
MAX 90 OR ABOVE: 0 0.10 INCH OR MORE: 7
MIN 32 OR BELOW: 0 0.50 INCH OR MORE: 3
MIN 0 OR BELOW: 0 1.00 INCH OR MORE: 1
[HDD (BASE 65) ]
TOTAL THIS MO. 1 CLEAR (SCALE 0-3) 23
DPTR FM NORMAL -23 PTCLDY (SCALE 4-7) 8
TOTAL FM JUL 1 6 CLOUDY (SCALE 8-10) 0
DPTR FM NORMAL -25
[CDD (BASE 65) ]
TOTAL THIS MO. 199
DPTR FM NORMAL 23 [PRESSURE DATA]
TOTAL FM JAN 1 809 HIGHEST SLP M ON M
DPTR FM NORMAL 217 LOWEST SLP M ON M
[REMARKS]
#FINAL-08-21#