000
CXUS52 KMLB 010625
CF6MLB
PRELIMINARY LOCAL CLIMATOLOGICAL DATA (WS FORM: F-6)
STATION: MELBOURNE
MONTH: SEPTEMBER
YEAR: 2023
LATITUDE: 28 6 N
LONGITUDE: 80 39 W
TEMPERATURE IN F: :PCPN: SNOW: WIND :SUNSHINE: SKY :PK WND
================================================================================
1 2 3 4 5 6A 6B 7 8 9 10 11 12 13 14 15 16 17 18
12Z AVG MX 2MIN
DY MAX MIN AVG DEP HDD CDD WTR SNW DPTH SPD SPD DIR MIN PSBL S-S WX SPD DR
================================================================================
1 88 78 83 1 0 18 0.00 0.0 0 8.0 18 70 M M 2 3 23 60
2 89 79 84 2 0 19 0.03 0.0 0 12.0 20 40 M M 5 25 40
3 88 73 81 -1 0 16 0.00 0.0 0 12.1 20 70 M M 3 25 60
4 87 70 79 -3 0 14 0.00 0.0 0 9.7 15 60 M M 1 20 50
5 89 72 81 0 0 16 0.00 0.0 0 6.5 14 80 M M 1 19 70
6 90 72 81 0 0 16 0.00 0.0 0 5.4 14 90 M M 0 19 100
7 91 73 82 1 0 17 0.00 0.0 0 7.9 13 110 M M 1 19 40
8 90 70 80 -1 0 15 1.66 0.0 0 6.2 25 310 M M 3 1238 39 310
9 88 69 79 -2 0 14 0.04 0.0 0 5.2 14 100 M M 0 18 90
10 88 74 81 0 0 16 0.00 0.0 0 6.4 15 110 M M 0 19 100
11 89 75 82 1 0 17 0.00 0.0 0 7.1 18 140 M M 0 26 130
12 90 76 83 2 0 18 T 0.0 0 6.4 20 150 M M 1 26 170
13 90 76 83 2 0 18 T 0.0 0 6.7 15 70 M M 1 3 20 70
14 91 75 83 2 0 18 0.00 0.0 0 6.6 15 50 M M 2 1 20 60
15 90 76 83 2 0 18 0.04 0.0 0 5.8 16 60 M M 3 13 20 60
16 87 75 81 0 0 16 0.21 0.0 0 7.0 18 60 M M 4 3 24 50
17 93 74 84 3 0 19 0.78 0.0 0 5.2 20 130 M M 4 1238 27 120
18 88 75 82 1 0 17 0.00 0.0 0 9.7 18 30 M M 1 24 40
19 88 78 83 3 0 18 0.26 0.0 0 12.0 17 40 M M 4 22 40
20 87 71 79 -1 0 14 1.28 0.0 0 7.9 33 360 M M 3 123 44 360
21 85 73 79 -1 0 14 0.06 0.0 0 7.8 15 360 M M 4 1 21 360
22 87 72 80 0 0 15 T 0.0 0 11.0 23 360 M M 1 30 10
23 85 67 76 -4 0 11 0.00 0.0 0 6.6 15 50 M M 0 20 40
24 86 68 77 -3 0 12 0.32 0.0 0 6.0 16 110 M M 1 13 21 100
25 88 73 81 1 0 16 0.04 0.0 0 5.0 13 200 M M 2 3 17 200
26 88 74 81 1 0 16 1.84 0.0 0 4.4 32 150 M M 2 1238 41 160
27 86 75 81 1 0 16 0.75 0.0 0 5.6 22 260 M M 6 12 28 330
28 89 74 82 2 0 17 0.03 0.0 0 5.8 13 70 M M 8 13 16 40
29 88 74 81 1 0 16 0.72 0.0 0 3.5 16 20 M M 5 1238 20 10
30 89 76 83 4 0 18 1.13 0.0 0 5.6 22 320 M M 3 138 28 310
================================================================================
SM 2652 2207 0 485 9.19 0.0 215.1 M 71
================================================================================
AV 88.4 73.6 7.2 FASTST M M 2 MAX(MPH)
MISC ----> 33 360 44 360
================================================================================
NOTES:
# LAST OF SEVERAL OCCURRENCES
COLUMN 17 PEAK WIND IN M.P.H.
PRELIMINARY LOCAL CLIMATOLOGICAL DATA (WS FORM: F-6) , PAGE 2
STATION: MELBOURNE
MONTH: SEPTEMBER
YEAR: 2023
LATITUDE: 28 6 N
LONGITUDE: 80 39 W
[TEMPERATURE DATA] [PRECIPITATION DATA] SYMBOLS USED IN COLUMN 16
AVERAGE MONTHLY: 81.0 TOTAL FOR MONTH: 9.19 1 = FOG OR MIST
DPTR FM NORMAL: 0.4 DPTR FM NORMAL: 1.56 2 = FOG REDUCING VISIBILITY
HIGHEST: 93 ON 17 GRTST 24HR 1.85 ON 26-27 TO 1/4 MILE OR LESS
LOWEST: 67 ON 23 3 = THUNDER
SNOW, ICE PELLETS, HAIL 4 = ICE PELLETS
TOTAL MONTH: 0.0 INCH 5 = HAIL
GRTST 24HR 0.0 6 = FREEZING RAIN OR DRIZZLE
GRTST DEPTH: 0 7 = DUSTSTORM OR SANDSTORM:
VSBY 1/2 MILE OR LESS
8 = SMOKE OR HAZE
[NO. OF DAYS WITH] [WEATHER - DAYS WITH] 9 = BLOWING SNOW
X = TORNADO
MAX 32 OR BELOW: 0 0.01 INCH OR MORE: 16
MAX 90 OR ABOVE: 8 0.10 INCH OR MORE: 10
MIN 32 OR BELOW: 0 0.50 INCH OR MORE: 7
MIN 0 OR BELOW: 0 1.00 INCH OR MORE: 4
[HDD (BASE 65) ]
TOTAL THIS MO. 0 CLEAR (SCALE 0-3) 21
DPTR FM NORMAL 0 PTCLDY (SCALE 4-7) 9
TOTAL FM JUL 1 0 CLOUDY (SCALE 8-10) 0
DPTR FM NORMAL 0
[CDD (BASE 65) ]
TOTAL THIS MO. 485
DPTR FM NORMAL 15 [PRESSURE DATA]
TOTAL FM JAN 1 3406 HIGHEST SLP M ON M
DPTR FM NORMAL 573 LOWEST SLP 29.83 ON 14
[REMARKS]
#FINAL-09-23#