000
CXUS52 KMLB 011654
CLMMLB
CLIMATE REPORT
NATIONAL WEATHER SERVICE MELBOURNE FL
1254 PM EDT FRI SEP 01 2023
...................................
...THE MELBOURNE CLIMATE SUMMARY FOR THE MONTH OF AUGUST 2023...
CLIMATE NORMAL PERIOD 1991 TO 2020
CLIMATE RECORD PERIOD 1939 TO 2023
WEATHER OBSERVED NORMAL DEPART LAST YEAR`S
VALUE DATE(S) VALUE FROM VALUE
NORMAL
..............................................................
TEMPERATURE (F)
MONTHLY RECORD
WARMEST 84.6 2017
COOLEST 79.6 1967
DAILY RECORD
HIGH 101 08/02/1999
LOW 60 08/07/1983
AUGUST 2023
HIGHEST 98 08/08 97
LOWEST 73 08/18 72
AVG. MAXIMUM 91.5 89.3 2.2 91.0
AVG. MINIMUM 77.4 74.7 2.7 76.0
MEAN 84.5 82.0 2.5 83.5
DAYS MAX >= 90 25 18.2 6.8 28
DAYS MAX <= 32 0 0.0 0.0 0
DAYS MIN <= 32 0 0.0 0.0 0
DAYS MIN <= 0 0 0.0 0.0 0
PRECIPITATION (INCHES)
MONTHLY RECORD
MAXIMUM 21.06 2008
MINIMUM 1.14 1971
DAILY RECORD
MAXIMUM 9.06 08/02/1995
AUGUST 2023
TOTALS 6.03 6.67 -0.64 4.87
DAYS >= .01 16 15.0 1.0 13
DAYS >= .10 12 9.7 2.3 6
DAYS >= .50 3 4.0 -1.0 4
DAYS >= 1.00 1 1.8 -0.8 1
GREATEST
24 HR. TOTAL 1.54 08/05 TO 08/05
SNOWFALL (INCHES)
TOTALS 0.0 MM MM 0.0
SINCE 7/1 0.0 MM MM MM
DAYS >= TRACE 0 0
DEGREE DAYS
HEATING TOTAL 0 0 0 0
SINCE 7/1 0 0 0 MM
COOLING TOTAL 610 527 83 583
SINCE 1/1 2921 2363 558 MM
..............................................................
WIND (MPH)
AVERAGE WIND SPEED 7.9
HIGHEST WIND SPEED/DIRECTION 37/210 DATE 08/30
HIGHEST GUST SPEED/DIRECTION 55/200 DATE 08/30
SKY COVER
POSSIBLE SUNSHINE (PERCENT) MM
AVERAGE SKY COVER 0.18
NUMBER OF DAYS FAIR 30
NUMBER OF DAYS PC 1
NUMBER OF DAYS CLOUDY 0
AVERAGE RH (PERCENT) 77
WEATHER CONDITIONS. NUMBER OF DAYS WITH
THUNDERSTORM 22 MIXED PRECIP 0
HEAVY RAIN 11 RAIN 6
LIGHT RAIN 17 LT FREEZING RAIN 0
HAIL 0 LIGHT SNOW 0
SLEET 0 FOG 11
FOG W/VIS <= 1/4 MILE 1 HAZE 4
- INDICATES NEGATIVE NUMBERS.
R INDICATES RECORD WAS SET OR TIED.
MM INDICATES DATA IS MISSING.
T INDICATES TRACE AMOUNT.
$$