000
CXUS54 KTSA 051132
CF6MLC
PRELIMINARY LOCAL CLIMATOLOGICAL DATA (WS FORM: F-6)
STATION: MCALESTER OKLAHOMA
MONTH: MAY
YEAR: 2021
LATITUDE: 34 52 N
LONGITUDE: 95 47 W
TEMPERATURE IN F: :PCPN: SNOW: WIND :SUNSHINE: SKY :PK WND
================================================================================
1 2 3 4 5 6A 6B 7 8 9 10 11 12 13 14 15 16 17 18
12Z AVG MX 2MIN
DY MAX MIN AVG DEP HDD CDD WTR SNW DPTH SPD SPD DIR MIN PSBL S-S WX SPD DR
================================================================================
1 73 54 64 -1 1 0 T 0.0 M 3.1 12 180 M M 4 1 20 140
2 78 64 71 5 0 6 0.02 0.0 M 5.6 13 120 M M 7 1 19 100
3 87 64 76 10 0 11 2.98 0.0 M 6.3 9 190 M M 6 3 71 190
4 61 46 54 -12 11 0 0.15 0.0 M 8.4 15 330 M M 5 24 330
5 75 41 58 -8 7 0 0.00 0.0 M 1.5 7 20 M M 2 1 11 20
6 81 49 65 -2 0 0 0.00 0.0 M 4.6 17 360 M M 2 25 20
7 81 51 66 -1 0 1 0.00 0.0 M 5.2 15 210 M M 2 25 180
8 85 65 75 8 0 10 0.00 0.0 M 11.5 22 180 M M 2 41 210
9 77 56 67 -1 0 2 T 0.0 M 13.7 22 190 M M 9 39 200
10 64 54 59 -9 6 0 0.03 0.0 M 5.9 15 10 M M 10 1 22 10
11 58 54 56 -12 9 0 0.98 0.0 M 6.3 20 270 M M 9 13 29 270
12 66 54 60 -9 5 0 T 0.0 M 4.9 13 10 M M 9 1 18 10
13 74 50 62 -7 3 0 0.00 0.0 M 1.8 10 350 M M 6 1 15 40
14 77 50 64 -5 1 0 0.00 0.0 M 5.4 14 220 M M 2 21 220
15 81 59 70 0 0 5 0.00 0.0 M 6.1 18 220 M M 5 31 170
16 76 63 70 0 0 5 0.20 0.0 M 5.7 15 140 M M 6 1 25 130
17 82 63 73 3 0 8 0.00 0.0 M 4.8 13 220 M M 6 17 230
18 74 62 68 -2 0 3 0.22 0.0 M 3.5 13 220 M M 6 13 19 90
19 75 64 70 -1 0 5 0.92 0.0 M 2.3 10 100 M M 7 1 15 100
20 74 65 70 -1 0 5 1.16 0.0 M 5.0 17 210 M M 8 1 25 160
21 73 68 71 0 0 6 0.05 0.0 M 5.2 12 150 M M 10 18 20 150
22 78 67 73 1 0 8 0.08 0.0 M 3.5 9 140 M M 7 1 17 150
23 80 66 73 1 0 8 0.53 0.0 M 2.4 12 140 M M 5 1 21 130
24 80 66 73 1 0 8 0.03 0.0 M 4.0 14 190 M M 5 23 180
25 74 66 70 -3 0 5 1.03 0.0 M 2.7 13 210 M M 7 13 17 220
26 82 66 74 1 0 9 0.00 0.0 M 4.1 13 210 M M 7 1 18 220
27 87 67 77 4 0 12 0.53 0.0 M 8.7 29 300 M M 5 13 41 270
28 78 62 70 -4 0 5 T 0.0 M 6.5 15 20 M M 5 22 20
29 74 56 65 -9 0 0 0.00 0.0 M 6.6 14 20 M M 2 20 30
30 77 54 66 -8 0 1 0.00 0.0 M 4.2 9 80 M M 4 16 60
31 66 57 62 -12 3 0 0.19 0.0 M 3.5 9 130 M M 6 1 16 160
================================================================================
SM 2348 1823 46 123 9.10 0.0 163.0 M 176
================================================================================
AV 75.7 58.8 5.3 FASTST M M 6 MAX(MPH)
MISC ----> 29 300 71 190
================================================================================
NOTES:
# LAST OF SEVERAL OCCURRENCES
COLUMN 17 PEAK WIND IN M.P.H.
PRELIMINARY LOCAL CLIMATOLOGICAL DATA (WS FORM: F-6) , PAGE 2
STATION: MCALESTER OKLAHOMA
MONTH: MAY
YEAR: 2021
LATITUDE: 34 52 N
LONGITUDE: 95 47 W
[TEMPERATURE DATA] [PRECIPITATION DATA] SYMBOLS USED IN COLUMN 16
AVERAGE MONTHLY: 67.3 TOTAL FOR MONTH: 9.10 1 = FOG OR MIST
DPTR FM NORMAL: -2.6 DPTR FM NORMAL: 3.80 2 = FOG REDUCING VISIBILITY
HIGHEST: 87 ON 27, 3 GRTST 24HR 2.98 ON 3- 3 TO 1/4 MILE OR LESS
LOWEST: 41 ON 5 3 = THUNDER
SNOW, ICE PELLETS, HAIL 4 = ICE PELLETS
TOTAL MONTH: 0.0 INCH 5 = HAIL
GRTST 24HR 0.0 6 = FREEZING RAIN OR DRIZZLE
GRTST DEPTH: M ON M 7 = DUSTSTORM OR SANDSTORM:
VSBY 1/2 MILE OR LESS
8 = SMOKE OR HAZE
[NO. OF DAYS WITH] [WEATHER - DAYS WITH] 9 = BLOWING SNOW
X = TORNADO
MAX 32 OR BELOW: 0 0.01 INCH OR MORE: 16
MAX 90 OR ABOVE: 0 0.10 INCH OR MORE: 11
MIN 32 OR BELOW: 0 0.50 INCH OR MORE: 7
MIN 0 OR BELOW: 0 1.00 INCH OR MORE: 3
[HDD (BASE 65) ]
TOTAL THIS MO. 46 CLEAR (SCALE 0-3) 6
DPTR FM NORMAL 12 PTCLDY (SCALE 4-7) 20
TOTAL FM JUL 1 3202 CLOUDY (SCALE 8-10) 5
DPTR FM NORMAL 127
[CDD (BASE 65) ]
TOTAL THIS MO. 123
DPTR FM NORMAL -63 [PRESSURE DATA]
TOTAL FM JAN 1 172 HIGHEST SLP 30.36 ON 13
DPTR FM NORMAL -96 LOWEST SLP 29.48 ON 3
[REMARKS]
#FINAL-05-21#