000
CXUS55 KBYZ 011750
CF6MLS
PRELIMINARY LOCAL CLIMATOLOGICAL DATA (WS FORM: F-6)
STATION: MILES CITY MT
MONTH: NOVEMBER
YEAR: 2022
LATITUDE: 46 25 N
LONGITUDE: 105 53 W
TEMPERATURE IN F: :PCPN: SNOW: WIND :SUNSHINE: SKY :PK WND
================================================================================
1 2 3 4 5 6A 6B 7 8 9 10 11 12 13 14 15 16 17 18
12Z AVG MX 2MIN
DY MAX MIN AVG DEP HDD CDD WTR SNW DPTH SPD SPD DIR MIN PSBL S-S WX SPD DR
================================================================================
1 59 42 51 12 14 0 0.00 M M 8.8 20 160 M M 0 24 160
2 58 31 45 7 20 0 0.00 M M 12.0 31 340 M M 3 37 330
3 38 21 30 -8 35 0 0.00 M M 9.2 16 320 M M 3 20 320
4 49 20 35 -2 30 0 0.00 M M 11.0 22 250 M M 4 27 240
5 59 34 47 10 18 0 T M M 21.3 48 270 M M 5 64 270
6 34 16 25 -11 40 0 0.00 M M 15.5 26 300 M M 0 36 300
7 38 15 27 -9 38 0 T M M 16.8 30 130 M M 5 39 120
8 26 12 19 -17 46 0 T M M 14.2 24 330 M M 10 1 29 330
9 16 11 14 -21 51 0 0.14 M M 9.6 15 330 M M 10 1 17 60
10 11 -5 3 -32 62 0 0.05 M M 9.2 16 300 M M 8 1 18 310
11 10 -17 -3 -37 68 0 0.00 M M 2.9 7 170 M M 1 18 8 160
12 13 -14 0 -34 65 0 0.00 M M 3.9 9 20 M M 2 128 10 270
13 27 4 16 -18 49 0 T M M 8.3 18 310 M M 9 1 22 320
14 28 17 23 -10 42 0 0.01 M M 10.2 24 330 M M 10 1 30 330
15 26 14 20 -13 45 0 T M M 5.6 20 330 M M 9 12 24 320
16 31 14 23 -9 42 0 T M M 16.2 32 350 M M 9 18 38 340
17 21 0 11 -21 54 0 T M M 19.3 31 340 M M 9 1289 36 330
18 25 -7 9 -23 56 0 0.00 M M 14.9 28 300 M M 4 35 260
19 30 9 20 -11 45 0 0.00 M M 9.1 17 330 M M 2 21 320
20 36 15 26 -5 39 0 0.00 M M 8.4 16 240 M M 0 19 270
21 35 17 26 -5 39 0 0.00 M M 5.6 14 250 M M 2 1 14 250
22 40 17 29 -1 36 0 0.00 M M 6.4 10 260 M M 0 11 160
23 41 18 30 0 35 0 T M M 11.4 23 320 M M 6 1 29 330
24 42 21 32 3 33 0 0.00 M M 7.8 15 250 M M 0 19 250
25 47 27 37 8 28 0 0.00 M M 6.6 13 190 M M 0 14 160
26 43 26 35 6 30 0 0.00 M M 7.9 18 330 M M 5 22 330
27 40 25 33 5 32 0 0.00 M M 9.8 36 300 M M 3 43 300
28 35 13 24 -4 41 0 0.00 M M 16.2 37 280 M M 4 43 280
29 18 4 11 -17 54 0 0.00 M M 13.7 26 300 M M 3 32 290
30 27 1 14 -13 51 0 0.00 M M 9.4 18 130 M M 0 23 120
================================================================================
SM 1003 401 1238 0 0.20 M 321.2 M 126
================================================================================
AV 33.4 13.4 10.7 FASTST M M 4 MAX(MPH)
MISC ----> 48 270 64 270
================================================================================
NOTES:
# LAST OF SEVERAL OCCURRENCES
COLUMN 17 PEAK WIND IN M.P.H.
PRELIMINARY LOCAL CLIMATOLOGICAL DATA (WS FORM: F-6) , PAGE 2
STATION: MILES CITY MT
MONTH: NOVEMBER
YEAR: 2022
LATITUDE: 46 25 N
LONGITUDE: 105 53 W
[TEMPERATURE DATA] [PRECIPITATION DATA] SYMBOLS USED IN COLUMN 16
AVERAGE MONTHLY: 23.4 TOTAL FOR MONTH: 0.20 1 = FOG OR MIST
DPTR FM NORMAL: -9.3 DPTR FM NORMAL: -0.13 2 = FOG REDUCING VISIBILITY
HIGHEST: 59 ON 5, 1 GRTST 24HR 0.19 ON 9-10 TO 1/4 MILE OR LESS
LOWEST: -17 ON 11 3 = THUNDER
SNOW, ICE PELLETS, HAIL 4 = ICE PELLETS
TOTAL MONTH: M 5 = HAIL
GRTST 24HR M ON M 6 = FREEZING RAIN OR DRIZZLE
GRTST DEPTH: M ON M 7 = DUSTSTORM OR SANDSTORM:
VSBY 1/2 MILE OR LESS
8 = SMOKE OR HAZE
[NO. OF DAYS WITH] [WEATHER - DAYS WITH] 9 = BLOWING SNOW
X = TORNADO
MAX 32 OR BELOW: 14 0.01 INCH OR MORE: 3
MAX 90 OR ABOVE: 0 0.10 INCH OR MORE: 1
MIN 32 OR BELOW: 28 0.50 INCH OR MORE: 0
MIN 0 OR BELOW: 5 1.00 INCH OR MORE: 0
[HDD (BASE 65) ]
TOTAL THIS MO. 1238 CLEAR (SCALE 0-3) 14
DPTR FM NORMAL 270 PTCLDY (SCALE 4-7) 8
TOTAL FM JUL 1 1765 CLOUDY (SCALE 8-10) 8
DPTR FM NORMAL 9
[CDD (BASE 65) ]
TOTAL THIS MO. 0
DPTR FM NORMAL 0 [PRESSURE DATA]
TOTAL FM JAN 1 938 HIGHEST SLP M ON M
DPTR FM NORMAL 207 LOWEST SLP 29.13 ON 5
[REMARKS]
#FINAL-11-22#