000
CXUS51 KCAR 010700
CF6MLT
PRELIMINARY LOCAL CLIMATOLOGICAL DATA (WS FORM: F-6)
STATION: MILLINOCKET ME
MONTH: DECEMBER
YEAR: 2021
LATITUDE: 45 39 N
LONGITUDE: 68 41 W
TEMPERATURE IN F: :PCPN: SNOW: WIND :SUNSHINE: SKY :PK WND
================================================================================
1 2 3 4 5 6A 6B 7 8 9 10 11 12 13 14 15 16 17 18
12Z AVG MX 2MIN
DY MAX MIN AVG DEP HDD CDD WTR SNW DPTH SPD SPD DIR MIN PSBL S-S WX SPD DR
================================================================================
1 36 18 27 -1 38 0 T M M 2.0 13 280 M M 7 1 21 270
2 36 15 26 -2 39 0 0.30 M M 1.0 6 110 M M 9 16 8 270
3 38 16 27 -1 38 0 0.01 M M 13.2 28 300 M M 8 1 40 310
4 25 11 18 -9 47 0 T M M 4.9 18 310 M M 3 8 27 300
5 31 15 23 -4 42 0 0.00 M M 4.6 17 310 M M 3 22 320
6 52 21 37 11 28 0 0.66 M M 4.9 23 300 M M 10 126 38 300
7 39 22 31 5 34 0 T M M 9.7 24 300 M M 3 40 260
8 22 15 19 -7 46 0 T M M 6.5 12 300 M M 6 18 16 290
9 22 11 17 -8 48 0 T M M 4.5 12 310 M M 5 8 15 360
10 22 8 15 -10 50 0 0.04 M M 0.8 7 90 M M 7 1 8 90
11 42 18 30 6 35 0 0.60 M M 2.8 9 90 M M 10 146 12 190
12 45 31 38 14 27 0 0.11 M M 10.6 25 270 M M 4 1 42 290
13 46 28 37 13 28 0 0.00 M M 6.5 15 290 M M 2 24 280
14 43 23 33 9 32 0 0.00 M M 15.8 32 310 M M 1 49 320
15 30 15 23 0 42 0 0.10 M M 3.8 16 290 M M 2 1 26 280
16 38 25 32 9 33 0 0.29 M M 0.3 6 160 M M 10 126 11 180
17 46 33 40 17 25 0 0.00 M M 10.0 22 310 M M 9 1 33 320
18 33 21 27 5 38 0 0.02 M M 6.8 21 300 M M 4 1 30 300
19 26 9 18 -4 47 0 0.11 M M 5.4 13 320 M M 9 1 17 310
20 21 8 15 -7 50 0 0.00 M M 3.2 12 300 M M 3 16 310
21 36 16 26 5 39 0 T M M 5.3 23 290 M M 4 35 290
22 28 18 23 2 42 0 0.63 M M 5.4 15 300 M M 9 126 27 300
23 28 5 17 -4 48 0 0.00 M M 12.8 25 300 M M 2 8 36 300
24 21 3 12 -8 53 0 0.00 M M 9.0 20 310 M M 1 8 31 290
25 30 10 20 0 45 0 0.00 M M 3.8 16 310 M M 2 21 290
26 31 20 26 6 39 0 0.00 M M 6.9 17 310 M M 3 23 290
27 32 12 22 2 43 0 0.00 M M 5.8 16 300 M M 0 18 24 310
28 28 12 20 1 45 0 0.08 M M 2.1 13 300 M M 7 128 17 310
29 31 23 27 8 38 0 0.00 M M 3.4 15 330 M M 9 21 320
30 31 24 28 9 37 0 T M M 0.4 5 90 M M 10 1 7 150
31 39 25 32 14 33 0 0.02 M M 1.0 7 150 M M 8 12 9 150
================================================================================
SM 1028 531 1229 0 2.97 M 173.2 M 170
================================================================================
AV 33.2 17.1 5.6 FASTST M M 5 MAX(MPH)
MISC ----> 32 310 49 320
================================================================================
NOTES:
# LAST OF SEVERAL OCCURRENCES
COLUMN 17 PEAK WIND IN M.P.H.
PRELIMINARY LOCAL CLIMATOLOGICAL DATA (WS FORM: F-6) , PAGE 2
STATION: MILLINOCKET ME
MONTH: DECEMBER
YEAR: 2021
LATITUDE: 45 39 N
LONGITUDE: 68 41 W
[TEMPERATURE DATA] [PRECIPITATION DATA] SYMBOLS USED IN COLUMN 16
AVERAGE MONTHLY: 25.1 TOTAL FOR MONTH: 2.97 1 = FOG OR MIST
DPTR FM NORMAL: 2.1 DPTR FM NORMAL: -0.48 2 = FOG REDUCING VISIBILITY
HIGHEST: 52 ON 6 GRTST 24HR 0.71 ON 11-12 TO 1/4 MILE OR LESS
LOWEST: 3 ON 24 3 = THUNDER
SNOW, ICE PELLETS, HAIL 4 = ICE PELLETS
TOTAL MONTH: M 5 = HAIL
GRTST 24HR M ON M 6 = FREEZING RAIN OR DRIZZLE
GRTST DEPTH: M ON M 7 = DUSTSTORM OR SANDSTORM:
VSBY 1/2 MILE OR LESS
8 = SMOKE OR HAZE
[NO. OF DAYS WITH] [WEATHER - DAYS WITH] 9 = BLOWING SNOW
X = TORNADO
MAX 32 OR BELOW: 17 0.01 INCH OR MORE: 13
MAX 90 OR ABOVE: 0 0.10 INCH OR MORE: 8
MIN 32 OR BELOW: 30 0.50 INCH OR MORE: 3
MIN 0 OR BELOW: 0 1.00 INCH OR MORE: 0
[HDD (BASE 65) ]
TOTAL THIS MO. 1229 CLEAR (SCALE 0-3) 8
DPTR FM NORMAL -71 PTCLDY (SCALE 4-7) 13
TOTAL FM JUL 1 2738 CLOUDY (SCALE 8-10) 10
DPTR FM NORMAL -362
[CDD (BASE 65) ]
TOTAL THIS MO. 0
DPTR FM NORMAL 0 [PRESSURE DATA]
TOTAL FM JAN 1 422 HIGHEST SLP 30.71 ON 15
DPTR FM NORMAL 129 LOWEST SLP 29.25 ON 12
[REMARKS]
#FINAL-12-21#