000
CXUS55 KBOU 011000
CF6MNH
PRELIMINARY LOCAL CLIMATOLOGICAL DATA (WS FORM: F-6)
STATION: ELBERT 6W CO
MONTH: FEBRUARY
YEAR: 2023
LATITUDE: 39 13 N
LONGITUDE: 104 38 W
TEMPERATURE IN F: :PCPN: SNOW: WIND :SUNSHINE: SKY :PK WND
================================================================================
1 2 3 4 5 6A 6B 7 8 9 10 11 12 13 14 15 16 17 18
12Z AVG MX 2MIN
DY MAX MIN AVG DEP HDD CDD WTR SNW DPTH SPD SPD DIR MIN PSBL S-S WX SPD DR
================================================================================
1 36 9 23 M 42 0 M M M 6.4 12 190 M M 0 M M
2 36 14 25 M 40 0 M M M 8.7 15 190 M M 0 20 200
3 45 25 35 M 30 0 M M M 10.5 15 210 M M 0 M M
4 41 25 33 M 32 0 M M M 7.1 15 230 M M 0 M M
5 46 25 36 M 29 0 M M M 11.0 18 160 M M 0 24 160
6 34 16 25 M 40 0 M M M 7.2 15 360 M M 1 23 360
7 34 12 23 M 42 0 M M M 8.4 15 180 M M 0 M M
8 37 12 25 M 40 0 M M M 5.8 16 180 M M 2 17 30
9 23 5 14 M 51 0 M M M 14.0 25 340 M M 7 33 350
10 34 1 18 M 47 0 M M M 9.4 13 190 M M 0 M M
11 43 23 33 M 32 0 M M M 10.0 14 210 M M 0 18 210
12 45 27 36 M 29 0 M M M 7.1 12 190 M M 1 M M
13 43 23 33 M 32 0 M M M 9.9 21 180 M M 2 24 210
14 34 19 27 M 38 0 M M M 9.3 14 30 M M 5 24 30
15 19 5 12 M 53 0 M M M 11.9 15 340 M M 10 18 20 360
16 19 -4 8 M 57 0 M M M 7.6 13 200 M M 3 1 M M
17 43 9 26 M 39 0 M M M 9.6 14 180 M M 0 M M
18 45 28 37 M 28 0 M M M 8.3 18 250 M M 0 24 250
19 41 27 34 M 31 0 M M M 12.7 28 270 M M 1 35 260
20 45 21 33 M 32 0 M M M 7.6 15 180 M M 0 17 330
21 50 30 40 M 25 0 M M M 10.8 27 240 M M 1 28 210
22 32 -8 12 M 53 0 M M M 6.0 13 10 M M 10 2 18 40
23 27 -8 10 M 55 0 M M M 14.0 25 170 M M 5 31 170
24 37 9 23 M 42 0 M M M 15.8 23 190 M M 2 1 30 250
25 50 21 36 M 29 0 M M M 15.1 33 250 M M 0 43 250
26 46 28 37 M 28 0 M M M 11.1 20 330 M M 0 30 230
27 43 27 35 M 30 0 M M M 11.0 20 250 M M 0 24 250
28 39 25 32 M 33 0 M M M 15.7 25 240 M M 1 36 240
================================================================================
SM 1067 446 1059 0 M M 282.1 M 51
================================================================================
AV 38.1 15.9 10.1 FASTST M M 2 MAX(MPH)
MISC ----> 33 250 43 250
================================================================================
NOTES:
# LAST OF SEVERAL OCCURRENCES
COLUMN 17 PEAK WIND IN M.P.H.
PRELIMINARY LOCAL CLIMATOLOGICAL DATA (WS FORM: F-6) , PAGE 2
STATION: ELBERT 6W CO
MONTH: FEBRUARY
YEAR: 2023
LATITUDE: 39 13 N
LONGITUDE: 104 38 W
[TEMPERATURE DATA] [PRECIPITATION DATA] SYMBOLS USED IN COLUMN 16
AVERAGE MONTHLY: 27.0 TOTAL FOR MONTH: M 1 = FOG OR MIST
DPTR FM NORMAL: 0.0 DPTR FM NORMAL: M 2 = FOG REDUCING VISIBILITY
HIGHEST: 50 ON 21,25 GRTST 24HR M ON M TO 1/4 MILE OR LESS
LOWEST: -8 ON 22,23 3 = THUNDER
SNOW, ICE PELLETS, HAIL 4 = ICE PELLETS
TOTAL MONTH: M 5 = HAIL
GRTST 24HR M ON M 6 = FREEZING RAIN OR DRIZZLE
GRTST DEPTH: M ON M 7 = DUSTSTORM OR SANDSTORM:
VSBY 1/2 MILE OR LESS
8 = SMOKE OR HAZE
[NO. OF DAYS WITH] [WEATHER - DAYS WITH] 9 = BLOWING SNOW
X = TORNADO
MAX 32 OR BELOW: 5 0.01 INCH OR MORE: 0
MAX 90 OR ABOVE: 0 0.10 INCH OR MORE: 0
MIN 32 OR BELOW: 28 0.50 INCH OR MORE: 0
MIN 0 OR BELOW: 3 1.00 INCH OR MORE: 0
[HDD (BASE 65) ]
TOTAL THIS MO. 1059 CLEAR (SCALE 0-3) 23
DPTR FM NORMAL M PTCLDY (SCALE 4-7) 3
TOTAL FM JUL 1 5059 CLOUDY (SCALE 8-10) 2
DPTR FM NORMAL M
[CDD (BASE 65) ]
TOTAL THIS MO. 0
DPTR FM NORMAL M [PRESSURE DATA]
TOTAL FM JAN 1 0 HIGHEST SLP M ON M
DPTR FM NORMAL M LOWEST SLP M ON M
[REMARKS]
#FINAL-02-23#