000
CXUS53 KBIS 010830
CF6MOT
PRELIMINARY LOCAL CLIMATOLOGICAL DATA (WS FORM: F-6)
STATION: MINOT ND
MONTH: SEPTEMBER
YEAR: 2021
LATITUDE: 48 15 N
LONGITUDE: 101 16 W
TEMPERATURE IN F: :PCPN: SNOW: WIND :SUNSHINE: SKY :PK WND
================================================================================
1 2 3 4 5 6A 6B 7 8 9 10 11 12 13 14 15 16 17 18
12Z AVG MX 2MIN
DY MAX MIN AVG DEP HDD CDD WTR SNW DPTH SPD SPD DIR MIN PSBL S-S WX SPD DR
================================================================================
1 77 64 71 5 0 6 0.00 M M 14.2 26 150 M M 3 34 150
2 76 56 66 0 0 1 0.52 M M 5.5 18 10 M M 4 13 27 300
3 74 51 63 -2 2 0 0.00 M M 8.5 16 270 M M 1 23 290
4 78 53 66 1 0 1 0.00 M M 10.0 21 290 M M 2 28 310
5 84 47 66 2 0 1 0.00 M M 6.3 16 250 M M 0 23 220
6 83 57 70 6 0 5 0.00 M M 9.5 18 200 M M 1 32 230
7 80 56 68 4 0 3 0.00 M M 18.8 37 290 M M 1 50 300
8 77 53 65 2 0 0 0.00 M M 9.2 21 300 M M 0 27 320
9 85 49 67 4 0 2 0.00 M M 7.8 23 150 M M 0 32 120
10 92 52 72 10 0 7 0.00 M M 9.4 28 340 M M 0 8 40 340
11 65 48 57 -5 8 0 0.13 M M 5.1 12 30 M M 5 18 14 330
12 69 52 61 -1 4 0 0.02 M M 6.7 17 90 M M 7 23 90
13 76 53 65 4 0 0 0.03 M M 6.8 16 330 M M 2 21 330
14 75 45 60 -1 5 0 0.00 M M 8.8 20 300 M M 3 26 310
15 86 47 67 7 0 2 T M M 10.4 24 280 M M 1 33 280
16 59 50 55 -5 10 0 0.01 M M 8.8 18 240 M M 7 25 230
17 70 46 58 -2 7 0 0.00 M M 12.8 21 250 M M 0 28 260
18 88 55 72 13 0 7 0.00 M M 13.7 21 160 M M 0 29 170
19 81 55 68 9 0 3 0.01 M M 15.0 25 270 M M 1 34 280
20 71 50 61 3 4 0 0.00 M M 16.3 30 310 M M 0 40 310
21 74 51 63 5 2 0 M M M 10.2 21 250 M M 2 29 220
22 83 50 67 10 0 2 0.00 M M 9.3 18 170 M M 0 29 170
23 80 58 69 12 0 4 T M M 13.5 23 310 M M 2 31 300
24 66 43 55 -1 10 0 0.00 M M 16.0 28 290 M M 1 40 270
25 86 42 64 8 1 0 0.00 M M 11.8 20 200 M M 0 26 220
26 82 54 68 12 0 3 0.00 M M 8.3 14 320 M M 0 19 310
27 93 47 70 15 0 5 0.00 M M 7.9 17 150 M M 0 22 180
28 96 48 72 17 0 7 0.00 M M 9.6 26 160 M M 0 35 150
29 77 59 68 14 0 3 0.05 M M 11.4 29 260 M M 4 3 42 270
30 76 48 62 8 3 0 0.00 M M 7.8 14 340 M M 2 18 300
================================================================================
SM 2359 1539 56 62 0.77 M 309.4 M 49
================================================================================
AV 78.6 51.3 10.3 FASTST M M 2 MAX(MPH)
MISC ----> 37 290 50 300
================================================================================
NOTES:
# LAST OF SEVERAL OCCURRENCES
COLUMN 17 PEAK WIND IN M.P.H.
PRELIMINARY LOCAL CLIMATOLOGICAL DATA (WS FORM: F-6) , PAGE 2
STATION: MINOT ND
MONTH: SEPTEMBER
YEAR: 2021
LATITUDE: 48 15 N
LONGITUDE: 101 16 W
[TEMPERATURE DATA] [PRECIPITATION DATA] SYMBOLS USED IN COLUMN 16
AVERAGE MONTHLY: 65.0 TOTAL FOR MONTH: 0.77 1 = FOG OR MIST
DPTR FM NORMAL: 4.9 DPTR FM NORMAL: -0.80 2 = FOG REDUCING VISIBILITY
HIGHEST: 96 ON 28 GRTST 24HR 0.52 ON 2- 2 TO 1/4 MILE OR LESS
LOWEST: 42 ON 25 3 = THUNDER
SNOW, ICE PELLETS, HAIL 4 = ICE PELLETS
TOTAL MONTH: M 5 = HAIL
GRTST 24HR M ON M 6 = FREEZING RAIN OR DRIZZLE
GRTST DEPTH: M ON M 7 = DUSTSTORM OR SANDSTORM:
VSBY 1/2 MILE OR LESS
8 = SMOKE OR HAZE
[NO. OF DAYS WITH] [WEATHER - DAYS WITH] 9 = BLOWING SNOW
X = TORNADO
MAX 32 OR BELOW: 0 0.01 INCH OR MORE: 7
MAX 90 OR ABOVE: 3 0.10 INCH OR MORE: 2
MIN 32 OR BELOW: 0 0.50 INCH OR MORE: 1
MIN 0 OR BELOW: 0 1.00 INCH OR MORE: 0
[HDD (BASE 65) ]
TOTAL THIS MO. 56 CLEAR (SCALE 0-3) 25
DPTR FM NORMAL -138 PTCLDY (SCALE 4-7) 5
TOTAL FM JUL 1 85 CLOUDY (SCALE 8-10) 0
DPTR FM NORMAL -153
[CDD (BASE 65) ]
TOTAL THIS MO. 62
DPTR FM NORMAL 15 [PRESSURE DATA]
TOTAL FM JAN 1 833 HIGHEST SLP 30.21 ON 30
DPTR FM NORMAL 283 LOWEST SLP 29.49 ON 28
[REMARKS]
#FINAL-09-21#