000
CXUS51 KPHI 022039
CF6MPO
PRELIMINARY LOCAL CLIMATOLOGICAL DATA (WS FORM: F-6)
STATION: MOUNT POCONO PA
MONTH: JANUARY
YEAR: 2021
LATITUDE: 41 8 N
LONGITUDE: 75 24 W
TEMPERATURE IN F: :PCPN: SNOW: WIND :SUNSHINE: SKY :PK WND
================================================================================
1 2 3 4 5 6A 6B 7 8 9 10 11 12 13 14 15 16 17 18
12Z AVG MX 2MIN
DY MAX MIN AVG DEP HDD CDD WTR SNW DPTH SPD SPD DIR MIN PSBL S-S WX SPD DR
================================================================================
1 29 14 22 -2 43 0 0.45 M M 6.4 14 110 M M 4 126 19 100
2 39 27 33 9 32 0 0.06 M M 13.2 29 310 M M 8 16 35 300
3 30 21 26 2 39 0 0.40 M M 4.8 12 80 M M 7 12 17 60
4 33 28 31 7 34 0 T M M 7.2 20 320 M M 10 1 24 330
5 31 29 30 6 35 0 0.06 M M 7.9 21 310 M M 10 1 25 310
6 29 25 27 4 38 0 0.00 M M 21.4 31 320 M M 10 40 310
7 28 20 24 1 41 0 0.00 M M 20.4 30 300 M M 3 40 300
8 31 16 24 1 41 0 0.00 M M 12.4 21 320 M M 0 29 320
9 30 13 22 -1 43 0 0.00 M M 20.1 29 320 M M 3 40 310
10 33 19 26 3 39 0 0.00 M M 13.7 25 310 M M 0 33 310
11 33 12 23 0 42 0 0.00 M M 4.0 9 240 M M 2 13 260
12 34 15 25 2 40 0 0.00 M M 6.5 13 280 M M 3 14 280
13 34 27 31 8 34 0 0.00 M M 7.3 18 250 M M 9 24 240
14 36 31 34 11 31 0 0.01 M M 5.7 14 270 M M 10 1 17 280
15 36 27 32 9 33 0 0.16 M M 8.4 16 100 M M 7 12 23 100
16 35 27 31 8 34 0 0.34 M M 12.4 22 270 M M 8 1 30 260
17 33 26 30 7 35 0 T M M 15.8 26 260 M M 8 1 36 250
18 34 27 31 8 34 0 T M M 14.1 24 260 M M 10 1 29 250
19 30 24 27 4 38 0 T M M 12.7 22 260 M M 7 29 270
20 28 10 19 -4 46 0 0.05 M M 11.4 28 280 M M 8 12 38 280
21 34 11 23 0 42 0 0.00 M M 9.2 23 250 M M 4 30 220
22 34 22 28 5 37 0 0.02 M M 13.4 24 290 M M 8 1 32 260
23 22 15 19 -4 46 0 T M M 21.6 33 310 M M 8 43 310
24 22 13 18 -5 47 0 T M M 16.7 32 300 M M 6 43 310
25 32 12 22 -1 43 0 0.00 M M 6.7 14 350 M M 2 18 310
26 28 21 25 2 40 0 0.10 M M 6.3 13 100 M M 10 16 19 100
27 30 19 25 2 40 0 T M M 15.2 25 320 M M 10 1 33 310
28 19 11 15 -9 50 0 T M M 23.7 36 310 M M 5 1 47 300
29 14 5 10 -14 55 0 T M M 22.3 37 310 M M 8 9 48 320
30 21 9 15 -9 50 0 T M M 15.0 28 300 M M 3 40 310
31 18 8 13 -11 52 0 0.50 M M 6.1 15 60 M M 7 1 23 80
================================================================================
SM 920 584 1254 0 2.15 M 382.0 M 198
================================================================================
AV 29.7 18.8 12.3 FASTST M M 6 MAX(MPH)
MISC ----> 37 310 48 320
================================================================================
NOTES:
# LAST OF SEVERAL OCCURRENCES
COLUMN 17 PEAK WIND IN M.P.H.
PRELIMINARY LOCAL CLIMATOLOGICAL DATA (WS FORM: F-6) , PAGE 2
STATION: MOUNT POCONO PA
MONTH: JANUARY
YEAR: 2021
LATITUDE: 41 8 N
LONGITUDE: 75 24 W
[TEMPERATURE DATA] [PRECIPITATION DATA] SYMBOLS USED IN COLUMN 16
AVERAGE MONTHLY: 24.3 TOTAL FOR MONTH: 2.15 1 = FOG OR MIST
DPTR FM NORMAL: 1.1 DPTR FM NORMAL: -0.70 2 = FOG REDUCING VISIBILITY
HIGHEST: 39 ON 2 GRTST 24HR 0.50 ON 31-31 TO 1/4 MILE OR LESS
LOWEST: 5 ON 29 3 = THUNDER
SNOW, ICE PELLETS, HAIL 4 = ICE PELLETS
TOTAL MONTH: M 5 = HAIL
GRTST 24HR M ON M 6 = FREEZING RAIN OR DRIZZLE
GRTST DEPTH: M ON M 7 = DUSTSTORM OR SANDSTORM:
VSBY 1/2 MILE OR LESS
8 = SMOKE OR HAZE
[NO. OF DAYS WITH] [WEATHER - DAYS WITH] 9 = BLOWING SNOW
X = TORNADO
MAX 32 OR BELOW: 18 0.01 INCH OR MORE: 11
MAX 90 OR ABOVE: 0 0.10 INCH OR MORE: 6
MIN 32 OR BELOW: 31 0.50 INCH OR MORE: 1
MIN 0 OR BELOW: 0 1.00 INCH OR MORE: 0
[HDD (BASE 65) ]
TOTAL THIS MO. 1254 CLEAR (SCALE 0-3) 7
DPTR FM NORMAL -40 PTCLDY (SCALE 4-7) 14
TOTAL FM JUL 1 3726 CLOUDY (SCALE 8-10) 10
DPTR FM NORMAL -306
[CDD (BASE 65) ]
TOTAL THIS MO. 0
DPTR FM NORMAL 0 [PRESSURE DATA]
TOTAL FM JAN 1 0 HIGHEST SLP 30.50 ON 1
DPTR FM NORMAL 0 LOWEST SLP 29.38 ON 16
[REMARKS]
#FINAL-01-21#