000
CXUS53 KMPX 012135
CLMMPX
CLIMATE REPORT
NATIONAL WEATHER SERVICE TWIN CITIES/CHANHASSEN MN
335 PM CST FRI MAR 01 2024
...................................
...THE CHANHASSEN MN CLIMATE SUMMARY FOR THE MONTH OF FEBRUARY 2024...
CLIMATE NORMAL PERIOD 1991 TO 2020
CLIMATE RECORD PERIOD 1995 TO 2024
WEATHER OBSERVED NORMAL DEPART LAST YEAR`S
VALUE DATE(S) VALUE FROM VALUE DATE(S)
NORMAL
................................................................
TEMPERATURE (F)
HIGHEST 64R 02/26 MM MM 43 02/08
LOWEST 2 02/28 MM MM -15 02/03
AVG. MAXIMUM 40.7 27.0 13.7 28.4
AVG. MINIMUM 20.1 9.0 11.1 8.3
MEAN 30.4 18.0 12.4 18.4
DAYS MAX >= 90 0 0
DAYS MAX <= 32 5 15
DAYS MIN <= 32 27 27
DAYS MIN <= 0 0 9
PRECIPITATION (INCHES)
TOTALS 0.87 0.94 -0.07 2.72
DAILY AVG. 0.03 0.10
DAYS >= .01 2 10
DAYS >= .10 2 8
DAYS >= .50 0 2
DAYS >= 1.00 0 0
GREATEST
24 HR. TOTAL 0.49 02/14 TO 02/14 0.90
SNOWFALL (INCHES)
TOTALS 6.9 11.2 -4.3 18.1
SINCE 7/1 12.7 40.2 -27.5 MM
SNOWDEPTH AVG. 1 9
DAYS >= 1.0 1 4
GREATEST
SNOW DEPTH 7 02/15 14 02/24
02/25
02/26
24 HR TOTAL MM
DEGREE DAYS
HEATING TOTAL 995 1316 -321 1298
SINCE 7/1 4867 6092 -1225 MM
COOLING TOTAL 0 0 0 0
SINCE 1/1 0 0 0 MM
................................................................
- INDICATES NEGATIVE NUMBERS.
R INDICATES RECORD WAS SET OR TIED.
MM INDICATES DATA IS MISSING.
T INDICATES TRACE AMOUNT.
$$