655
CXUS53 KMQT 062122
CF6MQT
PRELIMINARY LOCAL CLIMATOLOGICAL DATA (WS FORM: F-6)
STATION: MARQUETTE MI
MONTH: DECEMBER
YEAR: 2020
LATITUDE: 46 31 N
LONGITUDE: 87 33 W
TEMPERATURE IN F: :PCPN: SNOW: WIND :SUNSHINE: SKY :PK WND
================================================================================
1 2 3 4 5 6A 6B 7 8 9 10 11 12 13 14 15 16 17 18
12Z AVG MX 2MIN
DY MAX MIN AVG DEP HDD CDD WTR SNW DPTH SPD SPD DIR MIN PSBL S-S WX SPD DR
================================================================================
1 30 21 26 3 39 0 0.00 0.0 1 M M M M M M 19 360
2 41 19 30 7 35 0 T T 1 M M M M M M 23 315
3 39 28 34 11 31 0 0.00 0.0 1 M M M M M M 26 270
4 32 24 28 6 37 0 0.05 0.5 1 M M M M M M 21 360
5 28 23 26 4 39 0 T T 1 M M M M M M 6 13 315
6 28 16 22 1 43 0 0.01 0.2 1 M M M M M M 4 16 270
7 31 27 29 8 36 0 0.02 0.2 1 M M M M M M 13 270
8 34 26 30 9 35 0 0.00 0.0 1 M M M M M M 22 225
9 45 28 37 17 28 0 0.00 0.0 1 M M M M M M 24 315
10 45 29 37 17 28 0 T 0.0 1 M M M M M M 23 225
11 34 25 30 10 35 0 0.01 0.1 1 M M M M M M 6 23 360
12 26 21 24 5 41 0 0.09 0.9 1 M M M M M M 6 24 360
13 22 18 20 1 45 0 0.02 0.2 1 M M M M M M 6 22 315
14 21 11 16 -3 49 0 0.06 1.9 2 M M M M M M 9 32 270
15 19 5 12 -6 53 0 T T 2 M M M M M M 18 315
16 29 15 22 4 43 0 T 0.1 2 M M M M M M 20 135
17 27 24 26 8 39 0 T T 2 M M M M M M 9 135
18 29 23 26 8 39 0 0.01 0.3 2 M M M M M M 33 180
19 33 26 30 13 35 0 0.12 1.5 3 M M M M M M 10 225
20 30 24 27 10 38 0 0.00 0.0 3 M M M M M M 22 225
21 30 14 22 5 43 0 0.22 2.8 3 M M M M M M 16 18 325
22 32 18 25 8 40 0 T 0.1 5 M M M M M M 6 24 180
23 38 26 32 16 33 0 0.01 0.1 5 M M M M M M 12 29 180
24 26 7 17 1 48 0 0.10 2.3 5 M M M M M M 6 28 315
25 19 12 16 0 49 0 0.10 3.8 8 M M M M M M 6 22 360
26 20 17 19 3 46 0 0.02 1.2 6 M M M M M M 6 26 315
27 25 19 22 6 43 0 0.19 2.8 6 M M M M M M 22 360
28 21 12 17 1 48 0 0.05 1.6 7 M M M M M M 29 270
29 18 1 10 -5 55 0 0.05 0.8 7 M M M M M M 19 270
30 25 18 22 7 43 0 0.27 3.6 10 M M M M M M 33 270
31 28 17 23 8 42 0 T T 9 M M M M M M 24 270
================================================================================
SM 905 594 1258 0 1.40 25.0 M M M
================================================================================
AV 29.2 19.2 M FASTST M M M MAX(MPH)
MISC ----> M M # 33 180
================================================================================
NOTES:
# LAST OF SEVERAL OCCURRENCES
COLUMN 17 PEAK WIND IN M.P.H.
PRELIMINARY LOCAL CLIMATOLOGICAL DATA (WS FORM: F-6) , PAGE 2
STATION: MARQUETTE MI
MONTH: DECEMBER
YEAR: 2020
LATITUDE: 46 31 N
LONGITUDE: 87 33 W
[TEMPERATURE DATA] [PRECIPITATION DATA] SYMBOLS USED IN COLUMN 16
AVERAGE MONTHLY: 24.2 TOTAL FOR MONTH: 1.40 1 = FOG OR MIST
DPTR FM NORMAL: 5.7 DPTR FM NORMAL: -1.17 2 = FOG REDUCING VISIBILITY
HIGHEST: 45 ON 10, 9 GRTST 24HR 0.27 ON 30-30 TO 1/4 MILE OR LESS
LOWEST: 1 ON 29 3 = THUNDER
SNOW, ICE PELLETS, HAIL 4 = ICE PELLETS
TOTAL MONTH: 25.4 INCHES 5 = HAIL
GRTST 24HR 3.8 ON 25-25 6 = FREEZING RAIN OR DRIZZLE
GRTST DEPTH: 10 ON 30 7 = DUSTSTORM OR SANDSTORM:
VSBY 1/2 MILE OR LESS
8 = SMOKE OR HAZE
[NO. OF DAYS WITH] [WEATHER - DAYS WITH] 9 = BLOWING SNOW
X = TORNADO
MAX 32 OR BELOW: 23 0.01 INCH OR MORE: 18
MAX 90 OR ABOVE: 0 0.10 INCH OR MORE: 6
MIN 32 OR BELOW: 31 0.50 INCH OR MORE: 0
MIN 0 OR BELOW: 0 1.00 INCH OR MORE: 0
[HDD (BASE 65) ]
TOTAL THIS MO. 1258 CLEAR (SCALE 0-3) 0
DPTR FM NORMAL -182 PTCLDY (SCALE 4-7) 0
TOTAL FM JUL 1 3404 CLOUDY (SCALE 8-10) 31
DPTR FM NORMAL -238
[CDD (BASE 65) ]
TOTAL THIS MO. 0
DPTR FM NORMAL 0 [PRESSURE DATA]
TOTAL FM JAN 1 318 HIGHEST SLP M ON M
DPTR FM NORMAL 76 LOWEST SLP M ON M
[REMARKS]
#FINAL-12-20#