379
CXUS53 KMQT 010900
CF6MQT
PRELIMINARY LOCAL CLIMATOLOGICAL DATA (WS FORM: F-6)
STATION: MARQUETTE MI
MONTH: JUNE
YEAR: 2020
LATITUDE: 46 31 N
LONGITUDE: 87 33 W
TEMPERATURE IN F: :PCPN: SNOW: WIND :SUNSHINE: SKY :PK WND
================================================================================
1 2 3 4 5 6A 6B 7 8 9 10 11 12 13 14 15 16 17 18
12Z AVG MX 2MIN
DY MAX MIN AVG DEP HDD CDD WTR SNW DPTH SPD SPD DIR MIN PSBL S-S WX SPD DR
================================================================================
1 72 44 58 2 7 0 0.07 0.0 0 M M M M M M 31 180
2 87 57 72 16 0 7 0.16 0.0 0 M M M M M M 3 21 360
3 76 53 65 8 0 0 0.00 0.0 0 M M M M M M 20 45
4 80 47 64 7 1 0 0.00 0.0 0 M M M M M M 19 270
5 73 48 61 4 4 0 T 0.0 0 M M M M M M 21 270
6 57 40 49 -9 16 0 0.00 0.0 0 M M M M M M 20 315
7 59 35 47 -11 18 0 0.02 0.0 0 M M M M M M 19 180
8 86 49 68 10 0 3 0.00 0.0 0 M M M M M M 30 180
9 87 61 74 15 0 9 T 0.0 0 M M M M M M 17 225
10 72 51 62 3 3 0 0.80 0.0 0 M M M M M M 36 270
11 65 40 53 -6 12 0 T 0.0 0 M M M M M M 35 315
12 52 36 44 -16 21 0 0.00 0.0 0 M M M M M M 17 45
13 60 34 47 -13 18 0 0.00 0.0 0 M M M M M M 17 45
14 69 34 52 -8 13 0 0.00 0.0 0 M M M M M M 19 135
15 75 46 61 0 4 0 0.00 0.0 0 M M M M M M 25 180
16 84 58 71 10 0 6 T 0.0 0 M M M M M M 24 180
17 85 60 73 12 0 8 0.00 0.0 0 M M M M M M 22 180
18 86 60 73 12 0 8 0.00 0.0 0 M M M M M M 23 180
19 84 64 74 12 0 9 1.04 0.0 0 M M M M M M 13 15 270
20 64 54 59 -3 6 0 1.71 0.0 0 M M M M M M 12 11 315
21 76 55 66 4 0 1 0.01 0.0 0 M M M M M M 19 180
22 69 55 62 0 3 0 0.29 0.0 0 M M M M M M 13 225
23 64 52 58 -5 7 0 0.05 0.0 0 M M M M M M 1 26 315
24 71 51 61 -2 4 0 T 0.0 0 M M M M M M 24 270
25 78 49 64 1 1 0 0.00 0.0 0 M M M M M M 25 270
26 83 54 69 5 0 4 0.05 0.0 0 M M M M M M 3 19 225
27 77 56 67 3 0 2 0.00 0.0 0 M M M M M M 19 315
28 80 52 66 2 0 1 0.00 0.0 0 M M M M M M 16 90
29 85 58 72 8 0 7 0.00 0.0 0 M M M M M M 22 135
30 87 67 77 13 0 12 0.00 0.0 0 M M M M M M 22 180
================================================================================
SM 2243 1520 138 77 4.20 0.0 M M M
================================================================================
AV 74.8 50.7 M FASTST M M 0 MAX(MPH)
MISC ----> M M # 36 270
================================================================================
NOTES:
# LAST OF SEVERAL OCCURRENCES
COLUMN 17 PEAK WIND IN M.P.H.
PRELIMINARY LOCAL CLIMATOLOGICAL DATA (WS FORM: F-6) , PAGE 2
STATION: MARQUETTE MI
MONTH: JUNE
YEAR: 2020
LATITUDE: 46 31 N
LONGITUDE: 87 33 W
[TEMPERATURE DATA] [PRECIPITATION DATA] SYMBOLS USED IN COLUMN 16
AVERAGE MONTHLY: 62.7 TOTAL FOR MONTH: 4.20 1 = FOG OR MIST
DPTR FM NORMAL: 2.1 DPTR FM NORMAL: 1.36 2 = FOG REDUCING VISIBILITY
HIGHEST: 87 ON 30, 9 GRTST 24HR 1.71 ON 20-20 TO 1/4 MILE OR LESS
LOWEST: 34 ON 14,13 3 = THUNDER
SNOW, ICE PELLETS, HAIL 4 = ICE PELLETS
TOTAL MONTH: 0.0 INCH 5 = HAIL
GRTST 24HR 0.0 6 = FREEZING RAIN OR DRIZZLE
GRTST DEPTH: 0 7 = DUSTSTORM OR SANDSTORM:
VSBY 1/2 MILE OR LESS
8 = SMOKE OR HAZE
[NO. OF DAYS WITH] [WEATHER - DAYS WITH] 9 = BLOWING SNOW
X = TORNADO
MAX 32 OR BELOW: 0 0.01 INCH OR MORE: 10
MAX 90 OR ABOVE: 0 0.10 INCH OR MORE: 5
MIN 32 OR BELOW: 0 0.50 INCH OR MORE: 3
MIN 0 OR BELOW: 0 1.00 INCH OR MORE: 2
[HDD (BASE 65) ]
TOTAL THIS MO. 138 CLEAR (SCALE 0-3) 0
DPTR FM NORMAL -44 PTCLDY (SCALE 4-7) 0
TOTAL FM JUL 1 9245 CLOUDY (SCALE 8-10) 0
DPTR FM NORMAL -89
[CDD (BASE 65) ]
TOTAL THIS MO. 77
DPTR FM NORMAL 29 [PRESSURE DATA]
TOTAL FM JAN 1 105 HIGHEST SLP M ON M
DPTR FM NORMAL 45 LOWEST SLP M ON M
[REMARKS]
#FINAL-06-20#