269
CXUS51 KLWX 051018
CF6MRB
PRELIMINARY LOCAL CLIMATOLOGICAL DATA (WS FORM: F-6)
STATION: MARTINSBURG WV
MONTH: JULY
YEAR: 2020
LATITUDE: 39 24 N
LONGITUDE: 77 58 W
TEMPERATURE IN F: :PCPN: SNOW: WIND :SUNSHINE: SKY :PK WND
================================================================================
1 2 3 4 5 6A 6B 7 8 9 10 11 12 13 14 15 16 17 18
12Z AVG MX 2MIN
DY MAX MIN AVG DEP HDD CDD WTR SNW DPTH SPD SPD DIR MIN PSBL S-S WX SPD DR
================================================================================
1 85 64 75 1 0 10 0.01 M M 4.8 14 340 M M 2 1 19 340
2 89 61 75 1 0 10 0.00 M M 3.6 14 360 M M 2 19 320
3 92 63 78 4 0 13 0.00 M M 4.6 12 300 M M 0 15 270
4 92 66 79 5 0 14 0.00 M M 2.7 10 310 M M 2 18 13 310
5 93 67 80 5 0 15 0.00 M M 3.1 14 140 M M 1 18 17 150
6 93 68 81 6 0 16 T M M 3.9 29 230 M M 2 3 40 230
7 86 66 76 1 0 11 0.03 M M 3.3 17 250 M M 6 13 23 260
8 91 67 79 4 0 14 0.00 M M 3.8 13 150 M M 2 1 17 130
9 90 67 79 4 0 14 0.00 M M 2.8 13 140 M M 1 17 140
10 92 67 80 5 0 15 0.03 M M 4.1 24 300 M M 2 3 33 290
11 87 69 78 3 0 13 0.00 M M 8.4 22 250 M M 4 30 260
12 87 60 74 -1 0 9 0.08 M M 4.5 14 10 M M 3 3 18 140
13 87 62 75 0 0 10 0.01 M M 3.8 22 350 M M 2 12 30 360
14 88 61 75 0 0 10 0.00 M M 4.3 15 320 M M 2 18 350
15 90 59 75 0 0 10 0.00 M M 3.0 12 100 M M 3 20 210
16 89 72 81 6 0 16 0.04 M M 8.8 20 160 M M 6 3 28 160
17 95 73 84 9 0 19 T M M 5.4 16 290 M M 3 20 280
18 97 67 82 7 0 17 0.00 M M 2.9 10 40 M M 2 1 15 240
19 99 69 84 9 0 19 0.00 M M 5.3 17 270 M M 2 3 20 260
20 98 76 87 12 0 22 0.00 M M 6.9 18 270 M M 1 25 260
21 95 69 82 7 0 17 0.09 M M 3.9 21 310 M M 2 13 28 300
22 91 70 81 6 0 16 0.26 M M 2.8 15 230 M M 4 123 21 240
23 92 70 81 6 0 16 0.16 M M 4.5 17 10 M M 3 13 25 340
24 85 71 78 3 0 13 0.32 M M 3.1 13 10 M M 6 13 16 360
25 89 69 79 4 0 14 T M M 2.8 10 160 M M 3 14 160
26 95 69 82 7 0 17 0.00 M M 5.2 18 310 M M 2 1 24 280
27 96 67 82 7 0 17 0.00 M M 7.2 18 260 M M 1 27 250
28 88 72 80 5 0 15 0.00 M M 8.7 21 280 M M 2 26 320
29 92 62 77 3 0 12 0.00 M M 3.6 13 240 M M M 8 17 190
30 94 65 80 6 0 15 0.02 M M 3.1 15 240 M M 1 20 210
31 79 70 75 1 0 10 0.26 M M 0.8 7 30 M M 9 1 8 20
================================================================================
SM 2816 2078 0 439 1.31 M 135.7 M 81
================================================================================
AV 90.8 67.0 4.4 FASTST M M 3 MAX(MPH)
MISC ----> 29 230 40 230
================================================================================
NOTES:
# LAST OF SEVERAL OCCURRENCES
COLUMN 17 PEAK WIND IN M.P.H.
PRELIMINARY LOCAL CLIMATOLOGICAL DATA (WS FORM: F-6) , PAGE 2
STATION: MARTINSBURG WV
MONTH: JULY
YEAR: 2020
LATITUDE: 39 24 N
LONGITUDE: 77 58 W
[TEMPERATURE DATA] [PRECIPITATION DATA] SYMBOLS USED IN COLUMN 16
AVERAGE MONTHLY: 78.9 TOTAL FOR MONTH: 1.31 1 = FOG OR MIST
DPTR FM NORMAL: 4.2 DPTR FM NORMAL: -2.36 2 = FOG REDUCING VISIBILITY
HIGHEST: 99 ON 19 GRTST 24HR 0.48 ON 23-24 TO 1/4 MILE OR LESS
LOWEST: 59 ON 15 3 = THUNDER
SNOW, ICE PELLETS, HAIL 4 = ICE PELLETS
TOTAL MONTH: M 5 = HAIL
GRTST 24HR M ON M 6 = FREEZING RAIN OR DRIZZLE
GRTST DEPTH: M ON M 7 = DUSTSTORM OR SANDSTORM:
VSBY 1/2 MILE OR LESS
8 = SMOKE OR HAZE
[NO. OF DAYS WITH] [WEATHER - DAYS WITH] 9 = BLOWING SNOW
X = TORNADO
MAX 32 OR BELOW: 0 0.01 INCH OR MORE: 12
MAX 90 OR ABOVE: 19 0.10 INCH OR MORE: 4
MIN 32 OR BELOW: 0 0.50 INCH OR MORE: 0
MIN 0 OR BELOW: 0 1.00 INCH OR MORE: 0
[HDD (BASE 65) ]
TOTAL THIS MO. 0 CLEAR (SCALE 0-3) 23
DPTR FM NORMAL -1 PTCLDY (SCALE 4-7) 6
TOTAL FM JUL 1 0 CLOUDY (SCALE 8-10) 2
DPTR FM NORMAL 0
[CDD (BASE 65) ]
TOTAL THIS MO. 439
DPTR FM NORMAL 136 [PRESSURE DATA]
TOTAL FM JAN 1 721 HIGHEST SLP 30.19 ON 16
DPTR FM NORMAL 178 LOWEST SLP 29.69 ON 11
[REMARKS]
#FINAL-07-20#