000
CXUS54 KMAF 011110
CF6MRF
PRELIMINARY LOCAL CLIMATOLOGICAL DATA (WS FORM: F-6)
STATION: MARFA
MONTH: OCTOBER
YEAR: 2022
LATITUDE: 30 22 N
LONGITUDE: 104 1 W
TEMPERATURE IN F: :PCPN: SNOW: WIND :SUNSHINE: SKY :PK WND
================================================================================
1 2 3 4 5 6A 6B 7 8 9 10 11 12 13 14 15 16 17 18
12Z AVG MX 2MIN
DY MAX MIN AVG DEP HDD CDD WTR SNW DPTH SPD SPD DIR MIN PSBL S-S WX SPD DR
================================================================================
1 79 48 64 M 1 0 M M M 6.3 13 120 M M 2 17 170
2 78 46 62 M 3 0 M M M 7.8 13 100 M M 0 20 120
3 79 45 62 M 3 0 M M M 4.9 12 160 M M 0 M M
4 78 47 63 M 2 0 T M M 7.0 22 350 M M 1 33 360
5 74 48 61 M 4 0 0.21 M M 6.6 18 340 M M 3 3 37 290
6 72 50 61 M 4 0 0.08 M M 8.3 15 80 M M 5 22 80
7 70 48 59 M 6 0 M M M 9.8 18 100 M M 7 24 100
8 65 46 56 M 9 0 0.05 M M 8.7 14 30 M M 6 M M
9 72 49 61 M 4 0 0.13 M M 7.7 18 300 M M 6 3 36 330
10 72 48 60 M 5 0 0.33 M M 7.0 15 180 M M 5 3 24 180
11 76 45 61 M 4 0 0.01 M M 5.3 13 180 M M 1 20 230
12 80 48 64 M 1 0 M M M 5.8 15 280 M M 0 18 280
13 79 45 62 M 3 0 M M M 5.5 10 20 M M 0 M M
14 77 48 63 M 2 0 M M M 6.0 13 190 M M 1 20 160
15 83 50 67 M 0 2 0.05 M M 7.2 15 170 M M 3 37 230
16 74 54 64 M 1 0 0.56 M M 12.6 25 10 M M 9 13 31 20
17 55 45 50 M 15 0 0.05 M M 17.2 24 10 M M 10 33 20
18 54 41 48 M 17 0 T M M 9.1 14 30 M M 9 1 21 40
19 67 34 51 M 14 0 M M M 3.9 8 170 M M 2 M M
20 75 37 56 M 9 0 M M M 3.5 10 270 M M 0 M M
21 79 38 59 M 6 0 M M M 6.4 17 260 M M 0 26 270
22 82 44 63 M 2 0 M M M 6.3 15 180 M M 0 M M
23 81 45 63 M 2 0 T M M 8.2 18 200 M M 1 25 200
24 72 36 54 M 11 0 M M M 15.9 37 270 M M 2 48 270
25 66 30 48 M 17 0 M M M 9.9 20 270 M M 0 24 260
26 74 34 54 M 11 0 M M M 6.3 17 250 M M 0 22 250
27 74 36 55 M 10 0 M M M 11.2 26 250 M M 0 36 230
28 61 32 47 M 18 0 M M M 11.3 18 340 M M 3 25 340
29 67 32 50 M 15 0 M M M 5.6 13 260 M M 0 M M
30 71 33 52 M 13 0 M M M 5.0 9 330 M M 0 M M
31 66 38 52 M 13 0 T M M 5.9 23 330 M M 4 3 28 330
================================================================================
SM 2252 1320 225 2 1.47 M 242.0 M 80
================================================================================
AV 72.6 42.6 7.8 FASTST M M 3 MAX(MPH)
MISC ----> 37 270 48 270
================================================================================
NOTES:
# LAST OF SEVERAL OCCURRENCES
COLUMN 17 PEAK WIND IN M.P.H.
PRELIMINARY LOCAL CLIMATOLOGICAL DATA (WS FORM: F-6) , PAGE 2
STATION: MARFA
MONTH: OCTOBER
YEAR: 2022
LATITUDE: 30 22 N
LONGITUDE: 104 1 W
[TEMPERATURE DATA] [PRECIPITATION DATA] SYMBOLS USED IN COLUMN 16
AVERAGE MONTHLY: 57.6 TOTAL FOR MONTH: 1.47 1 = FOG OR MIST
DPTR FM NORMAL: 0.0 DPTR FM NORMAL: M 2 = FOG REDUCING VISIBILITY
HIGHEST: 83 ON 15 GRTST 24HR 0.56 ON 16-16 TO 1/4 MILE OR LESS
LOWEST: 30 ON 25 3 = THUNDER
SNOW, ICE PELLETS, HAIL 4 = ICE PELLETS
TOTAL MONTH: M 5 = HAIL
GRTST 24HR M ON M 6 = FREEZING RAIN OR DRIZZLE
GRTST DEPTH: M ON M 7 = DUSTSTORM OR SANDSTORM:
VSBY 1/2 MILE OR LESS
8 = SMOKE OR HAZE
[NO. OF DAYS WITH] [WEATHER - DAYS WITH] 9 = BLOWING SNOW
X = TORNADO
MAX 32 OR BELOW: 0 0.01 INCH OR MORE: 9
MAX 90 OR ABOVE: 0 0.10 INCH OR MORE: 4
MIN 32 OR BELOW: 3 0.50 INCH OR MORE: 1
MIN 0 OR BELOW: 0 1.00 INCH OR MORE: 0
[HDD (BASE 65) ]
TOTAL THIS MO. 225 CLEAR (SCALE 0-3) 22
DPTR FM NORMAL M PTCLDY (SCALE 4-7) 6
TOTAL FM JUL 1 238 CLOUDY (SCALE 8-10) 3
DPTR FM NORMAL M
[CDD (BASE 65) ]
TOTAL THIS MO. 2
DPTR FM NORMAL M [PRESSURE DATA]
TOTAL FM JAN 1 1352 HIGHEST SLP M ON M
DPTR FM NORMAL M LOWEST SLP M ON M
[REMARKS]
#FINAL-10-22#