000
CXUS56 KMTR 011634
CF6MRY
PRELIMINARY LOCAL CLIMATOLOGICAL DATA (WS FORM: F-6)
STATION: MONTEREY AIRPORT
MONTH: APRIL
YEAR: 2020
LATITUDE: 36 34 N
LONGITUDE: 121 51 W
TEMPERATURE IN F: :PCPN: SNOW: WIND :SUNSHINE: SKY :PK WND
================================================================================
1 2 3 4 5 6A 6B 7 8 9 10 11 12 13 14 15 16 17 18
12Z AVG MX 2MIN
DY MAX MIN AVG DEP HDD CDD WTR SNW DPTH SPD SPD DIR MIN PSBL S-S WX SPD DR
================================================================================
1 61 51 56 3 9 0 0.00 M M 10.1 18 270 M M 4 26 310
2 62 43 53 0 12 0 0.00 M M 7.4 17 270 M M 0 23 270
3 60 48 54 1 11 0 0.00 M M 9.1 17 280 M M 4 23 270
4 62 49 56 3 9 0 0.07 M M 7.3 17 240 M M 8 8 28 240
5 58 48 53 0 12 0 1.71 M M 5.5 18 200 M M 10 1 25 220
6 57 46 52 -1 13 0 0.33 0.0 M 7.7 18 270 M M 5 1 26 230
7 62 43 53 -1 12 0 0.00 M M 7.4 14 310 M M 1 19 310
8 61 54 58 4 7 0 0.00 M M 8.9 18 250 M M 9 23 250
9 63 54 59 5 6 0 0.06 M M 4.1 9 330 M M 9 12 350
10 63 54 59 5 6 0 0.05 M M 6.8 15 300 M M 5 1 20 340
11 59 55 57 3 8 0 0.00 M M 5.2 13 300 M M 9 16 320
12 58 53 56 2 9 0 T M M 5.2 15 270 M M 10 18 18 270
13 62 51 57 3 8 0 0.00 0.0 M 5.2 16 260 M M 6 18 21 270
14 71 48 60 6 5 0 0.00 M M 5.2 13 310 M M 2 12 16 300
15 70 52 61 7 4 0 0.00 M M 4.8 12 320 M M 2 14 330
16 59 55 57 3 8 0 0.02 M M 6.2 14 260 M M 10 18 17 260
17 59 54 57 3 8 0 0.03 M M 5.7 17 250 M M 10 18 21 260
18 63 49 56 2 9 0 0.00 M M 6.4 17 260 M M 7 22 230
19 63 49 56 2 9 0 0.00 M M 6.5 14 280 M M 6 20 270
20 62 56 59 5 6 0 0.01 M M 7.6 15 270 M M 9 23 270
21 62 55 59 4 6 0 0.00 M M 8.3 16 330 M M 8 21 310
22 68 50 59 4 6 0 0.00 0.0 M 6.1 15 280 M M 4 20 280
23 68 56 62 7 3 0 0.00 0.0 M 6.6 17 300 M M 3 128 21 280
24 71 51 61 6 4 0 0.00 M M 5.3 12 290 M M 0 8 15 330
25 73 53 63 8 2 0 0.00 M M 4.4 14 270 M M 2 12 18 270
26 70 54 62 7 3 0 0.00 M M 5.7 15 280 M M 2 1 22 280
27 67 54 61 6 4 0 0.00 M M 6.8 14 300 M M 1 19 270
28 67 55 61 6 4 0 0.00 M M 4.8 15 280 M M 3 12 20 290
29 66 55 61 6 4 0 0.00 M M 6.9 13 280 M M 8 1 18 310
30 68 55 62 7 3 0 0.00 M M 6.8 17 250 M M 4 1 22 320
================================================================================
SM 1915 1550 210 0 2.28 0.0 194.0 M 161
================================================================================
AV 63.8 51.7 6.5 FASTST M M 5 MAX(MPH)
MISC ----> # 18 270 28 240
================================================================================
NOTES:
# LAST OF SEVERAL OCCURRENCES
COLUMN 17 PEAK WIND IN M.P.H.
PRELIMINARY LOCAL CLIMATOLOGICAL DATA (WS FORM: F-6) , PAGE 2
STATION: MONTEREY AIRPORT
MONTH: APRIL
YEAR: 2020
LATITUDE: 36 34 N
LONGITUDE: 121 51 W
[TEMPERATURE DATA] [PRECIPITATION DATA] SYMBOLS USED IN COLUMN 16
AVERAGE MONTHLY: 57.8 TOTAL FOR MONTH: 2.28 1 = FOG OR MIST
DPTR FM NORMAL: 3.5 DPTR FM NORMAL: 1.16 2 = FOG REDUCING VISIBILITY
HIGHEST: 73 ON 25 GRTST 24HR 1.85 ON 5- 6 TO 1/4 MILE OR LESS
LOWEST: 43 ON 7, 2 3 = THUNDER
SNOW, ICE PELLETS, HAIL 4 = ICE PELLETS
TOTAL MONTH: 0.0 INCH 5 = HAIL
GRTST 24HR 0.0 6 = FREEZING RAIN OR DRIZZLE
GRTST DEPTH: M ON M 7 = DUSTSTORM OR SANDSTORM:
VSBY 1/2 MILE OR LESS
8 = SMOKE OR HAZE
[NO. OF DAYS WITH] [WEATHER - DAYS WITH] 9 = BLOWING SNOW
X = TORNADO
MAX 32 OR BELOW: 0 0.01 INCH OR MORE: 8
MAX 90 OR ABOVE: 0 0.10 INCH OR MORE: 2
MIN 32 OR BELOW: 0 0.50 INCH OR MORE: 1
MIN 0 OR BELOW: 0 1.00 INCH OR MORE: 1
[HDD (BASE 65) ]
TOTAL THIS MO. 210 CLEAR (SCALE 0-3) 9
DPTR FM NORMAL -117 PTCLDY (SCALE 4-7) 11
TOTAL FM JUL 1 2019 CLOUDY (SCALE 8-10) 10
DPTR FM NORMAL -777
[CDD (BASE 65) ]
TOTAL THIS MO. 0
DPTR FM NORMAL -1 [PRESSURE DATA]
TOTAL FM JAN 1 0 HIGHEST SLP 30.35 ON 22
DPTR FM NORMAL -1 LOWEST SLP 29.71 ON 5
[REMARKS]
#FINAL-04-20#