000
CXUS56 KMTR 010900
CF6MRY
PRELIMINARY LOCAL CLIMATOLOGICAL DATA (WS FORM: F-6)
STATION: MONTEREY AIRPORT
MONTH: AUGUST
YEAR: 2023
LATITUDE: 36 34 N
LONGITUDE: 121 51 W
TEMPERATURE IN F: :PCPN: SNOW: WIND :SUNSHINE: SKY :PK WND
================================================================================
1 2 3 4 5 6A 6B 7 8 9 10 11 12 13 14 15 16 17 18
12Z AVG MX 2MIN
DY MAX MIN AVG DEP HDD CDD WTR SNW DPTH SPD SPD DIR MIN PSBL S-S WX SPD DR
================================================================================
1 64 56 60 -2 5 0 T M M 7.2 14 260 M M 10 18 20 280
2 64 57 61 -1 4 0 0.01 M M 6.5 14 270 M M 9 1 21 260
3 69 58 64 2 1 0 0.00 M M 8.1 16 260 M M 6 22 270
4 64 57 61 -1 4 0 0.00 M M 7.8 15 270 M M 8 1 20 330
5 66 55 61 -1 4 0 0.00 M M 7.9 15 280 M M 7 1 21 280
6 70 53 62 0 3 0 0.00 M M 5.1 12 300 M M 4 18 17 300
7 71 51 61 -1 4 0 0.00 M M 7.5 20 250 M M 3 1 29 230
8 68 54 61 -1 4 0 0.00 M M 7.0 20 260 M M 7 27 240
9 69 56 63 1 2 0 0.00 M M 6.9 16 270 M M 8 1 24 270
10 71 55 63 1 2 0 0.00 M M 5.9 16 290 M M 6 1 21 300
11 69 58 64 2 1 0 0.00 M M 6.8 16 300 M M 7 1 21 290
12 71 60 66 4 0 1 0.00 M M 4.8 15 240 M M 5 8 26 230
13 76 57 67 5 0 2 0.00 M M 4.3 10 340 M M 6 18 16 330
14 73 57 65 3 0 0 0.00 M M 4.5 15 250 M M 5 1 20 250
15 77 57 67 5 0 2 0.00 M M 4.1 12 260 M M 5 128 16 270
16 75 57 66 3 0 1 0.00 M M 3.5 10 340 M M 6 18 17 290
17 71 58 65 2 0 0 0.00 M M 5.6 16 260 M M 8 1 22 270
18 73 60 67 4 0 2 0.00 M M 4.7 14 250 M M 5 19 260
19 72 57 65 2 0 0 0.00 M M 5.2 16 240 M M 6 24 230
20 74 60 67 4 0 2 0.00 M M 3.9 9 340 M M 4 1 13 330
21 74 61 68 5 0 3 T M M 3.5 10 250 M M 7 18 14 240
22 75 63 69 6 0 4 0.00 M M 5.8 15 310 M M 3 8 20 320
23 82 60 71 8 0 6 0.00 M M 3.7 14 250 M M 0 19 280
24 75 60 68 5 0 3 0.00 M M 6.4 21 250 M M 5 1 31 250
25 67 61 64 1 1 0 0.00 M M 5.8 12 300 M M 10 18 16 340
26 68 59 64 1 1 0 0.00 M M 5.6 15 310 M M 10 18 19 320
27 71 56 64 1 1 0 0.00 M M 5.5 14 280 M M 4 18 19 300
28 70 55 63 0 2 0 0.00 M M 6.9 15 260 M M 2 1 21 270
29 71 57 64 1 1 0 0.00 M M 6.7 14 250 M M 2 20 300
30 78 53 66 3 0 1 0.00 M M 4.3 10 330 M M 0 8 15 330
31 64 57 61 -2 4 0 0.00 M M 8.6 20 260 M M 8 18 27 260
================================================================================
SM 2202 1775 44 27 0.01 M 180.1 M 176
================================================================================
AV 71.0 57.3 5.8 FASTST M M 6 MAX(MPH)
MISC ----> 21 250 31 250
================================================================================
NOTES:
# LAST OF SEVERAL OCCURRENCES
COLUMN 17 PEAK WIND IN M.P.H.
PRELIMINARY LOCAL CLIMATOLOGICAL DATA (WS FORM: F-6) , PAGE 2
STATION: MONTEREY AIRPORT
MONTH: AUGUST
YEAR: 2023
LATITUDE: 36 34 N
LONGITUDE: 121 51 W
[TEMPERATURE DATA] [PRECIPITATION DATA] SYMBOLS USED IN COLUMN 16
AVERAGE MONTHLY: 64.1 TOTAL FOR MONTH: 0.01 1 = FOG OR MIST
DPTR FM NORMAL: 1.6 DPTR FM NORMAL: -0.01 2 = FOG REDUCING VISIBILITY
HIGHEST: 82 ON 23 GRTST 24HR 0.01 ON 1- 2 TO 1/4 MILE OR LESS
LOWEST: 51 ON 7 3 = THUNDER
SNOW, ICE PELLETS, HAIL 4 = ICE PELLETS
TOTAL MONTH: M 5 = HAIL
GRTST 24HR M ON M 6 = FREEZING RAIN OR DRIZZLE
GRTST DEPTH: M ON M 7 = DUSTSTORM OR SANDSTORM:
VSBY 1/2 MILE OR LESS
8 = SMOKE OR HAZE
[NO. OF DAYS WITH] [WEATHER - DAYS WITH] 9 = BLOWING SNOW
X = TORNADO
MAX 32 OR BELOW: 0 0.01 INCH OR MORE: 1
MAX 90 OR ABOVE: 0 0.10 INCH OR MORE: 0
MIN 32 OR BELOW: 0 0.50 INCH OR MORE: 0
MIN 0 OR BELOW: 0 1.00 INCH OR MORE: 0
[HDD (BASE 65) ]
TOTAL THIS MO. 44 CLEAR (SCALE 0-3) 6
DPTR FM NORMAL -49 PTCLDY (SCALE 4-7) 19
TOTAL FM JUL 1 197 CLOUDY (SCALE 8-10) 6
DPTR FM NORMAL -10
[CDD (BASE 65) ]
TOTAL THIS MO. 27
DPTR FM NORMAL 11 [PRESSURE DATA]
TOTAL FM JAN 1 29 HIGHEST SLP M ON M
DPTR FM NORMAL -5 LOWEST SLP 29.65 ON 20
[REMARKS]
#FINAL-08-23#