000
CXUS54 KHUN 032223
CF6MSL
PRELIMINARY LOCAL CLIMATOLOGICAL DATA (WS FORM: F-6)
STATION: MUSCLE SHOALS
MONTH: JULY
YEAR: 2023
LATITUDE: 34 45 N
LONGITUDE: 87 37 W
TEMPERATURE IN F: :PCPN: SNOW: WIND :SUNSHINE: SKY :PK WND
================================================================================
1 2 3 4 5 6A 6B 7 8 9 10 11 12 13 14 15 16 17 18
12Z AVG MX 2MIN
DY MAX MIN AVG DEP HDD CDD WTR SNW DPTH SPD SPD DIR MIN PSBL S-S WX SPD DR
================================================================================
1 97 70 84 3 0 19 0.55 0.0 0 4.6 29 340 M M 2 13 41 340
2 96 73 85 4 0 20 0.15 0.0 0 8.8 26 230 M M 2 13 35 220
3 94 72 83 2 0 18 0.27 0.0 0 4.4 16 290 M M 3 13 24 300
4 91 71 81 0 0 16 0.11 0.0 0 3.5 13 240 M M 3 1 16 250
5 94 74 84 3 0 19 0.00 0.0 0 3.4 13 260 M M 2 13 17 270
6 93 74 84 3 0 19 0.08 0.0 0 4.3 26 270 M M 2 13 37 240
7 93 71 82 1 0 17 0.07 0.0 0 3.1 20 290 M M 4 13 30 250
8 84 69 77 -4 0 12 0.22 0.0 0 3.4 17 280 M M 5 1238 23 270
9 83 70 77 -4 0 12 0.12 0.0 0 3.3 12 60 M M 7 13 17 60
10 87 67 77 -4 0 12 0.00 0.0 0 3.4 9 20 M M 3 13 30
11 90 63 77 -5 0 12 0.00 0.0 0 1.3 9 200 M M 3 12 14 240
12 94 69 82 0 0 17 0.00 0.0 0 5.7 15 220 M M 4 21 220
13 92 74 83 1 0 18 0.00 0.0 0 5.7 15 190 M M 3 21 200
14 92 73 83 1 0 18 0.88 0.0 0 3.1 22 250 M M 5 1238 31 260
15 90 72 81 -1 0 16 T 0.0 0 8.4 21 280 M M 4 29 280
16 92 73 83 1 0 18 0.00 0.0 0 2.6 12 290 M M 1 1 16 300
17 92 69 81 -1 0 16 0.00 0.0 0 1.5 9 260 M M 3 128 12 190
18 95 70 83 1 0 18 0.98 0.0 0 5.8 23 320 M M 3 13 38 310
19 83 70 77 -5 0 12 0.12 0.0 0 5.1 24 20 M M 2 13 40 20
20 96 72 84 2 0 19 0.00 0.0 0 8.5 23 270 M M 1 1 29 280
21 92 73 83 1 0 18 0.45 0.0 0 6.1 44 290 M M 4 13 55 290
22 86 69 78 -4 0 13 0.00 0.0 0 3.5 10 320 M M 5 18 330
23 89 66 78 -4 0 13 0.00 0.0 0 3.5 9 340 M M 2 14 280
24 91 65 78 -4 0 13 0.00 0.0 0 2.1 9 250 M M 1 1 15 290
25 93 69 81 -1 0 16 0.00 0.0 0 2.7 13 240 M M 1 1 18 230
26 94 71 83 1 0 18 0.01 0.0 0 3.6 15 200 M M 1 18 200
27 96 76 86 4 0 21 0.00 0.0 0 4.0 10 230 M M 0 16 220
28 98 73 86 4 0 21 0.00 0.0 0 2.6 10 290 M M 1 1 14 240
29 98 74 86 4 0 21 0.00 0.0 0 4.1 17 290 M M 0 1 23 300
30 93 75 84 2 0 19 0.01 0.0 0 3.9 13 30 M M 2 3 19 20
31 94 69 82 0 0 17 0.00 0.0 0 3.2 10 330 M M 0 1 16 330
================================================================================
SM 2852 2196 0 518 4.02 0.0 129.2 M 79
================================================================================
AV 92.0 70.8 4.2 FASTST M M 3 MAX(MPH)
MISC ----> 44 290 55 290
================================================================================
NOTES:
# LAST OF SEVERAL OCCURRENCES
COLUMN 17 PEAK WIND IN M.P.H.
PRELIMINARY LOCAL CLIMATOLOGICAL DATA (WS FORM: F-6) , PAGE 2
STATION: MUSCLE SHOALS
MONTH: JULY
YEAR: 2023
LATITUDE: 34 45 N
LONGITUDE: 87 37 W
[TEMPERATURE DATA] [PRECIPITATION DATA] SYMBOLS USED IN COLUMN 16
AVERAGE MONTHLY: 81.4 TOTAL FOR MONTH: 4.02 1 = FOG OR MIST
DPTR FM NORMAL: -0.1 DPTR FM NORMAL: -0.76 2 = FOG REDUCING VISIBILITY
HIGHEST: 98 ON 29,28 GRTST 24HR 1.10 ON 18-19 TO 1/4 MILE OR LESS
LOWEST: 63 ON 11 3 = THUNDER
SNOW, ICE PELLETS, HAIL 4 = ICE PELLETS
TOTAL MONTH: 0.0 INCH 5 = HAIL
GRTST 24HR 0.0 6 = FREEZING RAIN OR DRIZZLE
GRTST DEPTH: 0 7 = DUSTSTORM OR SANDSTORM:
VSBY 1/2 MILE OR LESS
8 = SMOKE OR HAZE
[NO. OF DAYS WITH] [WEATHER - DAYS WITH] 9 = BLOWING SNOW
X = TORNADO
MAX 32 OR BELOW: 0 0.01 INCH OR MORE: 14
MAX 90 OR ABOVE: 25 0.10 INCH OR MORE: 10
MIN 32 OR BELOW: 0 0.50 INCH OR MORE: 3
MIN 0 OR BELOW: 0 1.00 INCH OR MORE: 0
[HDD (BASE 65) ]
TOTAL THIS MO. 0 CLEAR (SCALE 0-3) 23
DPTR FM NORMAL 0 PTCLDY (SCALE 4-7) 8
TOTAL FM JUL 1 0 CLOUDY (SCALE 8-10) 0
DPTR FM NORMAL 0
[CDD (BASE 65) ]
TOTAL THIS MO. 518
DPTR FM NORMAL 6 [PRESSURE DATA]
TOTAL FM JAN 1 1194 HIGHEST SLP 30.24 ON 19
DPTR FM NORMAL -26 LOWEST SLP 29.82 ON 8
[REMARKS]
#FINAL-07-23#