000
CXUS51 KBTV 010700
CF6MSS
PRELIMINARY LOCAL CLIMATOLOGICAL DATA (WS FORM: F-6)
STATION: MASSENA NY
MONTH: MAY
YEAR: 2023
LATITUDE: 44 55 N
LONGITUDE: 74 51 W
TEMPERATURE IN F: :PCPN: SNOW: WIND :SUNSHINE: SKY :PK WND
================================================================================
1 2 3 4 5 6A 6B 7 8 9 10 11 12 13 14 15 16 17 18
12Z AVG MX 2MIN
DY MAX MIN AVG DEP HDD CDD WTR SNW DPTH SPD SPD DIR MIN PSBL S-S WX SPD DR
================================================================================
1 53 41 47 -3 18 0 0.83 M M 12.5 26 210 M M 6 1 37 230
2 54 40 47 -4 18 0 0.09 M M 4.0 20 230 M M 9 1 23 220
3 49 43 46 -5 19 0 0.20 M M 11.3 25 50 M M 10 1 31 50
4 50 43 47 -5 18 0 T M M 8.9 17 50 M M 10 22 50
5 62 40 51 -1 14 0 0.00 M M 4.6 14 30 M M 4 1 17 20
6 71 41 56 3 9 0 0.00 M M 7.4 17 290 M M 1 1 22 290
7 72 45 59 6 6 0 0.00 M M 8.9 15 230 M M 1 22 230
8 63 44 54 1 11 0 0.00 M M 7.7 16 320 M M 0 18 20 320
9 62 33 48 -6 17 0 0.00 M M 4.1 13 300 M M 0 18 360
10 72 40 56 2 9 0 0.00 M M 10.9 20 210 M M 0 8 27 220
11 75 49 62 8 3 0 T M M 10.3 18 220 M M 1 24 210
12 79 54 67 12 0 2 0.05 M M 9.2 23 290 M M 3 30 290
13 70 41 56 1 9 0 0.00 M M 9.2 22 320 M M 0 32 320
14 63 39 51 -5 14 0 0.00 M M 7.3 18 290 M M 1 24 290
15 68 39 54 -2 11 0 0.00 M M 13.3 29 220 M M 0 39 230
16 66 39 53 -3 12 0 0.02 M M 10.7 23 220 M M 7 1 34 340
17 48 30 39 -17 26 0 0.00 M M 9.1 20 290 M M 4 29 300
18 60 28 44 -13 21 0 0.00 M M 3.8 15 260 M M 0 20 290
19 75 34 55 -2 10 0 0.00 M M 8.7 23 230 M M 3 31 220
20 74 53 64 7 1 0 0.26 M M 4.8 18 210 M M 7 1 24 220
21 73 49 61 3 4 0 T M M 9.7 23 220 M M 5 1 32 320
22 63 35 49 -9 16 0 0.00 M M 6.9 17 40 M M 0 1 22 40
23 74 30 52 -6 13 0 0.00 M M 2.0 10 220 M M 0 12 13 220
24 59 44 52 -6 13 0 0.30 M M 7.8 16 340 M M 8 1 24 340
25 64 37 51 -8 14 0 0.00 M M 6.1 15 340 M M 0 19 330
26 70 39 55 -4 10 0 0.00 M M 4.8 14 260 M M 1 17 280
27 79 43 61 2 4 0 0.00 M M 6.8 14 220 M M 0 20 210
28 83 53 68 8 0 3 0.00 M M 8.4 17 220 M M 0 21 220
29 74 49 62 2 3 0 0.00 M M 11.4 22 40 M M 0 26 50
30 82 45 64 4 1 0 0.00 M M 3.6 12 240 M M 0 17 250
31 89 46 68 7 0 3 0.00 M M 2.7 12 220 M M 0 18 16 230
================================================================================
SM 2096 1286 324 8 1.75 M 236.9 M 81
================================================================================
AV 67.6 41.5 7.6 FASTST M M 3 MAX(MPH)
MISC ----> 29 220 39 230
================================================================================
NOTES:
# LAST OF SEVERAL OCCURRENCES
COLUMN 17 PEAK WIND IN M.P.H.
PRELIMINARY LOCAL CLIMATOLOGICAL DATA (WS FORM: F-6) , PAGE 2
STATION: MASSENA NY
MONTH: MAY
YEAR: 2023
LATITUDE: 44 55 N
LONGITUDE: 74 51 W
[TEMPERATURE DATA] [PRECIPITATION DATA] SYMBOLS USED IN COLUMN 16
AVERAGE MONTHLY: 54.5 TOTAL FOR MONTH: 1.75 1 = FOG OR MIST
DPTR FM NORMAL: -1.4 DPTR FM NORMAL: -1.39 2 = FOG REDUCING VISIBILITY
HIGHEST: 89 ON 31 GRTST 24HR 1.15 ON 30- 1 TO 1/4 MILE OR LESS
LOWEST: 28 ON 18 3 = THUNDER
SNOW, ICE PELLETS, HAIL 4 = ICE PELLETS
TOTAL MONTH: M 5 = HAIL
GRTST 24HR M ON M 6 = FREEZING RAIN OR DRIZZLE
GRTST DEPTH: M ON M 7 = DUSTSTORM OR SANDSTORM:
VSBY 1/2 MILE OR LESS
8 = SMOKE OR HAZE
[NO. OF DAYS WITH] [WEATHER - DAYS WITH] 9 = BLOWING SNOW
X = TORNADO
MAX 32 OR BELOW: 0 0.01 INCH OR MORE: 7
MAX 90 OR ABOVE: 0 0.10 INCH OR MORE: 4
MIN 32 OR BELOW: 3 0.50 INCH OR MORE: 1
MIN 0 OR BELOW: 0 1.00 INCH OR MORE: 0
[HDD (BASE 65) ]
TOTAL THIS MO. 324 CLEAR (SCALE 0-3) 20
DPTR FM NORMAL 24 PTCLDY (SCALE 4-7) 8
TOTAL FM JUL 1 7143 CLOUDY (SCALE 8-10) 3
DPTR FM NORMAL -762
[CDD (BASE 65) ]
TOTAL THIS MO. 8
DPTR FM NORMAL -9 [PRESSURE DATA]
TOTAL FM JAN 1 8 HIGHEST SLP M ON M
DPTR FM NORMAL -10 LOWEST SLP 28.97 ON 1
[REMARKS]
#FINAL-05-23#