000
CXUS51 KBTV 010800
CF6MSS
PRELIMINARY LOCAL CLIMATOLOGICAL DATA (WS FORM: F-6)
STATION: MASSENA NY
MONTH: FEBRUARY
YEAR: 2022
LATITUDE: 44 55 N
LONGITUDE: 74 51 W
TEMPERATURE IN F: :PCPN: SNOW: WIND :SUNSHINE: SKY :PK WND
================================================================================
1 2 3 4 5 6A 6B 7 8 9 10 11 12 13 14 15 16 17 18
12Z AVG MX 2MIN
DY MAX MIN AVG DEP HDD CDD WTR SNW DPTH SPD SPD DIR MIN PSBL S-S WX SPD DR
================================================================================
1 32 0 16 1 49 0 0.00 M M 5.8 15 70 M M 0 18 17 60
2 47 24 36 21 29 0 0.02 M M 5.7 15 210 M M 6 1 19 190
3 37 14 26 11 39 0 0.22 M M 8.8 20 40 M M 10 18 24 30
4 14 8 11 -4 54 0 0.01 M M 11.3 23 50 M M 10 8 29 50
5 9 -14 -2 -17 67 0 0.00 M M 6.9 17 270 M M 2 8 22 270
6 19 -14 3 -12 62 0 0.00 M M 3.8 12 60 M M 5 13 30
7 31 5 18 2 47 0 0.00 M M 3.4 12 30 M M 3 18 13 30
8 33 9 21 5 44 0 T M M 4.7 14 220 M M 7 18 17 220
9 34 4 19 3 46 0 0.00 M M 5.1 14 30 M M 2 15 30
10 42 25 34 18 31 0 T M M 12.1 23 220 M M 9 29 220
11 46 31 39 23 26 0 0.03 M M 10.4 28 210 M M 9 41 230
12 38 4 21 4 44 0 0.01 M M 13.0 26 220 M M 10 12 34 220
13 8 -4 2 -15 63 0 0.00 M M 4.0 10 30 M M 2 14 30
14 8 -8 0 -17 65 0 0.00 M M 5.7 17 290 M M 3 23 250
15 18 -8 5 -13 60 0 T M M 6.1 16 270 M M 4 8 21 280
16 47 -6 21 3 44 0 0.00 M M 13.0 31 210 M M 5 44 190
17 48 29 39 21 26 0 0.64 M M 13.7 28 210 M M 10 16 37 210
18 29 -9 10 -8 55 0 0.18 M M 9.5 21 270 M M 6 18 27 320
19 30 -7 12 -7 53 0 0.01 M M 14.5 32 240 M M 7 1289 45 260
20 44 -10 17 -2 48 0 0.00 M M 11.6 29 220 M M 4 39 210
21 44 21 33 14 32 0 0.00 M M 12.5 28 60 M M 10 34 60
22 30 17 24 4 41 0 0.30 M M 14.7 28 60 M M 8 16 33 60
23 45 9 27 7 38 0 0.10 M M 11.5 25 280 M M 7 128 35 280
24 16 -3 7 -13 58 0 0.00 M M 4.4 10 350 M M 0 14 350
25 13 -9 2 -19 63 0 T M M 11.7 28 50 M M 9 8 42 50
26 27 -21 3 -18 62 0 T M M 10.0 24 220 M M 5 8 32 230
27 33 10 22 0 43 0 T M M 15.2 31 290 M M 6 128 40 300
28 14 -8 3 -19 62 0 0.00 M M 5.6 13 270 M M 0 17 340
================================================================================
SM 836 89 1351 0 1.52 M 254.7 M 159
================================================================================
AV 29.9 3.2 9.1 FASTST M M 6 MAX(MPH)
MISC ----> 32 240 45 260
================================================================================
NOTES:
# LAST OF SEVERAL OCCURRENCES
COLUMN 17 PEAK WIND IN M.P.H.
PRELIMINARY LOCAL CLIMATOLOGICAL DATA (WS FORM: F-6) , PAGE 2
STATION: MASSENA NY
MONTH: FEBRUARY
YEAR: 2022
LATITUDE: 44 55 N
LONGITUDE: 74 51 W
[TEMPERATURE DATA] [PRECIPITATION DATA] SYMBOLS USED IN COLUMN 16
AVERAGE MONTHLY: 16.5 TOTAL FOR MONTH: 1.52 1 = FOG OR MIST
DPTR FM NORMAL: -1.3 DPTR FM NORMAL: -0.06 2 = FOG REDUCING VISIBILITY
HIGHEST: 48 ON 17 GRTST 24HR 0.82 ON 17-18 TO 1/4 MILE OR LESS
LOWEST: -21 ON 26 3 = THUNDER
SNOW, ICE PELLETS, HAIL 4 = ICE PELLETS
TOTAL MONTH: M 5 = HAIL
GRTST 24HR M ON M 6 = FREEZING RAIN OR DRIZZLE
GRTST DEPTH: M ON M 7 = DUSTSTORM OR SANDSTORM:
VSBY 1/2 MILE OR LESS
8 = SMOKE OR HAZE
[NO. OF DAYS WITH] [WEATHER - DAYS WITH] 9 = BLOWING SNOW
X = TORNADO
MAX 32 OR BELOW: 15 0.01 INCH OR MORE: 10
MAX 90 OR ABOVE: 0 0.10 INCH OR MORE: 5
MIN 32 OR BELOW: 28 0.50 INCH OR MORE: 1
MIN 0 OR BELOW: 14 1.00 INCH OR MORE: 0
[HDD (BASE 65) ]
TOTAL THIS MO. 1351 CLEAR (SCALE 0-3) 7
DPTR FM NORMAL 28 PTCLDY (SCALE 4-7) 13
TOTAL FM JUL 1 5773 CLOUDY (SCALE 8-10) 8
DPTR FM NORMAL -33
[CDD (BASE 65) ]
TOTAL THIS MO. 0
DPTR FM NORMAL 0 [PRESSURE DATA]
TOTAL FM JAN 1 0 HIGHEST SLP 30.70 ON 24
DPTR FM NORMAL 0 LOWEST SLP 29.41 ON 18
[REMARKS]
#FINAL-02-22#