000
CXUS54 KLIX 010910
CF6MSY
PRELIMINARY LOCAL CLIMATOLOGICAL DATA (WS FORM: F-6)
STATION: NEW ORLEANS
MONTH: FEBRUARY
YEAR: 2023
LATITUDE: 29 58 N
LONGITUDE: 90 15 W
TEMPERATURE IN F: :PCPN: SNOW: WIND :SUNSHINE: SKY :PK WND
================================================================================
1 2 3 4 5 6A 6B 7 8 9 10 11 12 13 14 15 16 17 18
12Z AVG MX 2MIN
DY MAX MIN AVG DEP HDD CDD WTR SNW DPTH SPD SPD DIR MIN PSBL S-S WX SPD DR
================================================================================
1 58 51 55 -1 10 0 T 0.0 M 7.7 14 10 M M 10 1 18 330
2 63 50 57 1 8 0 0.11 M M 7.5 18 330 M M 10 12 28 340
3 60 48 54 -2 11 0 0.01 M M 12.3 18 340 M M 4 1 30 350
4 60 44 52 -4 13 0 0.00 0.0 M 7.4 16 40 M M 2 28 40
5 69 51 60 4 5 0 0.00 0.0 M 3.6 12 340 M M 5 16 320
6 71 47 59 3 6 0 0.00 0.0 M 5.8 15 120 M M 2 1 24 130
7 79 56 68 12 0 3 T 0.0 M 5.4 15 160 M M 7 1 19 160
8 79 66 73 16 0 8 1.95 0.0 M 14.8 26 230 M M 9 13 36 180
9 67 61 64 7 1 0 0.25 0.0 M 7.1 16 310 M M 9 13 23 320
10 62 56 59 2 6 0 0.01 0.0 M 8.1 16 20 M M 9 24 60
11 57 46 52 -5 13 0 0.06 0.0 M 11.0 24 290 M M 10 1 33 300
12 65 45 55 -3 10 0 0.00 0.0 M 9.7 23 290 M M 3 31 300
13 71 42 57 -1 8 0 0.00 0.0 M 4.8 12 170 M M 4 19 240
14 74 53 64 6 1 0 T 0.0 M 12.0 25 170 M M 8 1 38 180
15 77 67 72 14 0 7 T 0.0 M 11.8 22 160 M M 7 1 31 150
16 78 56 67 9 0 2 0.20 0.0 M 14.6 25 300 M M 8 18 34 220
17 56 45 51 -7 14 0 0.14 M M 16.8 25 330 M M 7 13 37 330
18 55 41 48 -11 17 0 0.00 0.0 M 8.2 17 40 M M 3 25 30
19 69 42 56 -3 9 0 0.00 0.0 M 4.7 12 160 M M 5 17 140
20 80 56 68 9 0 3 T 0.0 M 9.6 21 250 M M 7 28 240
21 83 67 75 16 0 10 0.00 0.0 M 9.9 21 210 M M 8 1 30 220
22 81 68 75 15 0 10 0.00 0.0 M 14.1 30 170 M M 9 1 42 170
23 83 71 77 17 0 12 0.00 0.0 M 9.5 22 190 M M 8 1 28 180
24 82 70 76 16 0 11 0.00 0.0 M 9.0 18 160 M M 8 12 25 170
25 82 68 75 15 0 10 0.00 0.0 M 6.6 13 160 M M 7 12 20 170
26 80 66 73 13 0 8 0.00 0.0 M 7.9 17 160 M M 6 1 23 170
27 83 71 77 16 0 12 0.00 0.0 M 12.7 24 230 M M 6 37 220
28 84 70 77 16 0 12 0.00 0.0 M 8.0 18 220 M M 7 1 24 230
================================================================================
SM 2008 1574 132 108 2.73 0.0 260.6 M 188
================================================================================
AV 71.7 56.2 9.3 FASTST M M 7 MAX(MPH)
MISC ----> 30 170 42 170
================================================================================
NOTES:
# LAST OF SEVERAL OCCURRENCES
COLUMN 17 PEAK WIND IN M.P.H.
PRELIMINARY LOCAL CLIMATOLOGICAL DATA (WS FORM: F-6) , PAGE 2
STATION: NEW ORLEANS
MONTH: FEBRUARY
YEAR: 2023
LATITUDE: 29 58 N
LONGITUDE: 90 15 W
[TEMPERATURE DATA] [PRECIPITATION DATA] SYMBOLS USED IN COLUMN 16
AVERAGE MONTHLY: 64.0 TOTAL FOR MONTH: 2.73 1 = FOG OR MIST
DPTR FM NORMAL: 6.0 DPTR FM NORMAL: -1.40 2 = FOG REDUCING VISIBILITY
HIGHEST: 84 ON 28 GRTST 24HR 2.20 ON 8- 9 TO 1/4 MILE OR LESS
LOWEST: 41 ON 18 3 = THUNDER
SNOW, ICE PELLETS, HAIL 4 = ICE PELLETS
TOTAL MONTH: 0.0 INCH 5 = HAIL
GRTST 24HR 0.0 6 = FREEZING RAIN OR DRIZZLE
GRTST DEPTH: M ON M 7 = DUSTSTORM OR SANDSTORM:
VSBY 1/2 MILE OR LESS
8 = SMOKE OR HAZE
[NO. OF DAYS WITH] [WEATHER - DAYS WITH] 9 = BLOWING SNOW
X = TORNADO
MAX 32 OR BELOW: 0 0.01 INCH OR MORE: 8
MAX 90 OR ABOVE: 0 0.10 INCH OR MORE: 5
MIN 32 OR BELOW: 0 0.50 INCH OR MORE: 1
MIN 0 OR BELOW: 0 1.00 INCH OR MORE: 1
[HDD (BASE 65) ]
TOTAL THIS MO. 132 CLEAR (SCALE 0-3) 4
DPTR FM NORMAL -94 PTCLDY (SCALE 4-7) 16
TOTAL FM JUL 1 734 CLOUDY (SCALE 8-10) 8
DPTR FM NORMAL -296
[CDD (BASE 65) ]
TOTAL THIS MO. 108
DPTR FM NORMAL 76 [PRESSURE DATA]
TOTAL FM JAN 1 167 HIGHEST SLP 30.50 ON 18
DPTR FM NORMAL 116 LOWEST SLP 29.84 ON 27
[REMARKS]
#FINAL-02-23#