000
CXUS54 KLIX 010910
CF6MSY
PRELIMINARY LOCAL CLIMATOLOGICAL DATA (WS FORM: F-6)
STATION: NEW ORLEANS
MONTH: FEBRUARY
YEAR: 2024
LATITUDE: 29 58 N
LONGITUDE: 90 15 W
TEMPERATURE IN F: :PCPN: SNOW: WIND :SUNSHINE: SKY :PK WND
================================================================================
1 2 3 4 5 6A 6B 7 8 9 10 11 12 13 14 15 16 17 18
12Z AVG MX 2MIN
DY MAX MIN AVG DEP HDD CDD WTR SNW DPTH SPD SPD DIR MIN PSBL S-S WX SPD DR
================================================================================
1 67 47 57 1 8 0 0.00 0.0 M 4.1 12 200 M M 9 15 170
2 72 47 60 4 5 0 0.00 0.0 M 4.4 13 110 M M 3 1 16 120
3 63 50 57 1 8 0 2.03 M M 10.1 33 100 M M 8 13 42 50
4 71 51 61 5 4 0 0.01 0.0 M 8.4 17 270 M M 4 13 24 270
5 61 49 55 -1 10 0 0.03 M M 12.0 26 360 M M 6 1 37 10
6 70 48 59 3 6 0 0.00 0.0 M 6.2 13 310 M M 0 18 310
7 69 45 57 1 8 0 M M M 8.8 18 120 M M 5 24 110
8 72 59 66 9 0 1 0.00 0.0 M 12.1 20 130 M M 7 26 110
9 78 58 68 11 0 3 0.00 0.0 M 8.2 17 160 M M 8 27 170
10 78 63 71 14 0 6 0.00 0.0 M 8.8 18 160 M M 9 1 26 160
11 77 69 73 16 0 8 T 0.0 M 8.9 20 180 M M 10 12 28 190
12 73 48 61 3 4 0 1.25 M M 16.6 29 300 M M 7 13 45 310
13 61 47 54 -4 11 0 0.00 0.0 M 7.6 20 310 M M 7 28 310
14 65 44 55 -3 10 0 0.00 0.0 M 5.4 13 150 M M 5 19 20
15 67 53 60 2 5 0 0.00 0.0 M 1.7 8 140 M M 8 10 130
16 64 57 61 3 4 0 0.14 0.0 M 3.7 10 170 M M 10 18 14 160
17 62 45 54 -4 11 0 0.19 M M 11.3 22 350 M M 10 1 33 350
18 57 41 49 -10 16 0 0.00 0.0 M 9.3 17 360 M M 5 31 10
19 62 39 51 -8 14 0 0.00 0.0 M 4.6 13 140 M M 1 16 320
20 71 43 57 -2 8 0 0.00 0.0 M 3.6 12 270 M M 2 19 290
21 73 48 61 2 4 0 0.00 0.0 M 7.1 18 140 M M 2 1 26 150
22 76 52 64 4 1 0 T 0.0 M 8.7 22 200 M M 7 1 33 200
23 77 56 67 7 0 2 0.00 0.0 M 10.2 20 310 M M 4 26 340
24 76 47 62 2 3 0 0.00 0.0 M 7.3 16 310 M M 1 23 320
25 76 47 62 2 3 0 0.00 0.0 M 6.7 18 170 M M 1 27 160
26 80 52 66 6 0 1 0.00 0.0 M 8.9 20 220 M M 3 1 27 220
27 80 65 73 12 0 8 0.00 0.0 M 14.3 24 190 M M 7 35 180
28 80 59 70 9 0 5 0.00 0.0 M 10.6 25 350 M M 9 1 47 350
29 60 52 56 -5 9 0 0.09 0.0 M 11.5 22 90 M M 10 13 26 50
================================================================================
SM 2038 1481 152 34 3.74 0.0 241.1 M 168
================================================================================
AV 70.3 51.1 8.3 FASTST M M 6 MAX(MPH)
MISC ----> 33 100 47 350
================================================================================
NOTES:
# LAST OF SEVERAL OCCURRENCES
COLUMN 17 PEAK WIND IN M.P.H.
PRELIMINARY LOCAL CLIMATOLOGICAL DATA (WS FORM: F-6) , PAGE 2
STATION: NEW ORLEANS
MONTH: FEBRUARY
YEAR: 2024
LATITUDE: 29 58 N
LONGITUDE: 90 15 W
[TEMPERATURE DATA] [PRECIPITATION DATA] SYMBOLS USED IN COLUMN 16
AVERAGE MONTHLY: 60.7 TOTAL FOR MONTH: 3.74 1 = FOG OR MIST
DPTR FM NORMAL: 2.7 DPTR FM NORMAL: -0.39 2 = FOG REDUCING VISIBILITY
HIGHEST: 80 ON 28,27 GRTST 24HR 2.03 ON 3- 3 TO 1/4 MILE OR LESS
LOWEST: 39 ON 19 3 = THUNDER
SNOW, ICE PELLETS, HAIL 4 = ICE PELLETS
TOTAL MONTH: 0.0 INCH 5 = HAIL
GRTST 24HR 0.0 6 = FREEZING RAIN OR DRIZZLE
GRTST DEPTH: M ON M 7 = DUSTSTORM OR SANDSTORM:
VSBY 1/2 MILE OR LESS
8 = SMOKE OR HAZE
[NO. OF DAYS WITH] [WEATHER - DAYS WITH] 9 = BLOWING SNOW
X = TORNADO
MAX 32 OR BELOW: 0 0.01 INCH OR MORE: 7
MAX 90 OR ABOVE: 0 0.10 INCH OR MORE: 4
MIN 32 OR BELOW: 0 0.50 INCH OR MORE: 2
MIN 0 OR BELOW: 0 1.00 INCH OR MORE: 2
[HDD (BASE 65) ]
TOTAL THIS MO. 152 CLEAR (SCALE 0-3) 7
DPTR FM NORMAL -74 PTCLDY (SCALE 4-7) 13
TOTAL FM JUL 1 896 CLOUDY (SCALE 8-10) 9
DPTR FM NORMAL -146
[CDD (BASE 65) ]
TOTAL THIS MO. 34
DPTR FM NORMAL 2 [PRESSURE DATA]
TOTAL FM JAN 1 41 HIGHEST SLP 30.36 ON 29
DPTR FM NORMAL -9 LOWEST SLP 29.45 ON 3
[REMARKS]
#FINAL-02-24#