000
CXUS52 KKEY 011839 CCA
CF6MTH
PRELIMINARY LOCAL CLIMATOLOGICAL DATA (WS FORM: F-6)...CORRECTED
STATION: MARATHON
MONTH: AUGUST
YEAR: 2022
LATITUDE: 24 43 N
LONGITUDE: 81 5 W
TEMPERATURE IN F: :PCPN: SNOW: WIND :SUNSHINE: SKY :PK WND
================================================================================
1 2 3 4 5 6A 6B 7 8 9 10 11 12 13 14 15 16 17 18
12Z AVG MX 2MIN
DY MAX MIN AVG DEP HDD CDD WTR SNW DPTH SPD SPD DIR MIN PSBL S-S WX SPD DR
================================================================================
1 93 84 89 3 0 24 0.00 0.0 0 8.6 14 110 M M 1 23 130
2 94 82 88 2 0 23 0.00 0.0 0 7.5 15 340 M M 1 3 26 350
3 93 81 87 1 0 22 0.00 0.0 0 7.1 14 50 M M 1 3 19 40
4 93 79 86 0 0 21 0.06 0.0 0 7.3 14 120 M M 2 13 23 120
5 94 78 86 0 0 21 0.03 0.0 0 8.6 20 120 M M 2 13 33 130
6 93 80 87 1 0 22 T 0.0 0 12.2 20 80 M M 2 32 90
7 94 83 89 3 0 24 0.00 0.0 0 10.0 15 90 M M 2 24 100
8 94 82 88 2 0 23 T 0.0 0 8.8 15 80 M M 1 24 120
9 88 73 81 -5 0 16 1.29 0.0 0 7.4 21 130 M M 3 13 35 130
10 92 82 87 1 0 22 T 0.0 0 7.9 14 90 M M 1 24 80
11 93 83 88 2 0 23 0.00 0.0 0 8.4 13 90 M M 1 20 110
12 92 77 85 -1 0 20 0.31 0.0 0 7.3 17 70 M M 2 138 26 70
13 92 81 87 1 0 22 0.00 0.0 0 4.6 12 120 M M 1 20 120
14 92 80 86 0 0 21 0.00 0.0 0 2.8 8 220 M M 1 13 160
15 94 80 87 1 0 22 0.00 0.0 0 2.9 9 280 M M 1 16 270
16 93 80 87 1 0 22 0.00 0.0 0 3.6 13 280 M M 1 3 19 260
17 93 81 87 1 0 22 0.00 0.0 0 4.6 13 280 M M 2 18 280
18 94 80 87 1 0 22 0.00 0.0 0 3.2 10 290 M M 1 8 13 280
19 96 84 90 4 0 25 0.00 0.0 0 6.2 12 60 M M 1 20 90
20 95 85 90 4 0 25 T 0.0 0 8.9 14 80 M M 1 22 100
21 95 85 90 4 0 25 T 0.0 0 9.8 16 80 M M 2 25 100
22 94 79 87 1 0 22 0.02 0.0 0 6.7 18 80 M M 2 13 26 80
23 94 82 88 2 0 23 0.06 0.0 0 5.5 10 130 M M 1 21 120
24 96 83 90 4 0 25 0.00 0.0 0 6.0 9 130 M M 1 16 80
25 96 84 90 5 0 25 0.00 0.0 0 6.5 10 130 M M 1 17 140
26 95 84 90 5 0 25 0.00 0.0 0 5.4 10 120 M M 2 16 130
27 96 82 89 4 0 24 T 0.0 0 4.9 12 90 M M 1 3 17 110
28 96 77 87 2 0 22 0.21 0.0 0 6.6 16 110 M M 2 138 27 100
29 91 76 84 -1 0 19 0.44 0.0 0 6.5 14 120 M M 4 18 23 140
30 93 83 88 3 0 23 0.00 0.0 0 6.0 10 120 M M 2 18 120
31 94 81 88 3 0 23 T 0.0 0 4.3 13 130 M M 1 3 21 140
================================================================================
SM 2902 2511 0 698 2.42 0.0 206.1 M 47
================================================================================
AV 93.6 81.0 6.6 FASTST M M 2 MAX(MPH)
MISC ----> 21 130 35 130
================================================================================
NOTES:
# LAST OF SEVERAL OCCURRENCES
COLUMN 17 PEAK WIND IN M.P.H.
PRELIMINARY LOCAL CLIMATOLOGICAL DATA (WS FORM: F-6) , PAGE 2
STATION: MARATHON
MONTH: AUGUST
YEAR: 2022
LATITUDE: 24 43 N
LONGITUDE: 81 5 W
[TEMPERATURE DATA] [PRECIPITATION DATA] SYMBOLS USED IN COLUMN 16
AVERAGE MONTHLY: 87.3 TOTAL FOR MONTH: 2.42 1 = FOG OR MIST
DPTR FM NORMAL: 1.7 DPTR FM NORMAL: -2.90 2 = FOG REDUCING VISIBILITY
HIGHEST: 96 ON 28,27 GRTST 24HR 1.29 ON 8- 9 TO 1/4 MILE OR LESS
LOWEST: 73 ON 9 3 = THUNDER
SNOW, ICE PELLETS, HAIL 4 = ICE PELLETS
TOTAL MONTH: 0.0 INCH 5 = HAIL
GRTST 24HR 0.0 6 = FREEZING RAIN OR DRIZZLE
GRTST DEPTH: 0 7 = DUSTSTORM OR SANDSTORM:
VSBY 1/2 MILE OR LESS
8 = SMOKE OR HAZE
[NO. OF DAYS WITH] [WEATHER - DAYS WITH] 9 = BLOWING SNOW
X = TORNADO
MAX 32 OR BELOW: 0 0.01 INCH OR MORE: 8
MAX 90 OR ABOVE: 30 0.10 INCH OR MORE: 4
MIN 32 OR BELOW: 0 0.50 INCH OR MORE: 1
MIN 0 OR BELOW: 0 1.00 INCH OR MORE: 1
[HDD (BASE 65) ]
TOTAL THIS MO. 0 CLEAR (SCALE 0-3) 30
DPTR FM NORMAL 0 PTCLDY (SCALE 4-7) 1
TOTAL FM JUL 1 0 CLOUDY (SCALE 8-10) 0
DPTR FM NORMAL 0
[CDD (BASE 65) ]
TOTAL THIS MO. 698
DPTR FM NORMAL 58 [PRESSURE DATA]
TOTAL FM JAN 1 3874 HIGHEST SLP M ON M
DPTR FM NORMAL 404 LOWEST SLP 29.88 ON 23
[REMARKS]
#FINAL-08-22#
CORRECTED ALIGNMENT OF SNOW, ICE PELLETS, HAIL TABLE
CORRECTED SKY COVER TABLE
ROSS