000
CXUS53 KILX 011731
CLMMTO
CLIMATE REPORT
NATIONAL WEATHER SERVICE LINCOLN IL
1131 AM CST FRI DEC 01 2023
...................................
...THE MATTOON IL AIRPORT CLIMATE SUMMARY FOR THE MONTH OF NOVEMBER 2023...
CLIMATE NORMAL PERIOD 1991 TO 2020
CLIMATE RECORD PERIOD 9999 TO 9999
WEATHER OBSERVED NORMAL DEPART LAST YEAR`S
VALUE DATE(S) VALUE FROM VALUE
NORMAL
..............................................................
TEMPERATURE (F)
RECORD
HIGH MM MM
LOW 11 11/20/2022
HIGHEST 76 11/08 MM MM 77
LOWEST 15 11/28 MM MM 11
AVG. MAXIMUM 55.0 51.3 3.7 53.1
AVG. MINIMUM 33.7 34.6 -0.9 34.7
MEAN 44.3 42.9 1.4 43.9
DAYS MAX >= 90 0 0.0 0.0 0
DAYS MAX <= 32 1 1.3 -0.3 1
DAYS MIN <= 32 14 12.9 1.1 15
DAYS MIN <= 0 0 0.0 0.0 0
PRECIPITATION (INCHES)
RECORD
MAXIMUM 3.67 2020
MINIMUM 0.36 2023
TOTALS 0.36R 3.03 -2.67 1.36
DAILY AVG. 0.01 0.10 -0.09 0.05
DAYS >= .01 5 8.1 -3.1 8
DAYS >= .10 1 4.9 -3.9 4
DAYS >= .50 0 2.1 -2.1 1
DAYS >= 1.00 0 0.7 -0.7 0
GREATEST
24 HR. TOTAL 0.20 11/26 TO 11/26 0.62
DEGREE DAYS
HEATING TOTAL 613 662 -49 629
SINCE 7/1 907 1043 -136 MM
COOLING TOTAL 0 1 -1 4
SINCE 1/1 1048 1117 -69 MM
..............................................................
WIND (MPH)
AVERAGE WIND SPEED 8.0
HIGHEST WIND SPEED/DIRECTION 29/020 DATE 11/24
HIGHEST GUST SPEED/DIRECTION 40/200 DATE 11/06
40/170 11/08
40/270 11/26
AVERAGE RH (PERCENT) 65
WEATHER CONDITIONS. NUMBER OF DAYS WITH
THUNDERSTORM 0 MIXED PRECIP 0
HEAVY RAIN 0 RAIN 1
LIGHT RAIN 7 FREEZING RAIN 0
LT FREEZING RAIN 0 HAIL 0
HEAVY SNOW 0 SNOW 0
LIGHT SNOW 0 SLEET 0
FOG 9 FOG W/VIS <= 1/4 MILE 2
HAZE 1
- INDICATES NEGATIVE NUMBERS.
R INDICATES RECORD WAS SET OR TIED.
MM INDICATES DATA IS MISSING.
T INDICATES TRACE AMOUNT.
$$