000
CXUS53 KGRB 171622
CF6MTW
PRELIMINARY LOCAL CLIMATOLOGICAL DATA (WS FORM: F-6)
STATION: MANITOWOC AWOS
MONTH: MARCH
YEAR: 2022
LATITUDE: 44 7 N
LONGITUDE: 87 40 W
TEMPERATURE IN F: :PCPN: SNOW: WIND :SUNSHINE: SKY :PK WND
================================================================================
1 2 3 4 5 6A 6B 7 8 9 10 11 12 13 14 15 16 17 18
12Z AVG MX 2MIN
DY MAX MIN AVG DEP HDD CDD WTR SNW DPTH SPD SPD DIR MIN PSBL S-S WX SPD DR
================================================================================
1 38 20 29 M 36 0 M M M 5.1 13 340 M M 0 1 M M
2 38 15 27 M 38 0 T M M 5.1 13 20 M M 6 1 18 20
3 29 14 22 M 43 0 M M M 4.8 10 310 M M 0 M M
4 33 15 24 M 41 0 M M M 5.2 12 90 M M 2 M M
5 42 33 38 M 27 0 1.37 M M 9.7 17 160 M M 7 123 23 170
6 51 32 42 M 23 0 T M M 14.0 31 260 M M 9 46 270
7 34 21 28 M 37 0 M M M 9.4 16 340 M M 9 12 M M
8 36 12 24 M 41 0 M M M 9.6 17 210 M M 0 24 230
9 32 22 27 M 38 0 M M M 12.2 17 250 M M 4 25 260
10 22 13 18 M 47 0 M M M 7.7 12 280 M M 2 M M
11 27 11 19 M 46 0 T M M 14.0 24 270 M M 3 32 240
12 18 5 12 M 53 0 M M M 13.3 18 300 M M 1 26 300
13 44 18 31 M 34 0 0.01 M M 9.6 18 270 M M 4 1 25 250
14 43 28 36 M 29 0 M M M 5.0 14 40 M M 7 22 10
15 41 29 35 M 30 0 T M M 4.9 9 350 M M 5 1 M M
16 52 29 41 M 24 0 M M M 6.1 13 160 M M 0 18 M M
17 60 39 50 M 15 0 T M M 5.5 8 50 M M 4 M M
18 39 34 37 M 28 0 0.26 M M 10.2 18 20 M M 10 1 25 30
19 46 34 40 M 25 0 0.16 M M 10.7 15 340 M M 7 30 30
20 54 30 42 M 23 0 M M M 6.0 12 180 M M 0 M M
21 50 29 40 M 25 0 T M M 6.7 15 60 M M 4 1 25 60
22 42 36 39 M 26 0 0.19 M M 13.1 21 100 M M 7 1 28 100
23 40 35 38 M 27 0 1.15 M M 8.1 13 80 M M 10 1 18 60
24 38 33 36 M 29 0 T M M 8.2 13 360 M M 10 1 21 10
25 44 31 38 M 27 0 0.01 M M 11.6 18 270 M M 8 1 28 290
26 31 22 27 M 38 0 T M M 18.3 24 320 M M 9 1 32 320
27 29 18 24 M 41 0 T M M 14.1 20 330 M M 2 24 330
28 32 16 24 M 41 0 M M M 8.0 13 340 M M 0 M M
29 36 20 28 M 37 0 0.02 M M 11.3 20 150 M M 7 29 140
30 42 33 38 M 27 0 0.48 M M 12.9 25 130 M M 10 1 32 130
31 35 29 32 M 33 0 0.73 M M 13.7 21 310 M M 10 1 31 360
================================================================================
SM 1198 756 1029 0 4.38 M 294.1 M 157
================================================================================
AV 38.6 24.4 9.5 FASTST M M 5 MAX(MPH)
MISC ----> 31 260 46 270
================================================================================
NOTES:
# LAST OF SEVERAL OCCURRENCES
COLUMN 17 PEAK WIND IN M.P.H.
PRELIMINARY LOCAL CLIMATOLOGICAL DATA (WS FORM: F-6) , PAGE 2
STATION: MANITOWOC AWOS
MONTH: MARCH
YEAR: 2022
LATITUDE: 44 7 N
LONGITUDE: 87 40 W
[TEMPERATURE DATA] [PRECIPITATION DATA] SYMBOLS USED IN COLUMN 16
AVERAGE MONTHLY: 31.5 TOTAL FOR MONTH: 4.38 1 = FOG OR MIST
DPTR FM NORMAL: 0.0 DPTR FM NORMAL: M 2 = FOG REDUCING VISIBILITY
HIGHEST: 60 ON 17 GRTST 24HR 1.37 ON 5- 6 TO 1/4 MILE OR LESS
LOWEST: 5 ON 12 3 = THUNDER
SNOW, ICE PELLETS, HAIL 4 = ICE PELLETS
TOTAL MONTH: M 5 = HAIL
GRTST 24HR M ON M 6 = FREEZING RAIN OR DRIZZLE
GRTST DEPTH: M ON M 7 = DUSTSTORM OR SANDSTORM:
VSBY 1/2 MILE OR LESS
8 = SMOKE OR HAZE
[NO. OF DAYS WITH] [WEATHER - DAYS WITH] 9 = BLOWING SNOW
X = TORNADO
MAX 32 OR BELOW: 8 0.01 INCH OR MORE: 10
MAX 90 OR ABOVE: 0 0.10 INCH OR MORE: 7
MIN 32 OR BELOW: 23 0.50 INCH OR MORE: 3
MIN 0 OR BELOW: 0 1.00 INCH OR MORE: 2
[HDD (BASE 65) ]
TOTAL THIS MO. 1029 CLEAR (SCALE 0-3) 11
DPTR FM NORMAL M PTCLDY (SCALE 4-7) 11
TOTAL FM JUL 1 6098 CLOUDY (SCALE 8-10) 9
DPTR FM NORMAL 4303
[CDD (BASE 65) ]
TOTAL THIS MO. 0
DPTR FM NORMAL M [PRESSURE DATA]
TOTAL FM JAN 1 0 HIGHEST SLP 30.52 ON 3
DPTR FM NORMAL 0 LOWEST SLP 29.22 ON 30
[REMARKS]
#FINAL-03-22#