000
CXUS56 KOTX 011253
CLMMWH
CLIMATE REPORT
NATIONAL WEATHER SERVICE SPOKANE WA
553 AM PDT TUE AUG 01 2023
...................................
...THE MOSES LAKE WA AIRPORT CLIMATE SUMMARY FOR THE MONTH OF JULY 2023...
CLIMATE NORMAL PERIOD 1991 TO 2020
CLIMATE RECORD PERIOD 9999 TO 9999
WEATHER OBSERVED NORMAL DEPART LAST YEAR`S
VALUE DATE(S) VALUE FROM VALUE DATE(S)
NORMAL
................................................................
TEMPERATURE (F)
RECORD
HIGH 109 07/30/2020
LOW 42 07/05/1999
HIGHEST 100 07/09 MM MM 107 07/28
07/16
07/20
07/29
LOWEST 48 07/31 MM MM 52 07/05
AVG. MAXIMUM 92.1 89.7 2.4 92.5
AVG. MINIMUM 58.4 57.2 1.2 59.9
MEAN 75.3 73.4 1.9 76.2
DAYS MAX >= 90 21 17.5 3.5 21
DAYS MAX <= 32 0 0.0 0.0 0
DAYS MIN <= 32 0 0.0 0.0 0
DAYS MIN <= 0 0 0.0 0.0 0
PRECIPITATION (INCHES)
RECORD
MAXIMUM 1.55 2022
MINIMUM 0.00 2017
TOTALS 0.10 0.26 -0.16 1.55
DAILY AVG. 0.00 0.01 -0.01 0.05
DAYS >= .01 1 1.7 -0.7 3
DAYS >= .10 1 0.7 0.3 3
DAYS >= .50 0 0.0 0.0 1
DAYS >= 1.00 0 0.0 0.0 0
GREATEST
24 HR. TOTAL 0.10 07/10 TO 07/10 1.17
DEGREE DAYS
HEATING TOTAL 0 6 -6 0
SINCE 7/1 0 3 -3 MM
COOLING TOTAL 324 268 56 354
SINCE 1/1 555 391 164 MM
................................................................
WIND (MPH)
AVERAGE WIND SPEED 7.0
HIGHEST WIND SPEED/DIRECTION 29/360 DATE 07/10
HIGHEST GUST SPEED/DIRECTION 34/270 DATE 07/10
SKY COVER
POSSIBLE SUNSHINE (PERCENT) MM
AVERAGE SKY COVER 0.02
NUMBER OF DAYS FAIR 31
NUMBER OF DAYS PC 0
NUMBER OF DAYS CLOUDY 0
AVERAGE RH (PERCENT) 41
WEATHER CONDITIONS. NUMBER OF DAYS WITH
THUNDERSTORM 1 MIXED PRECIP 0
HEAVY RAIN 1 RAIN 0
LIGHT RAIN 1 FREEZING RAIN 0
LT FREEZING RAIN 0 HAIL 0
HEAVY SNOW 0 SNOW 0
LIGHT SNOW 0 SLEET 0
FOG 1 FOG W/VIS <= 1/4 MILE 0
HAZE 1
- INDICATES NEGATIVE NUMBERS.
R INDICATES RECORD WAS SET OR TIED.
MM INDICATES DATA IS MISSING.
T INDICATES TRACE AMOUNT.
$$