000
CXUS54 KFWD 010830
CF6MWL
PRELIMINARY LOCAL CLIMATOLOGICAL DATA (WS FORM: F-6)
STATION: MINERAL WELLS
MONTH: JANUARY
YEAR: 2022
LATITUDE: 32 46 N
LONGITUDE: 98 4 W
TEMPERATURE IN F: :PCPN: SNOW: WIND :SUNSHINE: SKY :PK WND
================================================================================
1 2 3 4 5 6A 6B 7 8 9 10 11 12 13 14 15 16 17 18
12Z AVG MX 2MIN
DY MAX MIN AVG DEP HDD CDD WTR SNW DPTH SPD SPD DIR MIN PSBL S-S WX SPD DR
================================================================================
1 73 22 48 3 17 0 T M M 13.3 31 350 M M 7 3 41 350
2 42 17 30 -15 35 0 0.00 M M 12.4 28 330 M M 1 35 330
3 60 18 39 -6 26 0 0.00 M M 6.2 15 150 M M 0 21 150
4 69 28 49 4 16 0 0.00 M M 12.6 23 190 M M 0 29 200
5 62 31 47 2 18 0 0.00 M M 4.9 17 30 M M 0 8 25 20
6 38 22 30 -15 35 0 0.00 M M 11.8 25 360 M M 0 33 360
7 45 17 31 -14 34 0 0.00 M M 8.9 24 150 M M 4 32 160
8 64 42 53 8 12 0 0.00 M M 11.6 18 130 M M 9 12 23 160
9 56 38 47 2 18 0 0.00 M M 13.6 25 330 M M 6 12 33 320
10 58 26 42 -3 23 0 0.00 M M 5.2 12 340 M M 0 16 350
11 58 24 41 -4 24 0 T M M 4.2 15 200 M M 3 20 200
12 66 28 47 2 18 0 0.00 M M 4.7 10 220 M M 0 15 240
13 78 27 53 8 12 0 0.00 M M 3.6 13 20 M M 0 20 350
14 81 33 57 12 8 0 0.00 M M 10.0 39 340 M M 1 55 320
15 47 32 40 -5 25 0 T M M 23.3 37 340 M M 5 53 340
16 58 22 40 -5 25 0 0.00 M M 5.3 16 320 M M 0 21 320
17 67 26 47 2 18 0 0.00 M M 6.0 15 140 M M 0 20 160
18 80 39 60 15 5 0 0.00 M M 12.3 22 220 M M 0 8 30 210
19 63 32 48 2 17 0 T M M 14.0 28 360 M M 5 40 10
20 36 23 30 -16 35 0 0.00 M M 16.1 25 350 M M 7 35 360
21 47 19 33 -13 32 0 0.00 M M 5.5 12 340 M M 3 15 130
22 54 20 37 -9 28 0 0.00 M M 3.3 9 140 M M 0 12 150
23 66 23 45 -1 20 0 0.00 M M 5.3 18 290 M M 0 23 300
24 59 35 47 1 18 0 T M M 5.6 14 140 M M 2 12 17 220
25 60 33 47 1 18 0 0.00 M M 9.0 18 50 M M 2 12 27 50
26 51 23 37 -9 28 0 T M M 5.3 14 40 M M 3 21 40
27 52 33 43 -3 22 0 0.00 M M 5.8 15 340 M M 7 20 300
28 57 25 41 -5 24 0 0.00 M M 7.7 21 310 M M 0 28 320
29 69 24 47 0 18 0 0.00 M M 4.3 18 260 M M 0 28 250
30 74 26 50 3 15 0 0.00 M M 5.1 15 180 M M 0 19 200
31 69 42 56 9 9 0 0.00 M M 9.7 18 160 M M 3 27 150
================================================================================
SM 1859 850 653 0 T M 266.6 M 68
================================================================================
AV 60.0 27.4 8.6 FASTST M M 2 MAX(MPH)
MISC ----> 39 340 55 320
================================================================================
NOTES:
# LAST OF SEVERAL OCCURRENCES
COLUMN 17 PEAK WIND IN M.P.H.
PRELIMINARY LOCAL CLIMATOLOGICAL DATA (WS FORM: F-6) , PAGE 2
STATION: MINERAL WELLS
MONTH: JANUARY
YEAR: 2022
LATITUDE: 32 46 N
LONGITUDE: 98 4 W
[TEMPERATURE DATA] [PRECIPITATION DATA] SYMBOLS USED IN COLUMN 16
AVERAGE MONTHLY: 43.7 TOTAL FOR MONTH: T 1 = FOG OR MIST
DPTR FM NORMAL: -1.7 DPTR FM NORMAL: -1.59 2 = FOG REDUCING VISIBILITY
HIGHEST: 81 ON 14 GRTST 24HR T ON 1- 1 TO 1/4 MILE OR LESS
LOWEST: 17 ON 7, 2 3 = THUNDER
SNOW, ICE PELLETS, HAIL 4 = ICE PELLETS
TOTAL MONTH: M 5 = HAIL
GRTST 24HR M ON M 6 = FREEZING RAIN OR DRIZZLE
GRTST DEPTH: M ON M 7 = DUSTSTORM OR SANDSTORM:
VSBY 1/2 MILE OR LESS
8 = SMOKE OR HAZE
[NO. OF DAYS WITH] [WEATHER - DAYS WITH] 9 = BLOWING SNOW
X = TORNADO
MAX 32 OR BELOW: 0 0.01 INCH OR MORE: 0
MAX 90 OR ABOVE: 0 0.10 INCH OR MORE: 0
MIN 32 OR BELOW: 23 0.50 INCH OR MORE: 0
MIN 0 OR BELOW: 0 1.00 INCH OR MORE: 0
[HDD (BASE 65) ]
TOTAL THIS MO. 653 CLEAR (SCALE 0-3) 22
DPTR FM NORMAL 45 PTCLDY (SCALE 4-7) 8
TOTAL FM JUL 1 1174 CLOUDY (SCALE 8-10) 1
DPTR FM NORMAL -422
[CDD (BASE 65) ]
TOTAL THIS MO. 0
DPTR FM NORMAL -1 [PRESSURE DATA]
TOTAL FM JAN 1 0 HIGHEST SLP 30.73 ON 10
DPTR FM NORMAL -1 LOWEST SLP 29.56 ON 1
[REMARKS]
#FINAL-01-22#