000
CXUS54 KFWD 010732
CF6MWL
PRELIMINARY LOCAL CLIMATOLOGICAL DATA (WS FORM: F-6)
STATION: MINERAL WELLS
MONTH: AUGUST
YEAR: 2021
LATITUDE: 32 46 N
LONGITUDE: 98 4 W
TEMPERATURE IN F: :PCPN: SNOW: WIND :SUNSHINE: SKY :PK WND
================================================================================
1 2 3 4 5 6A 6B 7 8 9 10 11 12 13 14 15 16 17 18
12Z AVG MX 2MIN
DY MAX MIN AVG DEP HDD CDD WTR SNW DPTH SPD SPD DIR MIN PSBL S-S WX SPD DR
================================================================================
1 90 72 81 -4 0 16 2.72 M M 7.6 21 120 M M 3 123 27 120
2 88 71 80 -5 0 15 0.04 M M 6.6 17 20 M M 5 1 24 40
3 91 67 79 -6 0 14 0.00 M M 4.7 9 60 M M 1 15 50
4 89 68 79 -6 0 14 0.00 M M 5.1 14 130 M M 1 1 18 120
5 92 69 81 -4 0 16 0.00 M M 6.4 14 180 M M 2 19 130
6 93 71 82 -3 0 17 0.00 M M 8.5 14 150 M M 0 1 20 150
7 95 73 84 -1 0 19 0.00 M M 11.7 17 170 M M 1 25 170
8 96 74 85 0 0 20 0.00 M M 13.3 22 170 M M 0 32 170
9 97 76 87 2 0 22 0.00 M M 13.7 21 160 M M 0 30 180
10 96 73 85 1 0 20 0.00 M M 11.7 20 160 M M 0 28 180
11 97 70 84 0 0 19 0.00 M M 10.4 22 190 M M 0 29 190
12 98 74 86 2 0 21 0.00 M M 8.4 18 130 M M 0 25 140
13 95 72 84 0 0 19 0.00 M M 6.4 14 120 M M 0 20 80
14 86 73 80 -4 0 15 T M M 7.1 20 70 M M 4 24 60
15 91 73 82 -2 0 17 0.00 M M 5.4 14 140 M M 5 20 130
16 93 69 81 -3 0 16 0.00 M M 6.0 14 130 M M 2 13 20 100
17 86 70 78 -6 0 13 0.64 M M 7.9 25 320 M M 5 138 37 290
18 82 71 77 -7 0 12 4.52 M M 8.5 23 140 M M 7 123 34 130
19 93 74 84 1 0 19 0.41 M M 10.4 17 180 M M 5 13 25 190
20 95 74 85 2 0 20 0.00 M M 10.4 18 180 M M 0 26 160
21 95 74 85 2 0 20 0.00 M M 8.0 15 200 M M 0 21 210
22 95 74 85 2 0 20 0.00 M M 7.7 15 160 M M 0 19 160
23 95 71 83 0 0 18 0.00 M M 6.9 15 150 M M 0 19 170
24 95 70 83 1 0 18 0.00 M M 7.7 13 160 M M 0 19 180
25 96 72 84 2 0 19 0.00 M M 6.9 12 120 M M 0 16 160
26 95 72 84 2 0 19 0.00 M M 3.7 13 70 M M 1 3 17 60
27 93 73 83 1 0 18 0.00 M M 7.5 16 100 M M 2 1 22 110
28 91 71 81 -1 0 16 T M M 5.7 14 130 M M 2 23 130
29 88 72 80 -1 0 15 T M M 4.8 17 60 M M 5 22 80
30 93 72 83 2 0 18 0.00 M M 3.9 10 70 M M 1 15 70
31 96 71 84 3 0 19 0.00 M M 3.4 9 140 M M 0 14 110
================================================================================
SM 2875 2226 0 544 8.33 M 236.4 M 52
================================================================================
AV 92.7 71.8 7.6 FASTST M M 2 MAX(MPH)
MISC ----> 25 320 37 290
================================================================================
NOTES:
# LAST OF SEVERAL OCCURRENCES
COLUMN 17 PEAK WIND IN M.P.H.
PRELIMINARY LOCAL CLIMATOLOGICAL DATA (WS FORM: F-6) , PAGE 2
STATION: MINERAL WELLS
MONTH: AUGUST
YEAR: 2021
LATITUDE: 32 46 N
LONGITUDE: 98 4 W
[TEMPERATURE DATA] [PRECIPITATION DATA] SYMBOLS USED IN COLUMN 16
AVERAGE MONTHLY: 82.3 TOTAL FOR MONTH: 8.33 1 = FOG OR MIST
DPTR FM NORMAL: -1.2 DPTR FM NORMAL: 5.84 2 = FOG REDUCING VISIBILITY
HIGHEST: 98 ON 12 GRTST 24HR 4.89 ON 17-18 TO 1/4 MILE OR LESS
LOWEST: 67 ON 3 3 = THUNDER
SNOW, ICE PELLETS, HAIL 4 = ICE PELLETS
TOTAL MONTH: M 5 = HAIL
GRTST 24HR M ON M 6 = FREEZING RAIN OR DRIZZLE
GRTST DEPTH: M ON M 7 = DUSTSTORM OR SANDSTORM:
VSBY 1/2 MILE OR LESS
8 = SMOKE OR HAZE
[NO. OF DAYS WITH] [WEATHER - DAYS WITH] 9 = BLOWING SNOW
X = TORNADO
MAX 32 OR BELOW: 0 0.01 INCH OR MORE: 5
MAX 90 OR ABOVE: 25 0.10 INCH OR MORE: 4
MIN 32 OR BELOW: 0 0.50 INCH OR MORE: 3
MIN 0 OR BELOW: 0 1.00 INCH OR MORE: 2
[HDD (BASE 65) ]
TOTAL THIS MO. 0 CLEAR (SCALE 0-3) 23
DPTR FM NORMAL 0 PTCLDY (SCALE 4-7) 8
TOTAL FM JUL 1 0 CLOUDY (SCALE 8-10) 0
DPTR FM NORMAL 0
[CDD (BASE 65) ]
TOTAL THIS MO. 544
DPTR FM NORMAL -29 [PRESSURE DATA]
TOTAL FM JAN 1 1763 HIGHEST SLP M ON M
DPTR FM NORMAL -234 LOWEST SLP 29.66 ON 31
[REMARKS]
#FINAL-08-21#