000
CXUS54 KLZK 202146
CF6MWT
PRELIMINARY LOCAL CLIMATOLOGICAL DATA (WS FORM: F-6)
STATION: MOUNT IDA
MONTH: JANUARY
YEAR: 2022
LATITUDE: 34 32 N
LONGITUDE: 93 35 W
TEMPERATURE IN F: :PCPN: SNOW: WIND :SUNSHINE: SKY :PK WND
================================================================================
1 2 3 4 5 6A 6B 7 8 9 10 11 12 13 14 15 16 17 18
12Z AVG MX 2MIN
DY MAX MIN AVG DEP HDD CDD WTR SNW DPTH SPD SPD DIR MIN PSBL S-S WX SPD DR
================================================================================
1 72 30 51 9 14 0 2.16 0.0 0 5.5 20 340 M M 10 1 36 330
2 30 20 25 -17 40 0 T T 0 8.1 15 320 M M 7 25 290
3 48 17 33 -9 32 0 0.00 0.0 0 0.6 6 130 M M 0 8 230
4 51 20 36 -6 29 0 0.00 0.0 0 2.5 13 170 M M 0 19 160
5 62 28 45 3 20 0 0.00 0.0 0 0.9 8 20 M M 1 14 20
6 45 26 36 -6 29 0 0.00 0.0 0 3.0 13 320 M M 5 20 320
7 41 21 31 -11 34 0 0.00 0.0 0 3.8 12 140 M M 1 17 140
8 63 33 48 6 17 0 0.93 0.0 0 2.8 13 190 M M 10 1 20 190
9 65 34 50 8 15 0 0.26 0.0 0 2.1 10 10 M M 8 1 18 350
10 55 24 40 -2 25 0 0.00 0.0 0 1.2 9 320 M M 0 14 340
11 61 24 43 1 22 0 0.00 0.0 0 1.1 9 180 M M M 13 170
12 63 25 44 2 21 0 0.00 0.0 0 1.6 10 230 M M 0 16 230
13 71 32 52 10 13 0 0.00 0.0 0 2.5 13 320 M M 0 22 260
14 59 32 46 4 19 0 0.00 0.0 0 2.1 13 140 M M 0 17 150
15 51 28 40 -2 25 0 0.14 2.0 2 6.9 17 320 M M 9 1 31 330
16 47 31 39 -3 26 0 0.00 0.0 1 5.3 13 320 M M 4 20 320
17 59 27 43 1 22 0 0.00 0.0 0 2.3 12 320 M M 0 20 300
18 62 26 44 2 21 0 0.00 0.0 0 3.5 13 170 M M 0 20 170
19 58 34 46 4 19 0 0.08 0.0 0 2.6 9 20 M M 9 1 21 20
20 35 24 30 -12 35 0 0.00 0.0 0 4.4 10 10 M M 2 20 40
21 38 15 27 -15 38 0 0.00 0.0 0 0.7 7 140 M M 0 10 10
22 49 12 31 -11 34 0 0.00 0.0 0 1.2 9 350 M M 0 8 13 320
23 64 22 43 1 22 0 0.00 0.0 0 2.6 15 330 M M 0 21 320
24 68 25 47 5 18 0 0.00 0.0 0 1.6 13 230 M M 0 20 230
25 51 32 42 0 23 0 0.00 0.0 0 1.9 9 20 M M 0 16 30
26 46 26 36 -6 29 0 0.00 0.0 0 2.4 8 140 M M 0 13 120
27 50 31 41 -1 24 0 0.00 0.0 0 2.2 10 140 M M 10 14 140
28 51 26 39 -3 26 0 0.00 0.0 0 4.3 17 340 M M 1 29 310
29 55 18 37 -6 28 0 0.00 0.0 0 1.7 12 190 M M 0 17 180
30 71 30 51 8 14 0 0.00 0.0 0 1.5 10 350 M M 0 14 350
31 68 25 47 4 18 0 0.00 0.0 0 2.2 12 210 M M 4 19 200
================================================================================
SM 1709 798 752 0 3.57 2.0 85.1 M 81
================================================================================
AV 55.1 25.7 2.7 FASTST M M 3 MAX(MPH)
MISC ----> 20 340 36 330
================================================================================
NOTES:
# LAST OF SEVERAL OCCURRENCES
COLUMN 17 PEAK WIND IN M.P.H.
PRELIMINARY LOCAL CLIMATOLOGICAL DATA (WS FORM: F-6) , PAGE 2
STATION: MOUNT IDA
MONTH: JANUARY
YEAR: 2022
LATITUDE: 34 32 N
LONGITUDE: 93 35 W
[TEMPERATURE DATA] [PRECIPITATION DATA] SYMBOLS USED IN COLUMN 16
AVERAGE MONTHLY: 40.4 TOTAL FOR MONTH: 3.57 1 = FOG OR MIST
DPTR FM NORMAL: -1.4 DPTR FM NORMAL: -0.24 2 = FOG REDUCING VISIBILITY
HIGHEST: 72 ON 1 GRTST 24HR 2.16 ON 1- 1 TO 1/4 MILE OR LESS
LOWEST: 12 ON 22 3 = THUNDER
SNOW, ICE PELLETS, HAIL 4 = ICE PELLETS
TOTAL MONTH: 2.0 INCHES 5 = HAIL
GRTST 24HR 2.0 ON 15-15 6 = FREEZING RAIN OR DRIZZLE
GRTST DEPTH: 2 ON 15 7 = DUSTSTORM OR SANDSTORM:
VSBY 1/2 MILE OR LESS
8 = SMOKE OR HAZE
[NO. OF DAYS WITH] [WEATHER - DAYS WITH] 9 = BLOWING SNOW
X = TORNADO
MAX 32 OR BELOW: 1 0.01 INCH OR MORE: 5
MAX 90 OR ABOVE: 0 0.10 INCH OR MORE: 4
MIN 32 OR BELOW: 28 0.50 INCH OR MORE: 2
MIN 0 OR BELOW: 0 1.00 INCH OR MORE: 1
[HDD (BASE 65) ]
TOTAL THIS MO. 752 CLEAR (SCALE 0-3) 20
DPTR FM NORMAL 33 PTCLDY (SCALE 4-7) 4
TOTAL FM JUL 1 1594 CLOUDY (SCALE 8-10) 7
DPTR FM NORMAL -374
[CDD (BASE 65) ]
TOTAL THIS MO. 0
DPTR FM NORMAL -1 [PRESSURE DATA]
TOTAL FM JAN 1 0 HIGHEST SLP 30.70 ON 10
DPTR FM NORMAL -1 LOWEST SLP 29.55 ON 1
[REMARKS]
#FINAL-01-22#