000
CXUS54 KLZK 011130
CF6MWT
PRELIMINARY LOCAL CLIMATOLOGICAL DATA (WS FORM: F-6)
STATION: Mount Ida
MONTH: SEPTEMBER
YEAR: 2020
LATITUDE: 34 32 N
LONGITUDE: 93 35 W
TEMPERATURE IN F: :PCPN: SNOW: WIND :SUNSHINE: SKY :PK WND
================================================================================
1 2 3 4 5 6A 6B 7 8 9 10 11 12 13 14 15 16 17 18
12Z AVG MX 2MIN
DY MAX MIN AVG DEP HDD CDD WTR SNW DPTH SPD SPD DIR MIN PSBL S-S WX SPD DR
================================================================================
1 81 71 76 -1 0 11 2.79 0.0 0 1.6 9 340 M M 6 1 16 330
2 81 72 77 0 0 12 0.58 0.0 0 0.6 6 320 M M 9 1 8 320
3 81 71 76 -1 0 11 T 0.0 0 0.3 6 300 M M 4 1 9 320
4 90 70 80 4 0 15 0.17 0.0 0 1.2 8 120 M M 4 1 11 130
5 88 69 79 3 0 14 0.00 0.0 0 0.9 7 130 M M 3 12 10 130
6 90 67 79 3 0 14 0.00 0.0 0 0.8 7 190 M M 3 12 11 160
7 89 66 78 3 0 13 T 0.0 0 1.8 8 180 M M 0 1 12 240
8 89 68 79 4 0 14 T 0.0 0 1.8 10 140 M M 0 1 16 150
9 90 66 78 4 0 13 0.00 0.0 0 1.1 9 140 M M 1 1 14 150
10 88 69 79 5 0 14 T 0.0 0 0.6 7 140 M M 5 1 9 130
11 86 68 77 3 0 12 T 0.0 0 0.3 6 130 M M 6 1 9 290
12 89 71 80 7 0 15 0.00 0.0 0 0.5 7 320 M M 5 1 10 340
13 86 68 77 4 0 12 0.00 0.0 0 0.9 7 360 M M 2 1 12 360
14 84 66 75 3 0 10 0.00 0.0 0 1.0 8 70 M M 6 1 14 60
15 88 64 76 4 0 11 0.00 0.0 0 0.6 7 30 M M 0 1 11 50
16 87 65 76 4 0 11 0.00 0.0 0 0.6 7 330 M M 5 1 10 330
17 85 66 76 5 0 11 0.00 0.0 0 0.6 7 340 M M 1 1 11 340
18 81 61 71 0 0 6 0.00 0.0 0 1.2 8 60 M M 0 1 13 70
19 78 53 66 -4 0 1 0.00 0.0 0 1.1 9 80 M M 0 1 15 20
20 82 50 66 -4 0 1 0.00 0.0 0 1.7 8 70 M M 0 1 14 90
21 72 56 64 -6 1 0 0.22 0.0 0 1.2 7 110 M M 6 1 12 140
22 66 60 63 -6 2 0 1.81 0.0 0 2.3 10 140 M M 10 1 14 150
23 66 61 64 -5 1 0 1.71 0.0 0 1.3 7 90 M M 10 1 13 80
24 75 60 68 0 0 3 0.00 0.0 0 0.3 7 340 M M 8 12 10 40
25 80 62 71 3 0 6 0.00 0.0 0 1.3 8 150 M M 6 1 11 140
26 75 56 66 -1 0 1 0.00 0.0 0 1.2 9 150 M M 5 12 14 140
27 83 56 70 3 0 5 T 0.0 0 1.7 13 340 M M 8 12 27 330
28 74 50 62 -5 3 0 0.38 0.0 0 4.4 16 320 M M 3 1 28 330
29 76 46 61 -5 4 0 0.00 0.0 M 2.3 12 290 M M 0 19 340
30 86 46 66 0 0 1 0.00 0.0 0 1.0 9 240 M M 0 14 220
================================================================================
SM 2466 1874 11 237 7.66 0.0 36.2 M 116
================================================================================
AV 82.2 62.5 1.2 FASTST M M 4 MAX(MPH)
MISC ----> # 16 320 # 28 330
================================================================================
NOTES:
# LAST OF SEVERAL OCCURRENCES
COLUMN 17 PEAK WIND IN M.P.H.
PRELIMINARY LOCAL CLIMATOLOGICAL DATA (WS FORM: F-6) , PAGE 2
STATION: Mount Ida
MONTH: SEPTEMBER
YEAR: 2020
LATITUDE: 34 32 N
LONGITUDE: 93 35 W
[TEMPERATURE DATA] [PRECIPITATION DATA] SYMBOLS USED IN COLUMN 16
AVERAGE MONTHLY: 72.3 TOTAL FOR MONTH: 7.66 1 = FOG OR MIST
DPTR FM NORMAL: 0.5 DPTR FM NORMAL: 3.07 2 = FOG REDUCING VISIBILITY
HIGHEST: 90 ON 9, 6 GRTST 24HR 2.79 ON 1- 1 TO 1/4 MILE OR LESS
LOWEST: 46 ON 30,29 3 = THUNDER
SNOW, ICE PELLETS, HAIL 4 = ICE PELLETS
TOTAL MONTH: 0.0 INCH 5 = HAIL
GRTST 24HR 0.0 6 = FREEZING RAIN OR DRIZZLE
GRTST DEPTH: 0 7 = DUSTSTORM OR SANDSTORM:
VSBY 1/2 MILE OR LESS
8 = SMOKE OR HAZE
[NO. OF DAYS WITH] [WEATHER - DAYS WITH] 9 = BLOWING SNOW
X = TORNADO
MAX 32 OR BELOW: 0 0.01 INCH OR MORE: 7
MAX 90 OR ABOVE: 3 0.10 INCH OR MORE: 7
MIN 32 OR BELOW: 0 0.50 INCH OR MORE: 4
MIN 0 OR BELOW: 0 1.00 INCH OR MORE: 3
[HDD (BASE 65) ]
TOTAL THIS MO. 11 CLEAR (SCALE 0-3) 13
DPTR FM NORMAL -9 PTCLDY (SCALE 4-7) 14
TOTAL FM JUL 1 11 CLOUDY (SCALE 8-10) 3
DPTR FM NORMAL -9
[CDD (BASE 65) ]
TOTAL THIS MO. 237
DPTR FM NORMAL 15 [PRESSURE DATA]
TOTAL FM JAN 1 1707 HIGHEST SLP 30.28 ON 5
DPTR FM NORMAL 26 LOWEST SLP 29.68 ON 27
[REMARKS]
ALL SNOWFALL DATA IS FROM THE MT IDA 4 S COOPERATIVE OBSERVER SITE
#FINAL-09-20#