000
CXUS56 KSGX 011045
CF6MYF
PRELIMINARY LOCAL CLIMATOLOGICAL DATA (WS FORM: F-6)
STATION: SAN DIEGO/MONTGOMERY FLD CA
MONTH: JUNE
YEAR: 2022
LATITUDE: 32 49 N
LONGITUDE: 117 9 W
TEMPERATURE IN F: :PCPN: SNOW: WIND :SUNSHINE: SKY :PK WND
================================================================================
1 2 3 4 5 6A 6B 7 8 9 10 11 12 13 14 15 16 17 18
12Z AVG MX 2MIN
DY MAX MIN AVG DEP HDD CDD WTR SNW DPTH SPD SPD DIR MIN PSBL S-S WX SPD DR
================================================================================
1 73 59 66 1 0 1 0.00 M M 5.4 14 190 M M 3 18 190
2 73 59 66 1 0 1 0.00 M M 4.7 14 250 M M 5 18 20 200
3 74 59 67 1 0 2 0.00 M M 5.2 15 240 M M 5 18 20 250
4 71 62 67 1 0 2 0.00 M M 5.6 13 240 M M 9 21 220
5 75 63 69 3 0 4 0.00 M M 5.7 13 240 M M 5 16 250
6 76 63 70 4 0 5 0.00 M M 6.6 13 230 M M 6 18 240
7 76 63 70 4 0 5 0.00 M M 5.6 15 250 M M 5 18 19 220
8 76 62 69 3 0 4 0.00 M M 5.4 13 250 M M 6 8 19 250
9 79 63 71 5 0 6 0.00 M M 4.4 13 260 M M 5 18 16 240
10 79 62 71 5 0 6 0.00 M M 4.7 12 240 M M 2 18 14 210
11 78 63 71 5 0 6 0.00 M M 5.0 12 250 M M 1 18 18 250
12 78 63 71 4 0 6 0.00 M M 5.3 14 260 M M 5 18 20 250
13 72 63 68 1 0 3 0.00 M M 6.0 14 200 M M 10 18 19 190
14 75 62 69 2 0 4 0.00 M M 6.0 14 250 M M 3 17 250
15 74 62 68 1 0 3 0.00 M M 5.0 12 230 M M 5 18 16 230
16 76 62 69 2 0 4 0.00 M M 4.9 12 230 M M 5 18 16 250
17 74 63 69 1 0 4 0.00 M M 6.4 14 240 M M 3 22 240
18 75 59 67 -1 0 2 0.00 M M 5.3 14 240 M M 1 20 260
19 80 57 69 1 0 4 0.00 M M 4.9 15 300 M M 0 19 290
20 87 59 73 5 0 8 0.00 M M 4.2 13 300 M M 0 20 270
21 80 63 72 4 0 7 0.00 M M 5.0 12 250 M M 1 18 15 240
22 84 66 75 7 0 10 T M M 6.2 12 290 M M 2 8 16 300
23 87 67 77 8 0 12 0.00 M M 7.2 14 320 M M 0 18 320
24 86 66 76 7 0 11 0.00 M M 6.2 13 290 M M 0 18 16 290
25 86 62 74 5 0 9 0.00 M M 6.2 12 290 M M 2 128 18 290
26 85 62 74 5 0 9 0.00 M M 4.8 12 230 M M 3 128 15 250
27 85 63 74 5 0 9 0.00 M M 5.0 10 240 M M 2 128 13 240
28 87 69 78 8 0 13 0.00 M M 4.6 12 230 M M 0 16 240
29 85 68 77 7 0 12 0.00 M M 5.0 12 240 M M 3 8 16 230
30 82 68 75 5 0 10 0.00 M M 5.3 12 250 M M 3 8 15 200
================================================================================
SM 2368 1882 0 182 T M 161.8 M 100
================================================================================
AV 78.9 62.7 5.4 FASTST M M 3 MAX(MPH)
MISC ----> # 15 240 22 240
================================================================================
NOTES:
# LAST OF SEVERAL OCCURRENCES
COLUMN 17 PEAK WIND IN M.P.H.
PRELIMINARY LOCAL CLIMATOLOGICAL DATA (WS FORM: F-6) , PAGE 2
STATION: SAN DIEGO/MONTGOMERY FLD CA
MONTH: JUNE
YEAR: 2022
LATITUDE: 32 49 N
LONGITUDE: 117 9 W
[TEMPERATURE DATA] [PRECIPITATION DATA] SYMBOLS USED IN COLUMN 16
AVERAGE MONTHLY: 70.8 TOTAL FOR MONTH: T 1 = FOG OR MIST
DPTR FM NORMAL: 3.5 DPTR FM NORMAL: -0.06 2 = FOG REDUCING VISIBILITY
HIGHEST: 87 ON 28,23 GRTST 24HR T ON 22-22 TO 1/4 MILE OR LESS
LOWEST: 57 ON 19 3 = THUNDER
SNOW, ICE PELLETS, HAIL 4 = ICE PELLETS
TOTAL MONTH: M 5 = HAIL
GRTST 24HR M ON M 6 = FREEZING RAIN OR DRIZZLE
GRTST DEPTH: M ON M 7 = DUSTSTORM OR SANDSTORM:
VSBY 1/2 MILE OR LESS
8 = SMOKE OR HAZE
[NO. OF DAYS WITH] [WEATHER - DAYS WITH] 9 = BLOWING SNOW
X = TORNADO
MAX 32 OR BELOW: 0 0.01 INCH OR MORE: 0
MAX 90 OR ABOVE: 0 0.10 INCH OR MORE: 0
MIN 32 OR BELOW: 0 0.50 INCH OR MORE: 0
MIN 0 OR BELOW: 0 1.00 INCH OR MORE: 0
[HDD (BASE 65) ]
TOTAL THIS MO. 0 CLEAR (SCALE 0-3) 15
DPTR FM NORMAL -14 PTCLDY (SCALE 4-7) 13
TOTAL FM JUL 1 990 CLOUDY (SCALE 8-10) 2
DPTR FM NORMAL -327
[CDD (BASE 65) ]
TOTAL THIS MO. 182
DPTR FM NORMAL 98 [PRESSURE DATA]
TOTAL FM JAN 1 313 HIGHEST SLP 30.02 ON 30
DPTR FM NORMAL 149 LOWEST SLP 29.77 ON 8
[REMARKS]
#FINAL-06-22#