000
CXUS55 KBOI 011002
CF6MYL
PRELIMINARY LOCAL CLIMATOLOGICAL DATA (WS FORM: F-6)
STATION: MCCALL ID
MONTH: FEBRUARY
YEAR: 2024
LATITUDE: 44 52 N
LONGITUDE: 116 6 W
TEMPERATURE IN F: :PCPN: SNOW: WIND :SUNSHINE: SKY :PK WND
================================================================================
1 2 3 4 5 6A 6B 7 8 9 10 11 12 13 14 15 16 17 18
12Z AVG MX 2MIN
DY MAX MIN AVG DEP HDD CDD WTR SNW DPTH SPD SPD DIR MIN PSBL S-S WX SPD DR
================================================================================
1 41 28 35 12 30 0 0.09 M M 1.8 12 150 M M 8 1 16 150
2 35 31 33 10 32 0 0.35 M M 2.1 9 280 M M 10 1 15 290
3 35 29 32 9 33 0 0.04 M M 4.5 10 300 M M 10 1 15 290
4 34 23 29 6 36 0 0.03 M M 2.7 14 180 M M 9 12 18 180
5 38 28 33 10 32 0 0.20 M M 8.1 20 170 M M 10 13 28 180
6 36 24 30 7 35 0 0.02 M M 1.7 8 30 M M 8 12 11 10
7 32 28 30 6 35 0 0.34 M M 3.2 9 270 M M 10 1 12 280
8 30 25 28 4 37 0 0.07 M M 1.5 7 290 M M 10 1 9 300
9 30 11 21 -3 44 0 0.05 M M 3.4 13 350 M M 7 18 19 10
10 30 2 16 -8 49 0 0.00 M M 1.3 7 180 M M 0 14 150
11 32 7 20 -4 45 0 0.00 M M 0.8 6 230 M M 6 7 240
12 33 22 28 4 37 0 0.00 M M 0.4 7 180 M M 10 8 180
13 33 8 21 -3 44 0 0.00 M M 1.7 9 200 M M 6 1 10 190
14 30 16 23 -2 42 0 0.34 M M 3.0 15 180 M M 9 1 20 160
15 34 27 31 6 34 0 0.47 M M 5.3 16 20 M M 9 1 24 10
16 30 5 18 -7 47 0 0.15 M M 5.0 15 10 M M 4 1 21 20
17 27 -3 12 -13 53 0 0.02 M M 1.9 10 70 M M 3 18 12 70
18 31 22 27 2 38 0 0.05 M M 1.4 9 150 M M 10 1 15 120
19 36 17 27 1 38 0 T M M 2.0 9 150 M M 8 12 11 150
20 37 28 33 7 32 0 0.32 M M 4.5 14 160 M M 9 12 20 140
21 38 30 34 8 31 0 0.13 M M 1.3 7 200 M M 10 12 M M
22 37 21 29 3 36 0 0.00 M M 1.4 7 230 M M 7 12 8 210
23 39 17 28 2 37 0 0.00 M M 1.4 7 340 M M 6 128 9 340
24 41 12 27 0 38 0 0.00 M M 2.3 12 180 M M 4 128 15 180
25 40 30 35 8 30 0 0.02 M M 4.7 18 180 M M 10 1 24 180
26 40 14 27 0 38 0 0.32 M M 8.3 23 190 M M 8 12 33 170
27 26 12 19 -9 46 0 0.01 M M 3.9 15 250 M M 8 21 230
28 33 21 27 -1 38 0 0.11 M M 6.9 16 180 M M 10 18 21 170
29 37 28 33 5 32 0 0.68 M M 12.0 22 160 M M 10 123 40 190
================================================================================
SM 995 563 1099 0 3.81 M 98.5 M 229
================================================================================
AV 34.3 19.4 3.4 FASTST M M 8 MAX(MPH)
MISC ----> 23 190 40 190
================================================================================
NOTES:
# LAST OF SEVERAL OCCURRENCES
COLUMN 17 PEAK WIND IN M.P.H.
PRELIMINARY LOCAL CLIMATOLOGICAL DATA (WS FORM: F-6) , PAGE 2
STATION: MCCALL ID
MONTH: FEBRUARY
YEAR: 2024
LATITUDE: 44 52 N
LONGITUDE: 116 6 W
[TEMPERATURE DATA] [PRECIPITATION DATA] SYMBOLS USED IN COLUMN 16
AVERAGE MONTHLY: 26.9 TOTAL FOR MONTH: 3.81 1 = FOG OR MIST
DPTR FM NORMAL: 2.0 DPTR FM NORMAL: 1.49 2 = FOG REDUCING VISIBILITY
HIGHEST: 41 ON 24, 1 GRTST 24HR 0.68 ON 28-28 TO 1/4 MILE OR LESS
LOWEST: -3 ON 17 3 = THUNDER
SNOW, ICE PELLETS, HAIL 4 = ICE PELLETS
TOTAL MONTH: M 5 = HAIL
GRTST 24HR M ON M 6 = FREEZING RAIN OR DRIZZLE
GRTST DEPTH: M ON M 7 = DUSTSTORM OR SANDSTORM:
VSBY 1/2 MILE OR LESS
8 = SMOKE OR HAZE
[NO. OF DAYS WITH] [WEATHER - DAYS WITH] 9 = BLOWING SNOW
X = TORNADO
MAX 32 OR BELOW: 10 0.01 INCH OR MORE: 21
MAX 90 OR ABOVE: 0 0.10 INCH OR MORE: 11
MIN 32 OR BELOW: 29 0.50 INCH OR MORE: 1
MIN 0 OR BELOW: 1 1.00 INCH OR MORE: 0
[HDD (BASE 65) ]
TOTAL THIS MO. 1099 CLEAR (SCALE 0-3) 2
DPTR FM NORMAL -24 PTCLDY (SCALE 4-7) 11
TOTAL FM JUL 1 5474 CLOUDY (SCALE 8-10) 16
DPTR FM NORMAL -630
[CDD (BASE 65) ]
TOTAL THIS MO. 0
DPTR FM NORMAL 0 [PRESSURE DATA]
TOTAL FM JAN 1 0 HIGHEST SLP 30.48 ON 23
DPTR FM NORMAL 0 LOWEST SLP 29.44 ON 29
[REMARKS]
#FINAL-02-24#