000
CXUS56 KSTO 290019
CF6MYV
PRELIMINARY LOCAL CLIMATOLOGICAL DATA (WS FORM: F-6)
STATION: MARYSVILLE
MONTH: SEPTEMBER
YEAR: 2021
LATITUDE: 39 6 N
LONGITUDE: 121-34 E
TEMPERATURE IN F: :PCPN: SNOW: WIND :SUNSHINE: SKY :PK WND
================================================================================
1 2 3 4 5 6A 6B 7 8 9 10 11 12 13 14 15 16 17 18
12Z AVG MX 2MIN
DY MAX MIN AVG DEP HDD CDD WTR SNW DPTH SPD SPD DIR MIN PSBL S-S WX SPD DR
================================================================================
1 83 56 70 -5 0 5 0.00 0.0 M 10.3 17 170 M M 0 21 170
2 87 51 69 -6 0 4 0.00 0.0 M 3.7 14 140 M M 0 8 17 130
3 92 51 72 -3 0 7 0.00 0.0 M 3.0 9 170 M M 1 12 140
4 97 53 75 0 0 10 0.00 0.0 M 3.0 9 230 M M 0 8 11 290
5 100 56 78 3 0 13 0.00 0.0 M 2.8 8 110 M M 1 11 300
6 104 59 82 7 0 17 0.00 0.0 M 3.2 8 320 M M 0 12 310
7 106 63 85 11 0 20 0.00 0.0 M 3.7 10 130 M M 0 13 140
8 108 64 86 12 0 21 0.00 M M 1.8 7 70 M M 0 10 350
9 102 67 85 11 0 20 T M M 7.8 20 160 M M 1 3 25 170
10 92 67 80 6 0 15 0.01 0.0 M 5.1 15 150 M M 2 3 20 160
11 95 57 76 2 0 11 0.00 M M 3.2 9 240 M M 0 13 330
12 98 59 79 5 0 14 0.00 M M 2.5 8 240 M M 0 12 250
13 98 63 81 8 0 16 0.00 M M 2.0 8 330 M M 0 8 10 250
14 97 61 79 6 0 14 0.00 0.0 M 4.6 10 150 M M 0 8 14 210
15 92 59 76 3 0 11 0.00 0.0 M 8.1 17 170 M M 0 21 160
16 86 55 71 -2 0 6 0.00 0.0 M 5.7 14 140 M M 0 17 140
17 88 52 70 -2 0 5 0.00 0.0 M 6.9 16 140 M M 0 21 140
18 83 56 70 -2 0 5 0.01 0.0 M 14.0 21 150 M M 3 26 150
19 82 60 71 -1 0 6 0.00 0.0 M 8.8 16 320 M M 1 22 330
20 94 62 78 6 0 13 0.00 0.0 M 11.2 22 330 M M 0 27 330
21 96 54 75 3 0 10 0.00 0.0 M 3.0 8 280 M M 0 11 200
22 97 58 78 7 0 13 0.00 0.0 M 3.4 10 220 M M 0 8 14 200
23 99 57 78 7 0 13 0.00 0.0 M 7.2 17 320 M M 0 22 330
24 97 56 77 6 0 12 0.00 M M 3.9 14 150 M M 0 8 18 150
25 92 61 77 6 0 12 0.00 M M 7.7 14 160 M M 0 18 150
26 85 55 70 0 0 5 0.00 0.0 M 10.9 17 160 M M 0 22 160
27 83 55 69 -1 0 4 0.01 0.0 M 9.5 17 250 M M 4 23 250
28 81 55 68 -2 0 3 0.00 0.0 M 11.4 25 320 M M 0 30 340
29 86 45 66 -4 0 1 0.00 0.0 M 4.0 15 330 M M 0 18 330
30 89 46 68 -1 0 3 0.00 0.0 M 3.3 8 140 M M 0 10 340
================================================================================
SM 2789 1713 0 309 0.03 0.0 175.7 M 13
================================================================================
AV 93.0 57.1 5.9 FASTST M M 0 MAX(MPH)
MISC ----> 25 320 30 340
================================================================================
NOTES:
# LAST OF SEVERAL OCCURRENCES
COLUMN 17 PEAK WIND IN M.P.H.
PRELIMINARY LOCAL CLIMATOLOGICAL DATA (WS FORM: F-6) , PAGE 2
STATION: MARYSVILLE
MONTH: SEPTEMBER
YEAR: 2021
LATITUDE: 39 6 N
LONGITUDE: 121-34 E
[TEMPERATURE DATA] [PRECIPITATION DATA] SYMBOLS USED IN COLUMN 16
AVERAGE MONTHLY: 75.0 TOTAL FOR MONTH: 0.03 1 = FOG OR MIST
DPTR FM NORMAL: 2.3 DPTR FM NORMAL: -0.08 2 = FOG REDUCING VISIBILITY
HIGHEST: 108 ON 8 GRTST 24HR 0.01 ON 9-10 TO 1/4 MILE OR LESS
LOWEST: 45 ON 29 3 = THUNDER
SNOW, ICE PELLETS, HAIL 4 = ICE PELLETS
TOTAL MONTH: 0.0 INCH 5 = HAIL
GRTST 24HR 0.0 6 = FREEZING RAIN OR DRIZZLE
GRTST DEPTH: M ON M 7 = DUSTSTORM OR SANDSTORM:
VSBY 1/2 MILE OR LESS
8 = SMOKE OR HAZE
[NO. OF DAYS WITH] [WEATHER - DAYS WITH] 9 = BLOWING SNOW
X = TORNADO
MAX 32 OR BELOW: 0 0.01 INCH OR MORE: 3
MAX 90 OR ABOVE: 19 0.10 INCH OR MORE: 0
MIN 32 OR BELOW: 0 0.50 INCH OR MORE: 0
MIN 0 OR BELOW: 0 1.00 INCH OR MORE: 0
[HDD (BASE 65) ]
TOTAL THIS MO. 0 CLEAR (SCALE 0-3) 29
DPTR FM NORMAL -6 PTCLDY (SCALE 4-7) 1
TOTAL FM JUL 1 0 CLOUDY (SCALE 8-10) 0
DPTR FM NORMAL -3
[CDD (BASE 65) ]
TOTAL THIS MO. 309
DPTR FM NORMAL 74 [PRESSURE DATA]
TOTAL FM JAN 1 1824 HIGHEST SLP 30.12 ON 21
DPTR FM NORMAL 388 LOWEST SLP 29.66 ON 1
[REMARKS]
#FINAL-09-21#