000
CXUS53 KBIS 010830
CF6N60
PRELIMINARY LOCAL CLIMATOLOGICAL DATA (WS FORM: F-6)
STATION: GARRISON (AMOS) ND
MONTH: MAY
YEAR: 2023
LATITUDE: 47 39 N
LONGITUDE: 101 23 W
TEMPERATURE IN F: :PCPN: SNOW: WIND :SUNSHINE: SKY :PK WND
================================================================================
1 2 3 4 5 6A 6B 7 8 9 10 11 12 13 14 15 16 17 18
12Z AVG MX 2MIN
DY MAX MIN AVG DEP HDD CDD WTR SNW DPTH SPD SPD DIR MIN PSBL S-S WX SPD DR
================================================================================
1 59 24 42 -6 23 0 0.00 M M 5.3 15 20 M M 0 24 10
2 68 24 46 -2 19 0 0.00 M M 4.9 13 140 M M 0 17 160
3 78 29 54 6 11 0 0.00 M M 4.3 14 80 M M 0 20 80
4 74 39 57 8 8 0 0.00 M M 8.2 18 70 M M 0 26 70
5 68 37 53 4 12 0 0.00 M M 10.5 23 100 M M 0 32 80
6 59 43 51 1 14 0 0.00 M M 12.1 24 90 M M 0 33 80
7 54 43 49 -1 16 0 0.35 M M 6.2 12 20 M M 0 19 20
8 60 43 52 2 13 0 0.08 M M 4.2 17 290 M M 0 26 290
9 73 43 58 7 7 0 0.01 M M 10.6 23 120 M M 0 32 120
10 80 44 62 11 3 0 0.00 M M 5.4 15 120 M M 0 19 120
11 78 53 66 14 0 1 0.14 M M 8.2 18 160 M M 0 26 30
12 61 51 56 4 9 0 0.91 M M 11.8 20 20 M M 0 32 40
13 57 49 53 0 12 0 0.67 M M 14.6 23 20 M M 0 36 20
14 73 44 59 6 6 0 0.00 M M 6.3 13 20 M M 0 19 40
15 76 43 60 7 5 0 0.00 M M 5.7 16 210 M M 0 22 220
16 80 47 64 10 1 0 0.00 M M 4.0 12 160 M M 0 17 200
17 65 45 55 1 10 0 0.03 M M 10.2 26 330 M M 0 34 350
18 50 36 43 -12 22 0 0.00 M M 11.9 29 320 M M 0 36 310
19 66 33 50 -5 15 0 0.00 M M 7.3 14 330 M M 0 20 330
20 80 36 58 3 7 0 0.00 M M 8.0 18 200 M M 0 29 270
21 75 50 63 7 2 0 0.00 M M 7.1 14 70 M M 0 21 70
22 82 48 65 9 0 0 0.00 M M 5.2 13 190 M M 0 17 190
23 86 50 68 12 0 3 0.00 M M 7.4 23 80 M M 0 35 60
24 87 59 73 16 0 8 0.00 M M 15.7 24 130 M M 0 32 130
25 85 59 72 15 0 7 0.00 M M 14.1 25 170 M M 0 32 170
26 84 59 72 15 0 7 0.00 M M 14.3 24 170 M M 0 32 160
27 83 59 71 13 0 6 0.00 M M 10.8 24 160 M M 0 32 170
28 79 58 69 11 0 4 0.01 M M 8.0 22 230 M M 0 27 230
29 81 52 67 9 0 2 0.01 M M 7.2 26 200 M M 0 34 210
30 83 51 67 8 0 2 0.00 M M 6.3 18 350 M M 0 26 340
31 76 52 64 5 1 0 0.03 M M 5.7 28 130 M M 0 34 120
================================================================================
SM 2260 1403 216 40 2.24 M 261.5 M 0
================================================================================
AV 72.9 45.3 8.4 FASTST M M 0 MAX(MPH)
MISC ----> 29 320 # 36 20
================================================================================
NOTES:
# LAST OF SEVERAL OCCURRENCES
COLUMN 17 PEAK WIND IN M.P.H.
PRELIMINARY LOCAL CLIMATOLOGICAL DATA (WS FORM: F-6) , PAGE 2
STATION: GARRISON (AMOS) ND
MONTH: MAY
YEAR: 2023
LATITUDE: 47 39 N
LONGITUDE: 101 23 W
[TEMPERATURE DATA] [PRECIPITATION DATA] SYMBOLS USED IN COLUMN 16
AVERAGE MONTHLY: 59.1 TOTAL FOR MONTH: 2.24 1 = FOG OR MIST
DPTR FM NORMAL: 5.5 DPTR FM NORMAL: -0.38 2 = FOG REDUCING VISIBILITY
HIGHEST: 87 ON 24 GRTST 24HR 1.17 ON 12-13 TO 1/4 MILE OR LESS
LOWEST: 24 ON 2, 1 3 = THUNDER
SNOW, ICE PELLETS, HAIL 4 = ICE PELLETS
TOTAL MONTH: M 5 = HAIL
GRTST 24HR M ON M 6 = FREEZING RAIN OR DRIZZLE
GRTST DEPTH: M ON M 7 = DUSTSTORM OR SANDSTORM:
VSBY 1/2 MILE OR LESS
8 = SMOKE OR HAZE
[NO. OF DAYS WITH] [WEATHER - DAYS WITH] 9 = BLOWING SNOW
X = TORNADO
MAX 32 OR BELOW: 0 0.01 INCH OR MORE: 10
MAX 90 OR ABOVE: 0 0.10 INCH OR MORE: 4
MIN 32 OR BELOW: 3 0.50 INCH OR MORE: 2
MIN 0 OR BELOW: 0 1.00 INCH OR MORE: 0
[HDD (BASE 65) ]
TOTAL THIS MO. 216 CLEAR (SCALE 0-3) 31
DPTR FM NORMAL -146 PTCLDY (SCALE 4-7) 0
TOTAL FM JUL 1 9495 CLOUDY (SCALE 8-10) 0
DPTR FM NORMAL 545
[CDD (BASE 65) ]
TOTAL THIS MO. 40
DPTR FM NORMAL 32 [PRESSURE DATA]
TOTAL FM JAN 1 40 HIGHEST SLP 30.58 ON 14
DPTR FM NORMAL 32 LOWEST SLP 29.67 ON 29
[REMARKS]
#FINAL-05-23#