000
CXUS56 KMTR 010900
CF6OAK
PRELIMINARY LOCAL CLIMATOLOGICAL DATA (WS FORM: F-6)
STATION: OAKLAND AIRPORT
MONTH: OCTOBER
YEAR: 2022
LATITUDE: 37 43 N
LONGITUDE: 122 13 W
TEMPERATURE IN F: :PCPN: SNOW: WIND :SUNSHINE: SKY :PK WND
================================================================================
1 2 3 4 5 6A 6B 7 8 9 10 11 12 13 14 15 16 17 18
12Z AVG MX 2MIN
DY MAX MIN AVG DEP HDD CDD WTR SNW DPTH SPD SPD DIR MIN PSBL S-S WX SPD DR
================================================================================
1 69 57 63 -1 2 0 0.00 M M 8.4 17 280 M M 7 23 260
2 72 61 67 3 0 2 0.00 M M 8.9 15 270 M M 5 17 230
3 72 53 63 0 2 0 0.00 M M 7.8 18 270 M M 1 25 290
4 67 54 61 -2 4 0 0.00 M M 7.2 16 280 M M 6 20 280
5 73 52 63 0 2 0 0.00 M M 6.1 16 300 M M 4 18 300
6 72 52 62 -1 3 0 0.00 M M 6.1 17 300 M M 5 1 21 300
7 72 54 63 0 2 0 0.00 M M 6.2 16 290 M M 2 1 19 290
8 M M M M M M 0.00 M M 7.3 17 290 M M 4 128 22 290
9 M M M M M M 0.00 M M 7.6 15 290 M M 7 1 20 290
10 69 M M M M M 0.00 M M 6.9 17 290 M M 6 20 290
11 66 M M M M M 0.00 M M 7.0 17 300 M M 6 22 290
12 68 56 62 0 3 0 0.00 M M 7.5 18 300 M M 7 22 280
13 66 56 61 -1 4 0 0.00 M M 8.7 17 290 M M 7 20 290
14 66 55 61 -1 4 0 0.00 M M 6.9 17 290 M M 8 21 290
15 67 58 63 1 2 0 0.00 M M 8.1 17 270 M M 9 22 270
16 67 52 60 -2 5 0 0.00 M M 7.0 13 270 M M 8 18 270
17 72 47 60 -1 5 0 0.00 M M 4.6 14 290 M M 5 1 17 300
18 78 53 66 5 0 1 0.00 M M 2.4 8 290 M M 6 10 280
19 87 52 70 9 0 5 0.00 M M 3.3 10 290 M M 3 1 14 290
20 71 50 61 0 4 0 0.00 M M 7.3 16 300 M M 2 1 20 300
21 64 53 59 -2 6 0 0.00 M M 8.7 23 290 M M 7 1 34 310
22 69 57 63 3 2 0 0.00 M M 15.5 31 300 M M 6 40 320
23 70 49 60 0 5 0 0.00 M M 8.8 22 280 M M 0 36 310
24 72 44 58 -2 7 0 0.00 M M 4.7 13 280 M M 2 15 290
25 66 48 57 -3 8 0 0.00 M M 6.6 15 270 M M 5 22 260
26 66 45 56 -4 9 0 0.00 M M 6.5 16 280 M M 3 22 230
27 69 43 56 -3 9 0 0.00 M M 4.6 12 310 M M 1 14 320
28 65 44 55 -4 10 0 0.00 M M 4.8 17 280 M M 4 22 250
29 68 42 55 -4 10 0 0.00 M M 4.2 13 280 M M 3 1 16 270
30 65 51 58 -1 7 0 0.00 M M 6.5 17 290 M M 6 19 290
31 64 48 56 -2 9 0 0.00 M M 6.7 16 280 M M 7 20 220
================================================================================
SM 2012 1386 124 8 0.00 M 212.9 M 152
================================================================================
AV 69.4 51.3 6.9 FASTST M M 5 MAX(MPH)
MISC ----> 31 300 40 320
================================================================================
NOTES:
# LAST OF SEVERAL OCCURRENCES
COLUMN 17 PEAK WIND IN M.P.H.
PRELIMINARY LOCAL CLIMATOLOGICAL DATA (WS FORM: F-6) , PAGE 2
STATION: OAKLAND AIRPORT
MONTH: OCTOBER
YEAR: 2022
LATITUDE: 37 43 N
LONGITUDE: 122 13 W
[TEMPERATURE DATA] [PRECIPITATION DATA] SYMBOLS USED IN COLUMN 16
AVERAGE MONTHLY: 60.4 TOTAL FOR MONTH: 0.00 1 = FOG OR MIST
DPTR FM NORMAL: -1.0 DPTR FM NORMAL: -0.88 2 = FOG REDUCING VISIBILITY
HIGHEST: 87 ON 19 GRTST 24HR 0.00 ON 1- 1 TO 1/4 MILE OR LESS
LOWEST: 42 ON 29 3 = THUNDER
SNOW, ICE PELLETS, HAIL 4 = ICE PELLETS
TOTAL MONTH: M 5 = HAIL
GRTST 24HR M ON M 6 = FREEZING RAIN OR DRIZZLE
GRTST DEPTH: M ON M 7 = DUSTSTORM OR SANDSTORM:
VSBY 1/2 MILE OR LESS
8 = SMOKE OR HAZE
[NO. OF DAYS WITH] [WEATHER - DAYS WITH] 9 = BLOWING SNOW
X = TORNADO
MAX 32 OR BELOW: 0 0.01 INCH OR MORE: 0
MAX 90 OR ABOVE: 0 0.10 INCH OR MORE: 0
MIN 32 OR BELOW: 0 0.50 INCH OR MORE: 0
MIN 0 OR BELOW: 0 1.00 INCH OR MORE: 0
[HDD (BASE 65) ]
TOTAL THIS MO. 124 CLEAR (SCALE 0-3) 7
DPTR FM NORMAL -9 PTCLDY (SCALE 4-7) 23
TOTAL FM JUL 1 200 CLOUDY (SCALE 8-10) 1
DPTR FM NORMAL -100
[CDD (BASE 65) ]
TOTAL THIS MO. 8
DPTR FM NORMAL -12 [PRESSURE DATA]
TOTAL FM JAN 1 237 HIGHEST SLP M ON M
DPTR FM NORMAL 62 LOWEST SLP 29.74 ON 22
[REMARKS]
#FINAL-10-22#