000
CXUS56 KMTR 010900
CF6OAK
PRELIMINARY LOCAL CLIMATOLOGICAL DATA (WS FORM: F-6)
STATION: OAKLAND AIRPORT
MONTH: JUNE
YEAR: 2022
LATITUDE: 37 43 N
LONGITUDE: 122 13 W
TEMPERATURE IN F: :PCPN: SNOW: WIND :SUNSHINE: SKY :PK WND
================================================================================
1 2 3 4 5 6A 6B 7 8 9 10 11 12 13 14 15 16 17 18
12Z AVG MX 2MIN
DY MAX MIN AVG DEP HDD CDD WTR SNW DPTH SPD SPD DIR MIN PSBL S-S WX SPD DR
================================================================================
1 74 50 62 1 3 0 0.00 M M 8.2 20 280 M M 2 1 24 270
2 67 53 60 -2 5 0 0.00 M M 10.5 18 280 M M 6 26 240
3 69 54 62 0 3 0 0.00 M M 9.5 20 260 M M 8 1 26 260
4 70 57 64 2 1 0 0.02 M M 6.9 18 240 M M 9 25 260
5 73 60 67 5 0 2 0.25 M M 7.7 18 300 M M 8 1 22 300
6 70 55 63 1 2 0 0.00 M M 8.9 17 260 M M 4 30 240
7 67 51 59 -3 6 0 0.00 M M 9.4 21 270 M M 5 26 280
8 68 55 62 0 3 0 0.00 M M 10.5 21 270 M M 6 25 270
9 78 53 66 4 0 1 0.00 M M 6.3 14 270 M M 6 20 240
10 86 59 73 11 0 8 0.00 M M 6.2 18 280 M M 3 22 230
11 79 60 70 8 0 5 0.00 M M 7.9 20 280 M M 1 24 260
12 75 57 66 4 0 1 T M M 11.5 24 260 M M 7 29 250
13 73 52 63 0 2 0 0.00 M M 8.5 21 270 M M 1 25 240
14 78 53 66 3 0 1 0.00 M M 8.3 20 290 M M 0 25 290
15 70 54 62 -1 3 0 0.00 M M 9.5 23 270 M M 1 28 290
16 69 51 60 -3 5 0 0.00 M M 16.0 36 280 M M 4 46 280
17 67 55 61 -2 4 0 0.00 M M 13.8 23 280 M M 6 28 280
18 69 50 60 -3 5 0 0.00 M M 10.8 22 290 M M 3 29 300
19 77 51 64 1 1 0 0.00 M M 8.0 22 280 M M 1 25 280
20 80 52 66 3 0 1 0.00 M M 6.2 16 300 M M 2 21 310
21 98 57 78 15 0 13 0.00 M M 6.2 16 300 M M 0 23 300
22 83 61 72 9 0 7 T M M 9.1 23 300 M M 4 29 310
23 76 57 67 4 0 2 0.00 M M 9.3 20 310 M M 3 24 310
24 73 54 64 0 1 0 0.00 M M 10.3 21 300 M M 2 25 300
25 71 55 63 -1 2 0 0.00 M M 10.4 22 300 M M 1 27 300
26 70 56 63 -1 2 0 0.00 M M 9.3 20 280 M M 5 24 300
27 71 56 64 0 1 0 0.00 M M 10.0 22 280 M M 5 25 280
28 70 55 63 -1 2 0 0.00 M M 9.3 16 250 M M 4 27 240
29 66 56 61 -3 4 0 0.00 M M 10.4 20 280 M M 7 26 290
30 62 55 59 -5 6 0 0.00 M M 12.8 21 260 M M 8 27 240
================================================================================
SM 2199 1644 61 41 0.27 M 281.7 M 122
================================================================================
AV 73.3 54.8 9.4 FASTST M M 4 MAX(MPH)
MISC ----> 36 280 46 280
================================================================================
NOTES:
# LAST OF SEVERAL OCCURRENCES
COLUMN 17 PEAK WIND IN M.P.H.
PRELIMINARY LOCAL CLIMATOLOGICAL DATA (WS FORM: F-6) , PAGE 2
STATION: OAKLAND AIRPORT
MONTH: JUNE
YEAR: 2022
LATITUDE: 37 43 N
LONGITUDE: 122 13 W
[TEMPERATURE DATA] [PRECIPITATION DATA] SYMBOLS USED IN COLUMN 16
AVERAGE MONTHLY: 64.1 TOTAL FOR MONTH: 0.27 1 = FOG OR MIST
DPTR FM NORMAL: 1.4 DPTR FM NORMAL: 0.09 2 = FOG REDUCING VISIBILITY
HIGHEST: 98 ON 21 GRTST 24HR 0.27 ON 4- 5 TO 1/4 MILE OR LESS
LOWEST: 50 ON 18, 1 3 = THUNDER
SNOW, ICE PELLETS, HAIL 4 = ICE PELLETS
TOTAL MONTH: M 5 = HAIL
GRTST 24HR M ON M 6 = FREEZING RAIN OR DRIZZLE
GRTST DEPTH: M ON M 7 = DUSTSTORM OR SANDSTORM:
VSBY 1/2 MILE OR LESS
8 = SMOKE OR HAZE
[NO. OF DAYS WITH] [WEATHER - DAYS WITH] 9 = BLOWING SNOW
X = TORNADO
MAX 32 OR BELOW: 0 0.01 INCH OR MORE: 2
MAX 90 OR ABOVE: 1 0.10 INCH OR MORE: 1
MIN 32 OR BELOW: 0 0.50 INCH OR MORE: 0
MIN 0 OR BELOW: 0 1.00 INCH OR MORE: 0
[HDD (BASE 65) ]
TOTAL THIS MO. 61 CLEAR (SCALE 0-3) 13
DPTR FM NORMAL -31 PTCLDY (SCALE 4-7) 15
TOTAL FM JUL 1 2465 CLOUDY (SCALE 8-10) 2
DPTR FM NORMAL -225
[CDD (BASE 65) ]
TOTAL THIS MO. 41
DPTR FM NORMAL 17 [PRESSURE DATA]
TOTAL FM JAN 1 52 HIGHEST SLP M ON M
DPTR FM NORMAL 11 LOWEST SLP 29.81 ON 21
[REMARKS]
#FINAL-06-22#