868
CXUS53 KOAX 081312
CF6OAX
PRELIMINARY LOCAL CLIMATOLOGICAL DATA (WS FORM: F-6)
STATION: VALLEY NWS NE
MONTH: SEPTEMBER
YEAR: 2020
LATITUDE: 41 19 N
LONGITUDE: 96 22 W
TEMPERATURE IN F: :PCPN: SNOW: WIND :SUNSHINE: SKY :PK WND
================================================================================
1 2 3 4 5 6A 6B 7 8 9 10 11 12 13 14 15 16 17 18
12Z AVG MX 2MIN
DY MAX MIN AVG DEP HDD CDD WTR SNW DPTH SPD SPD DIR MIN PSBL S-S WX SPD DR
================================================================================
1 78 56 67 -4 0 2 0.00 0.0 0 M M M M M M 18 M
2 90 58 74 4 0 9 0.00 0.0 0 M M M M M M 12 17 M
3 79 58 69 -1 0 4 0.00 0.0 0 M M M M M M 35 M
4 86 52 69 -1 0 4 0.00 0.0 0 M M M M M M 23 M
5 95 58 77 7 0 12 0.00 0.0 0 M M M M M M 22 M
6 94 72 83 14 0 18 0.00 0.0 0 M M M M M M 25 M
7 77 53 65 -4 0 0 0.16 0.0 0 M M M M M M 3 36 M
8 54 43 49 -19 16 0 1.62 0.0 0 M M M M M M 3 32 M
9 50 43 47 -21 18 0 0.36 0.0 0 M M M M M M 1 25 M
10 56 45 51 -17 14 0 0.29 0.0 0 M M M M M M 1 18 M
11 58 53 56 -12 9 0 0.03 0.0 0 M M M M M M 1 12 M
12 73 54 64 -3 1 0 0.00 0.0 0 M M M M M M 1 21 M
13 81 49 65 -2 0 0 0.00 0.0 0 M M M M M M 1 9 M
14 79 56 68 2 0 3 0.00 0.0 0 M M M M M M 1 15 M
15 82 58 70 4 0 5 0.00 0.0 0 M M M M M M 26 M
16 77 55 66 0 0 1 0.00 0.0 0 M M M M M M 8 24 M
17 71 48 60 -5 5 0 0.00 0.0 0 M M M M M M 10 M
18 71 49 60 -5 5 0 0.00 0.0 0 M M M M M M 15 M
19 75 57 66 2 0 1 0.00 0.0 0 M M M M M M 28 M
20 79 56 68 4 0 3 0.00 0.0 0 M M M M M M 30 M
21 82 56 69 5 0 4 0.00 0.0 0 M M M M M M 18 M
22 83 57 70 7 0 5 0.00 0.0 0 M M M M M M 16 M
23 81 60 71 8 0 6 0.00 0.0 0 M M M M M M 1 20 M
24 84 60 72 10 0 7 0.00 0.0 0 M M M M M M 16 M
25 89 63 76 14 0 11 0.00 0.0 0 M M M M M M 16 M
26 89 60 75 13 0 10 0.00 0.0 0 M M M M M M 8 32 M
27 68 55 62 1 3 0 0.01 0.0 0 M M M M M M 3 25 M
28 65 48 57 -4 8 0 0.00 0.0 0 M M M M M M 36 M
29 81 44 63 3 2 0 0.00 0.0 0 M M M M M M 26 M
30 70 50 60 0 5 0 0.00 0.0 0 M M M M M M 38 M
================================================================================
SM 2297 1626 86 105 2.47 0.0 M M M
================================================================================
AV 76.6 54.2 M FASTST M M 0 MAX(MPH)
MISC ----> M M 38 M
================================================================================
NOTES:
# LAST OF SEVERAL OCCURRENCES
COLUMN 17 PEAK WIND IN M.P.H.
PRELIMINARY LOCAL CLIMATOLOGICAL DATA (WS FORM: F-6) , PAGE 2
STATION: VALLEY NWS NE
MONTH: SEPTEMBER
YEAR: 2020
LATITUDE: 41 19 N
LONGITUDE: 96 22 W
[TEMPERATURE DATA] [PRECIPITATION DATA] SYMBOLS USED IN COLUMN 16
AVERAGE MONTHLY: 65.4 TOTAL FOR MONTH: 2.47 1 = FOG OR MIST
DPTR FM NORMAL: -0.2 DPTR FM NORMAL: -0.38 2 = FOG REDUCING VISIBILITY
HIGHEST: 95 ON 5 GRTST 24HR 1.62 ON 8- 8 TO 1/4 MILE OR LESS
LOWEST: 43 ON 9, 8 3 = THUNDER
SNOW, ICE PELLETS, HAIL 4 = ICE PELLETS
TOTAL MONTH: 0.0 INCH 5 = HAIL
GRTST 24HR 0.0 6 = FREEZING RAIN OR DRIZZLE
GRTST DEPTH: 0 7 = DUSTSTORM OR SANDSTORM:
VSBY 1/2 MILE OR LESS
8 = SMOKE OR HAZE
[NO. OF DAYS WITH] [WEATHER - DAYS WITH] 9 = BLOWING SNOW
X = TORNADO
MAX 32 OR BELOW: 0 0.01 INCH OR MORE: 6
MAX 90 OR ABOVE: 3 0.10 INCH OR MORE: 4
MIN 32 OR BELOW: 0 0.50 INCH OR MORE: 1
MIN 0 OR BELOW: 0 1.00 INCH OR MORE: 1
[HDD (BASE 65) ]
TOTAL THIS MO. 86 CLEAR (SCALE 0-3) 0
DPTR FM NORMAL -4 PTCLDY (SCALE 4-7) 0
TOTAL FM JUL 1 86 CLOUDY (SCALE 8-10) 0
DPTR FM NORMAL -10
[CDD (BASE 65) ]
TOTAL THIS MO. 105
DPTR FM NORMAL -3 [PRESSURE DATA]
TOTAL FM JAN 1 1291 HIGHEST SLP M ON M
DPTR FM NORMAL 232 LOWEST SLP M ON M
[REMARKS]
#FINAL-09-20#