000
CXUS54 KMAF 011457
CF6ODO
PRELIMINARY LOCAL CLIMATOLOGICAL DATA (WS FORM: F-6)
STATION: ODESSA SCHLEYMEYER
MONTH: AUGUST
YEAR: 2021
LATITUDE: 31 55 N
LONGITUDE: 102 23 W
TEMPERATURE IN F: :PCPN: SNOW: WIND :SUNSHINE: SKY :PK WND
================================================================================
1 2 3 4 5 6A 6B 7 8 9 10 11 12 13 14 15 16 17 18
12Z AVG MX 2MIN
DY MAX MIN AVG DEP HDD CDD WTR SNW DPTH SPD SPD DIR MIN PSBL S-S WX SPD DR
================================================================================
1 84 70 77 -7 0 12 0.02 M M 9.4 20 80 M M 3 3 24 80
2 86 69 78 -6 0 13 0.02 M M 9.8 20 60 M M 6 8 24 50
3 90 62 76 -8 0 11 0.00 M M 5.9 12 70 M M 0 8 19 40
4 91 61 76 -8 0 11 0.00 M M 7.7 14 280 M M 1 8 22 300
5 89 70 80 -4 0 15 0.00 M M 7.9 15 150 M M 3 19 130
6 95 70 83 -1 0 18 0.00 M M 11.3 20 190 M M 1 24 190
7 99 71 85 1 0 20 0.00 M M 13.7 24 170 M M 1 30 170
8 104 76 90 6 0 25 T M M 15.1 24 200 M M 1 38 29 210
9 101 75 88 4 0 23 0.00 M M 11.7 22 170 M M 0 28 170
10 99 75 87 3 0 22 0.00 M M 14.1 23 220 M M 0 28 210
11 95 75 85 1 0 20 0.00 M M 13.1 24 170 M M 0 8 31 170
12 96 73 85 2 0 20 T M M 12.4 31 210 M M 3 3 38 210
13 94 69 82 -1 0 17 T M M 9.3 21 150 M M 2 27 150
14 84 71 78 -5 0 13 0.02 M M 10.7 20 80 M M 5 3 24 80
15 85 69 77 -6 0 12 0.04 M M 6.9 16 180 M M 4 20 170
16 90 68 79 -4 0 14 0.02 M M 7.9 18 180 M M 4 3 25 130
17 83 68 76 -7 0 11 0.27 M M 7.8 18 180 M M 7 1 24 140
18 93 67 80 -2 0 15 0.00 M M 8.5 22 200 M M 2 12 26 200
19 96 70 83 1 0 18 0.73 M M 10.6 32 230 M M 2 123 41 220
20 92 72 82 0 0 17 0.01 M M 9.9 23 160 M M 1 3 29 150
21 92 72 82 0 0 17 0.00 M M 11.7 21 140 M M 0 24 170
22 93 72 83 1 0 18 0.00 M M 13.5 22 160 M M 1 30 140
23 95 69 82 1 0 17 0.00 M M 12.7 20 160 M M 0 25 150
24 97 70 84 3 0 19 0.00 M M 11.4 18 140 M M 0 23 140
25 95 70 83 2 0 18 0.00 M M 11.7 21 140 M M 0 27 140
26 93 71 82 1 0 17 0.00 M M 9.4 18 130 M M 1 25 150
27 94 69 82 2 0 17 0.00 M M 8.2 16 130 M M 1 25 150
28 92 71 82 2 0 17 0.00 M M 10.6 20 150 M M 1 23 150
29 91 69 80 0 0 15 0.00 M M 9.7 21 150 M M 2 26 160
30 90 68 79 -1 0 14 0.00 M M 7.6 21 160 M M 3 28 150
31 96 70 83 4 0 18 0.00 M M 7.2 18 200 M M 0 23 210
================================================================================
SM 2874 2172 0 514 1.13 M 317.4 M 55
================================================================================
AV 92.7 70.1 10.2 FASTST M M 2 MAX(MPH)
MISC ----> 32 230 41 220
================================================================================
NOTES:
# LAST OF SEVERAL OCCURRENCES
COLUMN 17 PEAK WIND IN M.P.H.
PRELIMINARY LOCAL CLIMATOLOGICAL DATA (WS FORM: F-6) , PAGE 2
STATION: ODESSA SCHLEYMEYER
MONTH: AUGUST
YEAR: 2021
LATITUDE: 31 55 N
LONGITUDE: 102 23 W
[TEMPERATURE DATA] [PRECIPITATION DATA] SYMBOLS USED IN COLUMN 16
AVERAGE MONTHLY: 81.4 TOTAL FOR MONTH: 1.13 1 = FOG OR MIST
DPTR FM NORMAL: -1.0 DPTR FM NORMAL: -0.35 2 = FOG REDUCING VISIBILITY
HIGHEST: 104 ON 8 GRTST 24HR 0.73 ON 19-19 TO 1/4 MILE OR LESS
LOWEST: 61 ON 4 3 = THUNDER
SNOW, ICE PELLETS, HAIL 4 = ICE PELLETS
TOTAL MONTH: M 5 = HAIL
GRTST 24HR M ON M 6 = FREEZING RAIN OR DRIZZLE
GRTST DEPTH: M ON M 7 = DUSTSTORM OR SANDSTORM:
VSBY 1/2 MILE OR LESS
8 = SMOKE OR HAZE
[NO. OF DAYS WITH] [WEATHER - DAYS WITH] 9 = BLOWING SNOW
X = TORNADO
MAX 32 OR BELOW: 0 0.01 INCH OR MORE: 8
MAX 90 OR ABOVE: 25 0.10 INCH OR MORE: 2
MIN 32 OR BELOW: 0 0.50 INCH OR MORE: 1
MIN 0 OR BELOW: 0 1.00 INCH OR MORE: 0
[HDD (BASE 65) ]
TOTAL THIS MO. 0 CLEAR (SCALE 0-3) 25
DPTR FM NORMAL 0 PTCLDY (SCALE 4-7) 6
TOTAL FM JUL 1 0 CLOUDY (SCALE 8-10) 0
DPTR FM NORMAL 0
[CDD (BASE 65) ]
TOTAL THIS MO. 514
DPTR FM NORMAL -25 [PRESSURE DATA]
TOTAL FM JAN 1 1855 HIGHEST SLP 30.14 ON 14
DPTR FM NORMAL -195 LOWEST SLP 29.64 ON 31
[REMARKS]
#FINAL-08-21#