000
CXUS54 KMAF 011110
CF6ODO
PRELIMINARY LOCAL CLIMATOLOGICAL DATA (WS FORM: F-6)
STATION: ODESSA SCHLEYMEYER
MONTH: JUNE
YEAR: 2020
LATITUDE: 31 55 N
LONGITUDE: 102 23 W
TEMPERATURE IN F: :PCPN: SNOW: WIND :SUNSHINE: SKY :PK WND
================================================================================
1 2 3 4 5 6A 6B 7 8 9 10 11 12 13 14 15 16 17 18
12Z AVG MX 2MIN
DY MAX MIN AVG DEP HDD CDD WTR SNW DPTH SPD SPD DIR MIN PSBL S-S WX SPD DR
================================================================================
1 85 65 75 -4 0 10 T M M 10.5 28 110 M M 3 34 100
2 89 64 77 -2 0 12 0.00 M M 10.2 21 150 M M 1 1 25 150
3 95 68 82 3 0 17 0.00 M M 9.0 15 170 M M 0 21 160
4 98 71 85 6 0 20 0.00 M M 12.7 20 170 M M 0 26 170
5 99 73 86 6 0 21 0.00 M M 13.1 25 140 M M 0 31 140
6 95 72 84 4 0 19 0.00 M M 15.1 24 140 M M 0 31 150
7 98 70 84 4 0 19 0.00 M M 12.8 23 160 M M 0 31 170
8 104 70 87 7 0 22 0.00 M M 10.0 20 250 M M 0 26 290
9 91 67 79 -1 0 14 0.00 M M 15.6 30 330 M M 0 8 40 330
10 92 53 73 -7 0 8 0.00 M M 11.9 22 130 M M 0 8 29 120
11 95 68 82 2 0 17 0.00 M M 15.0 25 160 M M 0 33 140
12 95 64 80 -1 0 15 0.00 M M 12.9 23 150 M M 0 29 140
13 94 65 80 -1 0 15 0.00 M M 13.2 23 160 M M 0 30 160
14 92 69 81 0 0 16 0.00 M M 13.8 21 150 M M 0 29 150
15 90 65 78 -3 0 13 0.00 0.0 0 13.1 25 160 M M 0 30 170
16 92 68 80 -1 0 15 0.00 0.0 0 13.7 23 160 M M 1 38 150
17 97 72 85 4 0 20 T 0.0 0 17.7 31 200 M M 1 38 40 210
18 104 70 87 6 0 22 0.00 M M 13.0 29 140 M M 0 36 140
19 100 71 86 4 0 21 T 0.0 0 16.0 44 200 M M 0 38 56 210
20 96 66 81 -1 0 16 T 0.0 0 13.8 30 360 M M 2 3 42 280
21 104 71 88 6 0 23 0.00 0.0 0 13.3 26 190 M M 0 32 200
22 108 69 89 7 0 24 0.12 M M 12.9 38 240 M M 1 3 52 240
23 89 65 77 -5 0 12 T 0.0 0 9.8 33 30 M M 1 8 43 30
24 92 68 80 -2 0 15 0.00 0.0 0 9.2 18 120 M M 0 22 120
25 95 66 81 -1 0 16 0.00 0.0 0 8.9 17 170 M M 0 26 120
26 96 73 85 3 0 20 0.00 0.0 0 12.9 22 170 M M 0 27 180
27 96 72 84 2 0 19 0.00 0.0 0 13.7 25 180 M M 2 31 190
28 99 74 87 5 0 22 T 0.0 0 14.2 24 170 M M 0 8 33 180
29 102 71 87 5 0 22 0.00 M M 17.3 31 170 M M 0 8 38 170
30 103 71 87 5 0 22 0.00 M M 11.9 24 200 M M 0 30 240
================================================================================
SM 2885 2051 0 527 0.12 0.0 387.2 M 12
================================================================================
AV 96.2 68.4 12.9 FASTST M M 0 MAX(MPH)
MISC ----> 44 200 56 210
================================================================================
NOTES:
# LAST OF SEVERAL OCCURRENCES
COLUMN 17 PEAK WIND IN M.P.H.
PRELIMINARY LOCAL CLIMATOLOGICAL DATA (WS FORM: F-6) , PAGE 2
STATION: ODESSA SCHLEYMEYER
MONTH: JUNE
YEAR: 2020
LATITUDE: 31 55 N
LONGITUDE: 102 23 W
[TEMPERATURE DATA] [PRECIPITATION DATA] SYMBOLS USED IN COLUMN 16
AVERAGE MONTHLY: 82.3 TOTAL FOR MONTH: 0.12 1 = FOG OR MIST
DPTR FM NORMAL: 1.4 DPTR FM NORMAL: -1.50 2 = FOG REDUCING VISIBILITY
HIGHEST: 108 ON 22 GRTST 24HR 0.12 ON 22-22 TO 1/4 MILE OR LESS
LOWEST: 53 ON 10 3 = THUNDER
SNOW, ICE PELLETS, HAIL 4 = ICE PELLETS
TOTAL MONTH: 0.0 INCH 5 = HAIL
GRTST 24HR 0.0 6 = FREEZING RAIN OR DRIZZLE
GRTST DEPTH: 0 7 = DUSTSTORM OR SANDSTORM:
VSBY 1/2 MILE OR LESS
8 = SMOKE OR HAZE
[NO. OF DAYS WITH] [WEATHER - DAYS WITH] 9 = BLOWING SNOW
X = TORNADO
MAX 32 OR BELOW: 0 0.01 INCH OR MORE: 1
MAX 90 OR ABOVE: 27 0.10 INCH OR MORE: 1
MIN 32 OR BELOW: 0 0.50 INCH OR MORE: 0
MIN 0 OR BELOW: 0 1.00 INCH OR MORE: 0
[HDD (BASE 65) ]
TOTAL THIS MO. 0 CLEAR (SCALE 0-3) 30
DPTR FM NORMAL 0 PTCLDY (SCALE 4-7) 0
TOTAL FM JUL 1 2425 CLOUDY (SCALE 8-10) 0
DPTR FM NORMAL -59
[CDD (BASE 65) ]
TOTAL THIS MO. 527
DPTR FM NORMAL 50 [PRESSURE DATA]
TOTAL FM JAN 1 1046 HIGHEST SLP 30.21 ON 12
DPTR FM NORMAL 127 LOWEST SLP 29.49 ON 8
[REMARKS]
#FINAL-06-20#