000
CXUS53 KGID 010830
CF6ODX
PRELIMINARY LOCAL CLIMATOLOGICAL DATA (WS FORM: F-6)
STATION: ORD NE
MONTH: SEPTEMBER
YEAR: 2022
LATITUDE: 41 37 N
LONGITUDE: 98 57 W
TEMPERATURE IN F: :PCPN: SNOW: WIND :SUNSHINE: SKY :PK WND
================================================================================
1 2 3 4 5 6A 6B 7 8 9 10 11 12 13 14 15 16 17 18
12Z AVG MX 2MIN
DY MAX MIN AVG DEP HDD CDD WTR SNW DPTH SPD SPD DIR MIN PSBL S-S WX SPD DR
================================================================================
1 93 58 76 7 0 11 0.00 M M 5.9 16 180 M M 0 24 180
2 98 56 77 9 0 12 T M M 7.2 22 210 M M 0 3 33 240
3 83 47 65 -3 0 0 0.00 M M 6.6 13 30 M M 0 18 20
4 85 41 63 -5 2 0 0.00 M M 3.9 14 140 M M 0 19 70
5 89 46 68 1 0 3 0.00 M M 7.5 20 170 M M 1 12 26 200
6 96 57 77 10 0 12 0.00 M M 4.0 10 120 M M 0 15 120
7 91 53 72 5 0 7 0.00 M M 7.2 22 140 M M 2 12 31 160
8 96 68 82 16 0 17 0.00 M M 13.0 24 180 M M 0 36 200
9 73 54 64 -2 1 0 0.06 M M 13.3 21 360 M M 5 31 360
10 72 45 59 -7 6 0 0.14 M M 4.0 14 350 M M 4 1 20 360
11 78 38 58 -7 7 0 0.00 M M 3.9 13 270 M M 0 17 270
12 88 41 65 0 0 0 0.00 M M 2.2 13 170 M M 0 12 18 170
13 91 45 68 3 0 3 0.00 M M 1.4 8 190 M M 1 12 12 180
14 91 51 71 7 0 6 0.00 M M 9.2 21 140 M M 0 30 140
15 86 64 75 11 0 10 0.64 M M 8.0 22 180 M M 5 13 32 190
16 84 61 73 10 0 8 0.13 M M 7.1 21 310 M M 3 13 29 320
17 86 56 71 8 0 6 0.02 M M 4.1 20 110 M M 3 13 27 110
18 86 55 71 8 0 6 T M M 6.5 17 80 M M 1 25 70
19 93 52 73 11 0 8 0.00 M M 5.1 17 180 M M 2 12 23 180
20 98 53 76 14 0 11 0.00 M M 5.8 16 330 M M 0 22 330
21 67 50 59 -2 6 0 0.01 M M 9.2 22 360 M M 2 32 10
22 59 48 54 -7 11 0 T M M 5.6 16 140 M M 5 21 140
23 83 48 66 6 0 1 0.00 M M 10.1 21 200 M M 5 31 190
24 87 42 65 5 0 0 0.00 M M 7.9 21 340 M M 0 29 340
25 79 44 62 2 3 0 0.00 M M 10.0 24 320 M M 1 33 310
26 78 35 57 -2 8 0 0.00 M M 3.2 13 250 M M 0 22 210
27 79 40 60 1 5 0 0.00 M M 5.3 17 70 M M 0 25 70
28 75 40 58 0 7 0 0.00 M M 8.0 20 140 M M 0 29 130
29 81 48 65 7 0 0 0.00 M M 12.1 23 170 M M 0 32 140
30 83 52 68 11 0 3 0.00 M M 9.8 21 140 M M 0 29 150
================================================================================
SM 2528 1488 56 124 1.00 M 207.1 M 40
================================================================================
AV 84.3 49.6 6.9 FASTST M M 1 MAX(MPH)
MISC ----> # 24 180 36 200
================================================================================
NOTES:
# LAST OF SEVERAL OCCURRENCES
COLUMN 17 PEAK WIND IN M.P.H.
PRELIMINARY LOCAL CLIMATOLOGICAL DATA (WS FORM: F-6) , PAGE 2
STATION: ORD NE
MONTH: SEPTEMBER
YEAR: 2022
LATITUDE: 41 37 N
LONGITUDE: 98 57 W
[TEMPERATURE DATA] [PRECIPITATION DATA] SYMBOLS USED IN COLUMN 16
AVERAGE MONTHLY: 66.9 TOTAL FOR MONTH: 1.00 1 = FOG OR MIST
DPTR FM NORMAL: 3.5 DPTR FM NORMAL: -1.22 2 = FOG REDUCING VISIBILITY
HIGHEST: 98 ON 20, 2 GRTST 24HR 0.64 ON 15-15 TO 1/4 MILE OR LESS
LOWEST: 35 ON 26 3 = THUNDER
SNOW, ICE PELLETS, HAIL 4 = ICE PELLETS
TOTAL MONTH: M 5 = HAIL
GRTST 24HR M ON M 6 = FREEZING RAIN OR DRIZZLE
GRTST DEPTH: M ON M 7 = DUSTSTORM OR SANDSTORM:
VSBY 1/2 MILE OR LESS
8 = SMOKE OR HAZE
[NO. OF DAYS WITH] [WEATHER - DAYS WITH] 9 = BLOWING SNOW
X = TORNADO
MAX 32 OR BELOW: 0 0.01 INCH OR MORE: 6
MAX 90 OR ABOVE: 9 0.10 INCH OR MORE: 3
MIN 32 OR BELOW: 0 0.50 INCH OR MORE: 1
MIN 0 OR BELOW: 0 1.00 INCH OR MORE: 0
[HDD (BASE 65) ]
TOTAL THIS MO. 56 CLEAR (SCALE 0-3) 24
DPTR FM NORMAL -72 PTCLDY (SCALE 4-7) 6
TOTAL FM JUL 1 58 CLOUDY (SCALE 8-10) 0
DPTR FM NORMAL -85
[CDD (BASE 65) ]
TOTAL THIS MO. 124
DPTR FM NORMAL 46 [PRESSURE DATA]
TOTAL FM JAN 1 1106 HIGHEST SLP 30.42 ON 28
DPTR FM NORMAL 273 LOWEST SLP 29.60 ON 8
[REMARKS]
#FINAL-09-22#