000
CXUS53 KOAX 031412
CF6OFK
PRELIMINARY LOCAL CLIMATOLOGICAL DATA (WS FORM: F-6)
STATION: NORFOLK NE
MONTH: OCTOBER
YEAR: 2020
LATITUDE: 41 58 N
LONGITUDE: 97 26 W
TEMPERATURE IN F: :PCPN: SNOW: WIND :SUNSHINE: SKY :PK WND
================================================================================
1 2 3 4 5 6A 6B 7 8 9 10 11 12 13 14 15 16 17 18
12Z AVG MX 2MIN
DY MAX MIN AVG DEP HDD CDD WTR SNW DPTH SPD SPD DIR MIN PSBL S-S WX SPD DR
================================================================================
1 60 32 46 -11 19 0 0.00 0.0 0 12.2 25 350 M M 3 35 320
2 64 30 47 -10 18 0 0.13 0.0 0 6.1 16 160 M M 4 23 120
3 59 35 47 -9 18 0 0.00 0.0 0 4.3 13 100 M M 8 1 21 110
4 69 32 51 -5 14 0 0.00 0.0 0 9.6 22 170 M M 3 12 29 180
5 84 50 67 12 0 2 0.00 0.0 0 11.9 23 170 M M 0 33 170
6 87 44 66 11 0 1 0.00 0.0 0 8.1 25 260 M M 0 35 260
7 82 46 64 9 1 0 0.00 0.0 0 5.5 17 50 M M 0 23 50
8 82 49 66 12 0 1 0.00 0.0 0 13.5 28 140 M M 0 35 160
9 87 55 71 17 0 6 0.00 0.0 0 10.9 25 190 M M 0 8 35 180
10 78 44 61 8 4 0 0.00 0.0 0 7.8 15 100 M M 0 23 80
11 85 52 69 16 0 4 0.02 0.0 0 17.9 41 330 M M 4 3 57 330
12 71 42 57 4 8 0 T 0.0 0 11.7 21 190 M M 1 30 240
13 69 46 58 6 7 0 0.00 0.0 0 10.1 26 340 M M 0 33 320
14 72 42 57 5 8 0 T 0.0 0 15.0 28 310 M M 2 39 300
15 55 32 44 -8 21 0 0.00 0.0 0 12.3 24 270 M M 2 35 260
16 58 32 45 -6 20 0 0.00 0.0 0 10.9 23 170 M M 4 30 180
17 67 38 53 2 12 0 0.01 0.0 0 12.7 28 360 M M 4 35 360
18 44 33 39 -11 26 0 0.03 0.1 T 9.7 26 350 M M 7 1 34 350
19 42 32 37 -13 28 0 0.08 0.8 T 7.8 16 150 M M 8 1 21 150
20 49 33 41 -9 24 0 0.00 0.0 0 7.9 18 160 M M 5 18 23 140
21 51 36 44 -5 21 0 T 0.0 0 8.9 16 100 M M 6 18 21 120
22 42 34 38 -11 27 0 0.07 0.0 0 15.2 28 350 M M 10 1 40 360
23 36 18 27 -21 38 0 T T 0 15.4 28 350 M M 8 1 36 350
24 32 14 23 -25 42 0 T T 0 7.0 14 50 M M 6 18 19 50
25 27 17 22 -25 43 0 0.22 3.7 2 13.7 24 350 M M 9 1 31 340
26 27 16 22 -25 43 0 0.00 0.0 4 6.7 15 330 M M 3 19 340
27 38 14 26 -20 39 0 0.00 0.0 3 11.2 22 210 M M 0 29 210
28 58 21 40 -6 25 0 0.00 0.0 1 8.8 22 340 M M 0 29 340
29 48 30 39 -7 26 0 0.00 0.0 0 9.0 24 340 M M 1 33 340
30 62 26 44 -1 21 0 0.00 0.0 0 6.3 16 150 M M 0 23 140
31 65 39 52 7 13 0 0.00 0.0 0 17.5 35 320 M M 0 45 320
================================================================================
SM 1850 1064 566 14 0.56 4.6 325.6 M 98
================================================================================
AV 59.7 34.3 10.5 FASTST M M 3 MAX(MPH)
MISC ----> 41 330 57 330
================================================================================
NOTES:
# LAST OF SEVERAL OCCURRENCES
COLUMN 17 PEAK WIND IN M.P.H.
PRELIMINARY LOCAL CLIMATOLOGICAL DATA (WS FORM: F-6) , PAGE 2
STATION: NORFOLK NE
MONTH: OCTOBER
YEAR: 2020
LATITUDE: 41 58 N
LONGITUDE: 97 26 W
[TEMPERATURE DATA] [PRECIPITATION DATA] SYMBOLS USED IN COLUMN 16
AVERAGE MONTHLY: 47.0 TOTAL FOR MONTH: 0.56 1 = FOG OR MIST
DPTR FM NORMAL: -4.0 DPTR FM NORMAL: -1.51 2 = FOG REDUCING VISIBILITY
HIGHEST: 87 ON 9, 6 GRTST 24HR 0.22 ON 25-25 TO 1/4 MILE OR LESS
LOWEST: 14 ON 24,27 3 = THUNDER
SNOW, ICE PELLETS, HAIL 4 = ICE PELLETS
TOTAL MONTH: 4.6 INCHES 5 = HAIL
GRTST 24HR 3.7 ON 25-25 6 = FREEZING RAIN OR DRIZZLE
GRTST DEPTH: 4 ON 26 7 = DUSTSTORM OR SANDSTORM:
VSBY 1/2 MILE OR LESS
8 = SMOKE OR HAZE
[NO. OF DAYS WITH] [WEATHER - DAYS WITH] 9 = BLOWING SNOW
X = TORNADO
MAX 32 OR BELOW: 3 0.01 INCH OR MORE: 7
MAX 90 OR ABOVE: 0 0.10 INCH OR MORE: 2
MIN 32 OR BELOW: 14 0.50 INCH OR MORE: 0
MIN 0 OR BELOW: 0 1.00 INCH OR MORE: 0
[HDD (BASE 65) ]
TOTAL THIS MO. 566 CLEAR (SCALE 0-3) 17
DPTR FM NORMAL 123 PTCLDY (SCALE 4-7) 11
TOTAL FM JUL 1 677 CLOUDY (SCALE 8-10) 3
DPTR FM NORMAL 92
[CDD (BASE 65) ]
TOTAL THIS MO. 14
DPTR FM NORMAL 5 [PRESSURE DATA]
TOTAL FM JAN 1 1132 HIGHEST SLP 30.56 ON 26
DPTR FM NORMAL 217 LOWEST SLP 29.44 ON 11
[REMARKS]
#FINAL-10-20#