000
CXUS52 KCAE 011400
CF6OGB
PRELIMINARY LOCAL CLIMATOLOGICAL DATA (WS FORM: F-6)
STATION: ORANGEBURG AIRPORT SC
MONTH: AUGUST
YEAR: 2021
LATITUDE: 33 27 N
LONGITUDE: 80 51 W
TEMPERATURE IN F: :PCPN: SNOW: WIND :SUNSHINE: SKY :PK WND
================================================================================
1 2 3 4 5 6A 6B 7 8 9 10 11 12 13 14 15 16 17 18
12Z AVG MX 2MIN
DY MAX MIN AVG DEP HDD CDD WTR SNW DPTH SPD SPD DIR MIN PSBL S-S WX SPD DR
================================================================================
1 97 75 86 4 0 21 0.00 M M 7.8 18 270 M M 2 1 25 280
2 92 73 83 1 0 18 0.53 M M 5.2 18 210 M M 2 13 22 220
3 80 71 76 -6 0 11 0.39 M M 7.7 20 30 M M 7 13 24 20
4 82 68 75 -7 0 10 T M M 5.9 14 20 M M 8 18 360
5 83 67 75 -7 0 10 0.00 M M 4.4 12 80 M M 5 1 16 20
6 85 71 78 -4 0 13 1.63 M M 4.8 21 150 M M 9 123 25 150
7 88 71 80 -2 0 15 1.04 M M 4.9 21 20 M M 8 13 25 10
8 91 71 81 -1 0 16 0.12 M M 2.4 7 110 M M 3 12 10 70
9 90 72 81 -1 0 16 0.00 M M 2.9 10 140 M M 1 1 15 140
10 92 73 83 1 0 18 0.00 M M 3.2 17 290 M M 2 12 21 290
11 92 74 83 2 0 18 0.00 M M 2.9 20 300 M M 1 13 27 280
12 93 73 83 2 0 18 0.00 M M 4.0 13 150 M M 0 13 16 160
13 91 73 82 1 0 17 0.00 M M 4.4 12 160 M M 1 1 15 170
14 92 73 83 2 0 18 0.00 M M 3.9 15 150 M M 1 1 21 150
15 89 74 82 1 0 17 T M M 4.1 14 120 M M 3 138 18 150
16 87 74 81 0 0 16 0.29 M M 4.0 14 120 M M 3 1 21 110
17 88 76 82 1 0 17 0.07 M M 9.6 20 150 M M 4 13 28 140
18 92 77 85 4 0 20 0.02 M M 5.0 14 240 M M 4 13 19 240
19 95 75 85 4 0 20 0.00 M M 3.5 15 220 M M 2 3 18 220
20 93 75 84 3 0 19 0.10 M M 3.9 21 300 M M 2 25 320
21 88 73 81 1 0 16 0.13 M M 4.0 13 190 M M 3 13 19 310
22 83 73 78 -2 0 13 0.79 M M 3.2 12 210 M M 7 123 15 340
23 91 74 83 3 0 18 0.00 M M 1.1 7 40 M M 5 1 9 110
24 94 73 84 4 0 19 0.16 M M 3.5 16 30 M M 5 123 20 40
25 90 73 82 2 0 17 0.36 M M 2.7 25 200 M M 5 138 33 190
26 90 72 81 1 0 16 0.00 M M 2.8 12 150 M M 1 1 15 150
27 93 73 83 3 0 18 0.00 M M 4.4 12 150 M M 2 1 14 140
28 92 73 83 3 0 18 0.00 M M 2.8 9 70 M M 0 1 14 40
29 90 69 80 1 0 15 0.00 M M 1.8 12 210 M M 1 12 14 210
30 90 70 80 1 0 15 0.00 M M 2.9 9 220 M M 0 1 12 170
31 91 71 81 2 0 16 0.31 M M 6.9 31 190 M M 2 13 40 190
================================================================================
SM 2784 2250 0 509 5.94 M 130.6 M 99
================================================================================
AV 89.8 72.6 4.2 FASTST M M 3 MAX(MPH)
MISC ----> 31 190 40 190
================================================================================
NOTES:
# LAST OF SEVERAL OCCURRENCES
COLUMN 17 PEAK WIND IN M.P.H.
PRELIMINARY LOCAL CLIMATOLOGICAL DATA (WS FORM: F-6) , PAGE 2
STATION: ORANGEBURG AIRPORT SC
MONTH: AUGUST
YEAR: 2021
LATITUDE: 33 27 N
LONGITUDE: 80 51 W
[TEMPERATURE DATA] [PRECIPITATION DATA] SYMBOLS USED IN COLUMN 16
AVERAGE MONTHLY: 81.2 TOTAL FOR MONTH: 5.94 1 = FOG OR MIST
DPTR FM NORMAL: 0.4 DPTR FM NORMAL: 1.73 2 = FOG REDUCING VISIBILITY
HIGHEST: 97 ON 1 GRTST 24HR 1.63 ON 6- 6 TO 1/4 MILE OR LESS
LOWEST: 67 ON 5 3 = THUNDER
SNOW, ICE PELLETS, HAIL 4 = ICE PELLETS
TOTAL MONTH: M 5 = HAIL
GRTST 24HR M ON M 6 = FREEZING RAIN OR DRIZZLE
GRTST DEPTH: M ON M 7 = DUSTSTORM OR SANDSTORM:
VSBY 1/2 MILE OR LESS
8 = SMOKE OR HAZE
[NO. OF DAYS WITH] [WEATHER - DAYS WITH] 9 = BLOWING SNOW
X = TORNADO
MAX 32 OR BELOW: 0 0.01 INCH OR MORE: 14
MAX 90 OR ABOVE: 21 0.10 INCH OR MORE: 12
MIN 32 OR BELOW: 0 0.50 INCH OR MORE: 4
MIN 0 OR BELOW: 0 1.00 INCH OR MORE: 2
[HDD (BASE 65) ]
TOTAL THIS MO. 0 CLEAR (SCALE 0-3) 18
DPTR FM NORMAL 0 PTCLDY (SCALE 4-7) 12
TOTAL FM JUL 1 0 CLOUDY (SCALE 8-10) 1
DPTR FM NORMAL 0
[CDD (BASE 65) ]
TOTAL THIS MO. 509
DPTR FM NORMAL 18 [PRESSURE DATA]
TOTAL FM JAN 1 1743 HIGHEST SLP 30.22 ON 29
DPTR FM NORMAL -35 LOWEST SLP 29.77 ON 31
[REMARKS]
#FINAL-08-21#