000
CXUS55 KCAE 011500
CF6OGB
PRELIMINARY LOCAL CLIMATOLOGICAL DATA (WS FORM: F-6)
STATION: ORANGEBURG AIRPORT SC
MONTH: DECEMBER
YEAR: 2020
LATITUDE: 33 27 N
LONGITUDE: 80 51 W
TEMPERATURE IN F: :PCPN: SNOW: WIND :SUNSHINE: SKY :PK WND
================================================================================
1 2 3 4 5 6A 6B 7 8 9 10 11 12 13 14 15 16 17 18
12Z AVG MX 2MIN
DY MAX MIN AVG DEP HDD CDD WTR SNW DPTH SPD SPD DIR MIN PSBL S-S WX SPD DR
================================================================================
1 47 32 40 -12 25 0 0.00 M M 12.5 23 280 M M 1 31 280
2 55 28 42 -9 23 0 0.00 M M 3.2 10 270 M M 0 13 270
3 57 29 43 -8 22 0 0.00 M M 0.5 7 210 M M 0 1 9 210
4 69 38 54 3 11 0 0.06 M M 6.4 28 210 M M 5 1 38 220
5 60 38 49 -1 16 0 0.00 M M 6.1 21 280 M M 0 1 28 270
6 61 33 47 -3 18 0 0.00 M M 2.0 13 200 M M 1 12 17 210
7 58 42 50 0 15 0 0.11 M M 6.3 15 300 M M 9 1 19 280
8 49 31 40 -10 25 0 0.00 M M 3.2 14 360 M M 1 1 19 10
9 56 28 42 -7 23 0 0.00 M M 4.6 14 240 M M 0 1 18 240
10 66 34 50 1 15 0 0.00 M M 2.5 12 120 M M 0 1 16 130
11 67 38 53 4 12 0 0.00 M M 1.1 9 200 M M 2 12 13 130
12 71 43 57 9 8 0 0.00 M M 4.6 21 220 M M 2 1 24 230
13 72 57 65 17 0 0 0.00 M M 5.6 14 280 M M 8 12 18 290
14 70 44 57 9 8 0 0.14 M M 9.6 25 260 M M 5 1 34 250
15 47 39 43 -5 22 0 T M M 9.7 18 50 M M 6 27 50
16 45 39 42 -6 23 0 0.34 M M 6.5 16 30 M M 10 13 20 30
17 45 40 43 -4 22 0 0.00 M M 6.6 13 260 M M 10 16 310
18 52 32 42 -5 23 0 0.00 M M 4.6 13 10 M M 4 19 20
19 53 28 41 -6 24 0 0.00 M M 2.9 8 60 M M 3 11 70
20 51 44 48 1 17 0 0.15 M M 4.3 12 350 M M 10 1 16 360
21 61 46 54 8 11 0 0.02 M M 8.0 16 250 M M 5 1 21 260
22 66 37 52 6 13 0 0.00 M M 5.7 14 280 M M 0 19 280
23 63 34 49 3 16 0 0.00 M M 3.5 12 70 M M 3 17 70
24 68 40 54 8 11 0 0.99 M M 8.4 39 230 M M 8 1 52 220
25 40 28 34 -12 31 0 0.00 M M 15.0 31 270 M M 1 44 260
26 44 22 33 -13 32 0 0.00 M M 1.7 9 210 M M 0 14 250
27 57 23 40 -6 25 0 0.00 M M 1.8 9 180 M M 0 12 180
28 64 29 47 1 18 0 0.00 M M 3.0 15 260 M M 0 20 240
29 63 35 49 3 16 0 0.00 M M 4.5 12 70 M M 0 18 19 40
30 46 44 45 -1 20 0 T M M 6.7 9 20 M M 8 12 30
31 61 44 53 8 12 0 0.33 M M 1.7 10 260 M M 10 12 14 250
================================================================================
SM 1784 1119 557 0 2.14 M 162.8 M 112
================================================================================
AV 57.5 36.1 5.3 FASTST M M 4 MAX(MPH)
MISC ----> 39 230 52 220
================================================================================
NOTES:
# LAST OF SEVERAL OCCURRENCES
COLUMN 17 PEAK WIND IN M.P.H.
PRELIMINARY LOCAL CLIMATOLOGICAL DATA (WS FORM: F-6) , PAGE 2
STATION: ORANGEBURG AIRPORT SC
MONTH: DECEMBER
YEAR: 2020
LATITUDE: 33 27 N
LONGITUDE: 80 51 W
[TEMPERATURE DATA] [PRECIPITATION DATA] SYMBOLS USED IN COLUMN 16
AVERAGE MONTHLY: 46.8 TOTAL FOR MONTH: 2.14 1 = FOG OR MIST
DPTR FM NORMAL: -1.1 DPTR FM NORMAL: -1.18 2 = FOG REDUCING VISIBILITY
HIGHEST: 72 ON 13 GRTST 24HR 0.99 ON 24-24 TO 1/4 MILE OR LESS
LOWEST: 22 ON 26 3 = THUNDER
SNOW, ICE PELLETS, HAIL 4 = ICE PELLETS
TOTAL MONTH: M 5 = HAIL
GRTST 24HR M ON M 6 = FREEZING RAIN OR DRIZZLE
GRTST DEPTH: M ON M 7 = DUSTSTORM OR SANDSTORM:
VSBY 1/2 MILE OR LESS
8 = SMOKE OR HAZE
[NO. OF DAYS WITH] [WEATHER - DAYS WITH] 9 = BLOWING SNOW
X = TORNADO
MAX 32 OR BELOW: 0 0.01 INCH OR MORE: 8
MAX 90 OR ABOVE: 0 0.10 INCH OR MORE: 6
MIN 32 OR BELOW: 11 0.50 INCH OR MORE: 1
MIN 0 OR BELOW: 0 1.00 INCH OR MORE: 0
[HDD (BASE 65) ]
TOTAL THIS MO. 557 CLEAR (SCALE 0-3) 18
DPTR FM NORMAL 22 PTCLDY (SCALE 4-7) 8
TOTAL FM JUL 1 765 CLOUDY (SCALE 8-10) 5
DPTR FM NORMAL -140
[CDD (BASE 65) ]
TOTAL THIS MO. 0
DPTR FM NORMAL -4 [PRESSURE DATA]
TOTAL FM JAN 1 2358 HIGHEST SLP 30.20 ON 31
DPTR FM NORMAL 252 LOWEST SLP 30.10 ON 31
[REMARKS]
#FINAL-12-20#