000
CXHW52 PHFO 011250
CF6OGG
PRELIMINARY LOCAL CLIMATOLOGICAL DATA (WS FORM: F-6)
STATION: KAHULUI HI
MONTH: OCTOBER
YEAR: 2023
LATITUDE: 20 53 N
LONGITUDE: 156 26 W
TEMPERATURE IN F: :PCPN: SNOW: WIND :SUNSHINE: SKY :PK WND
================================================================================
1 2 3 4 5 6A 6B 7 8 9 10 11 12 13 14 15 16 17 18
12Z AVG MX 2MIN
DY MAX MIN AVG DEP HDD CDD WTR SNW DPTH SPD SPD DIR MIN PSBL S-S WX SPD DR
================================================================================
1 90 70 80 0 0 15 0.00 M M 15.4 31 40 M M 2 39 70
2 91 68 80 0 0 15 0.00 M M 7.7 23 30 M M 2 8 27 40
3 89 67 78 -2 0 13 0.00 M M 6.3 13 200 M M 3 18 360
4 88 64 76 -4 0 11 0.00 M M 6.9 16 30 M M 1 19 30
5 90 65 78 -2 0 13 0.00 M M 8.1 21 40 M M 1 25 40
6 90 67 79 -1 0 14 0.00 M M 12.1 28 40 M M 1 33 40
7 87 75 81 1 0 16 0.00 M M 15.7 28 40 M M 1 8 32 30
8 88 72 80 0 0 15 0.00 M M 13.8 28 60 M M 3 8 35 60
9 89 74 82 2 0 17 0.00 M M 15.7 28 50 M M 3 35 70
10 89 70 80 0 0 15 0.00 M M 13.2 26 50 M M 3 33 40
11 87 64 76 -4 0 11 0.00 M M 11.5 22 40 M M 3 26 30
12 87 69 78 -2 0 13 0.00 M M 13.4 25 40 M M 3 29 40
13 87 72 80 0 0 15 0.00 M M 12.7 24 40 M M 6 26 30
14 86 69 78 -2 0 13 0.00 M M 8.0 16 10 M M 4 20 10
15 87 66 77 -3 0 12 0.00 M M 10.8 28 40 M M 2 31 30
16 87 70 79 -1 0 14 0.00 M M 11.1 24 40 M M 4 28 30
17 90 67 79 0 0 14 0.00 M M 5.3 14 20 M M 1 19 30
18 88 65 77 -2 0 12 0.00 M M 11.5 25 40 M M 2 29 30
19 86 65 76 -3 0 11 0.00 M M 9.9 20 20 M M 1 23 30
20 86 66 76 -3 0 11 0.00 M M 8.8 20 20 M M 2 24 10
21 87 67 77 -2 0 12 0.04 M M 5.8 14 30 M M 5 18 16 50
22 82 67 75 -4 0 10 0.01 M M 7.1 15 210 M M 4 20 300
23 88 63 76 -3 0 11 T M M 16.0 26 180 M M 3 33 200
24 89 M M M M M 0.03 M M 6.7 16 50 M M 2 18 50
25 87 M M M M M 0.00 M M 6.8 17 40 M M 2 19 40
26 89 M M M M M 0.00 M M 7.2 20 30 M M 1 24 40
27 90 67 79 0 0 14 0.00 M M 6.9 16 30 M M 1 20 30
28 88 68 78 -1 0 13 0.00 M M 11.2 24 30 M M 4 27 40
29 86 64 75 -3 0 10 0.00 M M 10.7 22 30 M M 1 25 30
30 86 64 75 -3 0 10 0.00 M M 9.6 20 30 M M 2 23 30
31 86 64 75 -3 0 10 0.00 M M 4.4 12 10 M M 2 18 12 10
================================================================================
SM 2720 1889 0 360 0.08 M 310.3 M 75
================================================================================
AV 87.7 67.5 10.0 FASTST M M 2 MAX(MPH)
MISC ----> 31 40 39 70
================================================================================
NOTES:
# LAST OF SEVERAL OCCURRENCES
COLUMN 17 PEAK WIND IN M.P.H.
PRELIMINARY LOCAL CLIMATOLOGICAL DATA (WS FORM: F-6) , PAGE 2
STATION: KAHULUI HI
MONTH: OCTOBER
YEAR: 2023
LATITUDE: 20 53 N
LONGITUDE: 156 26 W
[TEMPERATURE DATA] [PRECIPITATION DATA] SYMBOLS USED IN COLUMN 16
AVERAGE MONTHLY: 77.6 TOTAL FOR MONTH: 0.08 1 = FOG OR MIST
DPTR FM NORMAL: -1.8 DPTR FM NORMAL: -0.75 2 = FOG REDUCING VISIBILITY
HIGHEST: 91 ON 2 GRTST 24HR 0.04 ON 21-21 TO 1/4 MILE OR LESS
LOWEST: 63 ON 23 3 = THUNDER
SNOW, ICE PELLETS, HAIL 4 = ICE PELLETS
TOTAL MONTH: M 5 = HAIL
GRTST 24HR M ON M 6 = FREEZING RAIN OR DRIZZLE
GRTST DEPTH: M ON M 7 = DUSTSTORM OR SANDSTORM:
VSBY 1/2 MILE OR LESS
8 = SMOKE OR HAZE
[NO. OF DAYS WITH] [WEATHER - DAYS WITH] 9 = BLOWING SNOW
X = TORNADO
MAX 32 OR BELOW: 0 0.01 INCH OR MORE: 3
MAX 90 OR ABOVE: 6 0.10 INCH OR MORE: 0
MIN 32 OR BELOW: 0 0.50 INCH OR MORE: 0
MIN 0 OR BELOW: 0 1.00 INCH OR MORE: 0
[HDD (BASE 65) ]
TOTAL THIS MO. 0 CLEAR (SCALE 0-3) 25
DPTR FM NORMAL 0 PTCLDY (SCALE 4-7) 6
TOTAL FM JUL 1 0 CLOUDY (SCALE 8-10) 0
DPTR FM NORMAL 0
[CDD (BASE 65) ]
TOTAL THIS MO. 360
DPTR FM NORMAL -86 [PRESSURE DATA]
TOTAL FM JAN 1 3657 HIGHEST SLP 30.10 ON 29
DPTR FM NORMAL -104 LOWEST SLP 29.87 ON 31
[REMARKS]
#FINAL-10-23#