000
CXUS55 KEAX 010736
CF6OJC
PRELIMINARY LOCAL CLIMATOLOGICAL DATA (WS FORM: F-6)
STATION: JOHNSON COUNTY EXECUTIVE KS
MONTH: AUGUST
YEAR: 2020
LATITUDE: 38 50 N
LONGITUDE: 94 44 W
TEMPERATURE IN F: :PCPN: SNOW: WIND :SUNSHINE: SKY :PK WND
================================================================================
1 2 3 4 5 6A 6B 7 8 9 10 11 12 13 14 15 16 17 18
12Z AVG MX 2MIN
DY MAX MIN AVG DEP HDD CDD WTR SNW DPTH SPD SPD DIR MIN PSBL S-S WX SPD DR
================================================================================
1 83 63 73 -6 0 8 0.00 M M 4.6 13 320 M M 3 19 310
2 82 65 74 -5 0 9 0.00 M M 8.4 20 360 M M 5 1 28 360
3 77 60 69 -10 0 4 0.00 M M 8.8 18 360 M M 1 25 360
4 75 55 65 -14 0 0 0.00 M M 4.8 12 70 M M 2 18 20
5 78 56 67 -12 0 2 0.00 M M 5.8 10 110 M M 2 17 140
6 82 63 73 -6 0 8 0.00 M M 7.8 17 140 M M 0 24 140
7 85 68 77 -2 0 12 0.05 M M 11.5 24 170 M M 3 3 35 180
8 87 71 79 0 0 14 0.08 M M 9.5 20 200 M M 6 13 31 210
9 83 70 77 -2 0 12 M M M 8.7 23 160 M M 1 13 31 180
10 86 70 78 -1 0 13 T M M 6.3 14 80 M M 1 21 210
11 86 69 78 -1 0 13 T M M 5.0 18 150 M M 3 3 28 130
12 86 67 77 -2 0 12 0.00 M M 6.5 13 100 M M 2 12 19 110
13 87 70 79 1 0 14 0.00 M M 6.6 14 130 M M 1 21 60
14 89 71 80 2 0 15 0.00 M M 6.0 13 140 M M 1 1 18 170
15 86 66 76 -2 0 11 0.00 M M 6.7 17 10 M M 3 22 360
16 81 58 70 -8 0 5 0.00 M M 3.8 14 100 M M 1 18 110
17 87 66 77 -1 0 12 0.00 M M 8.8 20 350 M M 0 32 350
18 82 62 72 -6 0 7 0.00 M M 5.7 15 20 M M 0 24 20
19 83 60 72 -6 0 7 0.00 M M 4.8 12 150 M M 0 17 150
20 84 57 71 -6 0 6 0.00 M M 5.4 10 200 M M 0 15 120
21 88 60 74 -3 0 9 0.00 M M 5.0 13 150 M M 0 18 210
22 89 64 77 0 0 12 0.00 M M 4.9 13 200 M M 0 18 200
23 92 67 80 3 0 15 0.00 M M 5.8 12 180 M M 0 19 230
24 92 67 80 4 0 15 0.00 M M 4.7 12 180 M M 0 16 170
25 94 67 81 5 0 16 0.00 M M 5.2 12 190 M M 0 19 170
26 93 67 80 4 0 15 0.00 M M 8.0 16 170 M M 1 22 160
27 90 68 79 3 0 14 0.00 M M 7.4 20 140 M M 1 29 130
28 94 67 81 6 0 16 0.00 M M 4.0 14 330 M M 0 19 330
29 82 62 72 -3 0 7 0.55 M M 5.8 22 350 M M 5 13 33 360
30 82 62 72 -3 0 7 0.00 M M 6.5 15 110 M M 2 1 19 110
31 75 64 70 -4 0 5 1.77 M M 8.8 30 360 M M 9 13 45 350
================================================================================
SM 2640 2002 0 315 2.45 M 201.6 M 53
================================================================================
AV 85.2 64.6 6.5 FASTST M M 2 MAX(MPH)
MISC ----> 30 360 45 350
================================================================================
NOTES:
# LAST OF SEVERAL OCCURRENCES
COLUMN 17 PEAK WIND IN M.P.H.
PRELIMINARY LOCAL CLIMATOLOGICAL DATA (WS FORM: F-6) , PAGE 2
STATION: JOHNSON COUNTY EXECUTIVE KS
MONTH: AUGUST
YEAR: 2020
LATITUDE: 38 50 N
LONGITUDE: 94 44 W
[TEMPERATURE DATA] [PRECIPITATION DATA] SYMBOLS USED IN COLUMN 16
AVERAGE MONTHLY: 74.9 TOTAL FOR MONTH: 2.45 1 = FOG OR MIST
DPTR FM NORMAL: -2.7 DPTR FM NORMAL: -1.27 2 = FOG REDUCING VISIBILITY
HIGHEST: 94 ON 28,25 GRTST 24HR 1.77 ON 31-31 TO 1/4 MILE OR LESS
LOWEST: 55 ON 4 3 = THUNDER
SNOW, ICE PELLETS, HAIL 4 = ICE PELLETS
TOTAL MONTH: M 5 = HAIL
GRTST 24HR M ON M 6 = FREEZING RAIN OR DRIZZLE
GRTST DEPTH: M ON M 7 = DUSTSTORM OR SANDSTORM:
VSBY 1/2 MILE OR LESS
8 = SMOKE OR HAZE
[NO. OF DAYS WITH] [WEATHER - DAYS WITH] 9 = BLOWING SNOW
X = TORNADO
MAX 32 OR BELOW: 0 0.01 INCH OR MORE: 4
MAX 90 OR ABOVE: 6 0.10 INCH OR MORE: 2
MIN 32 OR BELOW: 0 0.50 INCH OR MORE: 2
MIN 0 OR BELOW: 0 1.00 INCH OR MORE: 1
[HDD (BASE 65) ]
TOTAL THIS MO. 0 CLEAR (SCALE 0-3) 25
DPTR FM NORMAL -1 PTCLDY (SCALE 4-7) 5
TOTAL FM JUL 1 0 CLOUDY (SCALE 8-10) 1
DPTR FM NORMAL 0
[CDD (BASE 65) ]
TOTAL THIS MO. 315
DPTR FM NORMAL -78 [PRESSURE DATA]
TOTAL FM JAN 1 1156 HIGHEST SLP M ON M
DPTR FM NORMAL -9 LOWEST SLP 29.67 ON 31
[REMARKS]
#FINAL-08-20#