000
CXUS53 KEAX 011615
CLSOJC
CLIMATE REPORT
NATIONAL WEATHER SERVICE KANSAS CITY/PLEASANT HILL MO
1008 AM CST FRI DEC 01 2023
...................................
...THE JOHNSON COUNTY EXECUTIVE KS CLIMATE SUMMARY FOR THE SEASON, FROM
9/1/2023 TO 11/30/2023...
CLIMATE NORMAL PERIOD: 1991 TO 2020
CLIMATE RECORD PERIOD: 9999 TO 9999
WEATHER OBSERVED NORMAL DEPART LAST YEAR`S
VALUE DATE(S) VALUE FROM VALUE DATE(S)
NORMAL
................................................................
TEMPERATURE (F)
HIGHEST 99 09/05 92 7 97 09/19
09/20
LOWEST 19 11/27 18 1 17 11/13
11/28
11/18
11/20
AVG. MAXIMUM 70.4 65.9 4.5 69.0
AVG. MINIMUM 48.8 46.8 2.0 46.0
MEAN 59.6 56.3 3.3 57.5
DAYS MAX >= 90 6 2.9 3.1 4
DAYS MAX <= 32 0 1.0 -1.0 2
DAYS MIN <= 32 14 13.6 0.4 20
DAYS MIN <= 0 0 0.0 0.0 0
PRECIPITATION (INCHES)
TOTALS 11.59 8.58 3.01 7.16
DAILY AVG. 0.13 0.09 0.04 0.08
DAYS >= .01 20 23.1 -3.1 17
DAYS >= .10 13 14.0 -1.0 9
DAYS >= .50 8 5.5 2.5 4
DAYS >= 1.00 5 2.5 2.5 3
GREATEST
24 HR. TOTAL 3.53 10/24 TO 10/25
DEGREE DAYS
HEATING TOTAL 801 968 -167 918
COOLING TOTAL 333 180 153 258
................................................................
WIND (MPH)
AVERAGE WIND SPEED 7.6
HIGHEST WIND SPEED/DIRECTION 32/170 DATE 09/21
HIGHEST GUST SPEED/DIRECTION 43/350 DATE 09/16
SKY COVER
POSSIBLE SUNSHINE (PERCENT) MM
AVERAGE SKY COVER 0.23
NUMBER OF DAYS FAIR 69
NUMBER OF DAYS PC 12
NUMBER OF DAYS CLOUDY 10
AVERAGE RH (PERCENT) 62
WEATHER CONDITIONS. NUMBER OF DAYS WITH
THUNDERSTORM 10 MIXED PRECIP 0
HEAVY RAIN 9 RAIN 10
LIGHT RAIN 22 FREEZING RAIN 0
LT FREEZING RAIN 0 HAIL 1
HEAVY SNOW 0 SNOW 0
LIGHT SNOW 2 SLEET 0
FOG 21 FOG W/VIS <= 1/4 MILE 2
HAZE 8
- INDICATES NEGATIVE NUMBERS.
R INDICATES RECORD WAS SET OR TIED.
MM INDICATES DATA IS MISSING.
T INDICATES TRACE AMOUNT.
$$