000
CXUS54 KOUN 011351
CF6OKC
PRELIMINARY LOCAL CLIMATOLOGICAL DATA (WS FORM: F-6)
STATION: OKLAHOMA CITY
MONTH: MAY
YEAR: 2023
LATITUDE: 35 24 N
LONGITUDE: 97 36 W
TEMPERATURE IN F: :PCPN: SNOW: WIND :SUNSHINE: SKY :PK WND
================================================================================
1 2 3 4 5 6A 6B 7 8 9 10 11 12 13 14 15 16 17 18
12Z AVG MX 2MIN
DY MAX MIN AVG DEP HDD CDD WTR SNW DPTH SPD SPD DIR MIN PSBL S-S WX SPD DR
================================================================================
1 70 43 57 -6 8 0 0.00 0.0 0 6.4 13 350 M M 2 16 350
2 75 49 62 -2 3 0 0.00 0.0 0 3.7 15 50 M M 4 19 10
3 66 51 59 -5 6 0 T 0.0 0 5.6 13 200 M M 7 3 14 180
4 62 55 59 -5 6 0 1.00 0.0 0 10.3 25 270 M M 9 13 33 250
5 88 57 73 8 0 8 0.00 0.0 0 11.1 18 160 M M 4 12 24 160
6 89 64 77 12 0 12 0.00 0.0 0 13.5 28 170 M M 5 1 39 170
7 83 62 73 8 0 8 0.00 0.0 0 15.1 24 200 M M 6 30 200
8 85 58 72 6 0 7 0.00 0.0 0 9.4 17 170 M M 4 22 210
9 84 69 77 11 0 12 0.00 0.0 0 12.6 21 180 M M 6 12 26 170
10 82 64 73 7 0 8 0.00 0.0 0 7.1 18 160 M M 8 3 23 160
11 80 62 71 4 0 6 0.53 0.0 0 8.9 23 100 M M 9 13 28 100
12 85 68 77 10 0 12 0.00 0.0 0 12.7 22 190 M M 8 1 27 190
13 81 61 71 4 0 6 0.61 0.0 0 8.0 26 360 M M 8 13 37 360
14 77 65 71 3 0 6 1.70 0.0 0 5.3 13 150 M M 9 13 15 150
15 70 62 66 -2 0 1 1.15 0.0 0 9.5 18 340 M M 10 1 22 340
16 72 58 65 -3 0 0 0.00 0.0 0 8.9 16 350 M M 7 21 360
17 78 54 66 -3 0 1 0.00 0.0 0 5.1 12 80 M M 4 16 80
18 75 61 68 -1 0 3 0.23 0.0 0 6.2 12 240 M M 8 1 13 240
19 79 56 68 -1 0 3 1.00 0.0 0 11.8 33 310 M M 9 138 42 310
20 73 53 63 -7 2 0 0.00 0.0 0 8.7 17 20 M M 6 30 10
21 75 54 65 -5 0 0 0.00 0.0 0 3.8 12 160 M M 6 14 160
22 74 53 64 -6 1 0 0.01 0.0 0 6.8 14 130 M M 6 1 23 140
23 76 62 69 -2 0 4 0.03 0.0 0 9.2 20 80 M M 7 22 70
24 82 63 73 2 0 8 0.00 0.0 0 8.9 17 90 M M 6 21 90
25 74 64 69 -2 0 4 T 0.0 0 6.5 13 140 M M 8 17 140
26 82 63 73 1 0 8 T 0.0 0 6.7 15 140 M M 8 19 150
27 81 61 71 -1 0 6 0.00 0.0 0 7.4 16 150 M M 6 19 180
28 78 63 71 -1 0 6 0.10 0.0 0 8.7 18 250 M M 8 13 23 260
29 78 63 71 -1 0 6 0.01 0.0 0 8.7 16 210 M M 8 1 19 200
30 86 61 74 1 0 9 0.00 0.0 0 7.2 14 160 M M 4 1 18 150
31 87 64 76 3 0 11 0.00 0.0 0 9.0 18 180 M M 6 13 26 180
================================================================================
SM 2427 1843 26 155 6.37 0.0 262.8 M 206
================================================================================
AV 78.3 59.5 8.5 FASTST M M 7 MAX(MPH)
MISC ----> 33 310 42 310
================================================================================
NOTES:
# LAST OF SEVERAL OCCURRENCES
COLUMN 17 PEAK WIND IN M.P.H.
PRELIMINARY LOCAL CLIMATOLOGICAL DATA (WS FORM: F-6) , PAGE 2
STATION: OKLAHOMA CITY
MONTH: MAY
YEAR: 2023
LATITUDE: 35 24 N
LONGITUDE: 97 36 W
[TEMPERATURE DATA] [PRECIPITATION DATA] SYMBOLS USED IN COLUMN 16
AVERAGE MONTHLY: 68.9 TOTAL FOR MONTH: 6.37 1 = FOG OR MIST
DPTR FM NORMAL: 0.7 DPTR FM NORMAL: 1.06 2 = FOG REDUCING VISIBILITY
HIGHEST: 89 ON 6 GRTST 24HR 1.76 ON 13-14 TO 1/4 MILE OR LESS
LOWEST: 43 ON 1 3 = THUNDER
SNOW, ICE PELLETS, HAIL 4 = ICE PELLETS
TOTAL MONTH: 0.0 INCH 5 = HAIL
GRTST 24HR 0.0 6 = FREEZING RAIN OR DRIZZLE
GRTST DEPTH: 0 7 = DUSTSTORM OR SANDSTORM:
VSBY 1/2 MILE OR LESS
8 = SMOKE OR HAZE
[NO. OF DAYS WITH] [WEATHER - DAYS WITH] 9 = BLOWING SNOW
X = TORNADO
MAX 32 OR BELOW: 0 0.01 INCH OR MORE: 11
MAX 90 OR ABOVE: 0 0.10 INCH OR MORE: 8
MIN 32 OR BELOW: 0 0.50 INCH OR MORE: 6
MIN 0 OR BELOW: 0 1.00 INCH OR MORE: 4
[HDD (BASE 65) ]
TOTAL THIS MO. 26 CLEAR (SCALE 0-3) 1
DPTR FM NORMAL -24 PTCLDY (SCALE 4-7) 24
TOTAL FM JUL 1 3421 CLOUDY (SCALE 8-10) 6
DPTR FM NORMAL -193
[CDD (BASE 65) ]
TOTAL THIS MO. 155
DPTR FM NORMAL 4 [PRESSURE DATA]
TOTAL FM JAN 1 193 HIGHEST SLP 30.27 ON 20
DPTR FM NORMAL -3 LOWEST SLP 29.67 ON 11
[REMARKS]
#FINAL-05-23#