000
CXUS54 KOUN 010910
CF6OKC
PRELIMINARY LOCAL CLIMATOLOGICAL DATA (WS FORM: F-6)
STATION: OKLAHOMA CITY
MONTH: JANUARY
YEAR: 2023
LATITUDE: 35 24 N
LONGITUDE: 97 36 W
TEMPERATURE IN F: :PCPN: SNOW: WIND :SUNSHINE: SKY :PK WND
================================================================================
1 2 3 4 5 6A 6B 7 8 9 10 11 12 13 14 15 16 17 18
12Z AVG MX 2MIN
DY MAX MIN AVG DEP HDD CDD WTR SNW DPTH SPD SPD DIR MIN PSBL S-S WX SPD DR
================================================================================
1 72 40 56 18 9 0 0.00 0.0 0 8.0 15 220 M M 8 20 240
2 69 41 55 17 10 0 0.07 0.0 0 10.3 24 130 M M 8 1238 30 160
3 52 35 44 6 21 0 0.00 0.0 0 10.5 20 310 M M 4 1 23 310
4 52 29 41 3 24 0 0.00 0.0 0 7.6 15 280 M M 3 19 300
5 55 26 41 3 24 0 0.00 0.0 0 6.5 14 310 M M 3 17 310
6 67 31 49 11 16 0 0.00 0.0 0 12.9 29 180 M M 8 1 36 180
7 52 33 43 5 22 0 0.00 0.0 0 13.7 24 330 M M 3 29 330
8 58 28 43 5 22 0 0.00 0.0 0 5.8 10 170 M M 1 14 210
9 64 32 48 10 17 0 0.00 0.0 0 11.2 25 180 M M 3 31 190
10 70 30 50 12 15 0 0.00 0.0 0 9.3 22 250 M M 4 27 240
11 68 39 54 16 11 0 0.00 0.0 0 10.1 33 310 M M 6 42 310
12 50 32 41 3 24 0 0.00 0.0 0 18.5 33 330 M M 4 44 320
13 52 26 39 1 26 0 0.00 0.0 0 5.3 10 20 M M 1 12 30
14 59 28 44 6 21 0 0.00 0.0 0 16.5 26 180 M M 5 35 150
15 62 43 53 15 12 0 0.00 0.0 0 21.7 33 200 M M 7 42 200
16 66 43 55 17 10 0 0.00 0.0 0 11.0 29 200 M M 6 34 200
17 61 38 50 12 15 0 T 0.0 0 4.4 15 100 M M 7 19 100
18 62 38 50 12 15 0 0.20 0.0 0 15.2 31 240 M M 5 1 42 250
19 51 32 42 4 23 0 0.00 0.0 0 12.2 28 290 M M 3 33 300
20 58 30 44 6 21 0 0.00 0.0 0 6.9 15 120 M M 4 19 110
21 58 37 48 10 17 0 0.04 0.0 0 14.9 24 330 M M 7 30 320
22 44 26 35 -3 30 0 T T 0 12.5 25 330 M M 6 31 330
23 49 22 36 -2 29 0 0.00 0.0 0 4.1 10 130 M M 4 12 130
24 41 32 37 -1 28 0 0.53 2.1 0 8.9 15 340 M M 10 1 19 340
25 44 29 37 -2 28 0 T T 1 13.7 22 330 M M 7 1 27 320
26 50 22 36 -3 29 0 0.00 0.0 0 9.7 23 280 M M 1 29 310
27 56 32 44 5 21 0 0.00 0.0 0 13.7 30 230 M M 0 36 230
28 62 34 48 9 17 0 0.00 0.0 0 16.6 28 190 M M 3 33 190
29 34 20 27 -12 38 0 T 0.0 0 18.8 29 350 M M 10 16 34 350
30 22 16 19 -20 46 0 0.01 0.1 0 14.7 24 350 M M 10 348 28 360
31 25 17 21 -18 44 0 0.01 T T 11.5 21 360 M M 9 4 26 10
================================================================================
SM 1685 961 685 0 0.86 2.2 356.7 M 160
================================================================================
AV 54.4 31.0 11.5 FASTST M M 5 MAX(MPH)
MISC ----> # 33 310 44 320
================================================================================
NOTES:
# LAST OF SEVERAL OCCURRENCES
COLUMN 17 PEAK WIND IN M.P.H.
PRELIMINARY LOCAL CLIMATOLOGICAL DATA (WS FORM: F-6) , PAGE 2
STATION: OKLAHOMA CITY
MONTH: JANUARY
YEAR: 2023
LATITUDE: 35 24 N
LONGITUDE: 97 36 W
[TEMPERATURE DATA] [PRECIPITATION DATA] SYMBOLS USED IN COLUMN 16
AVERAGE MONTHLY: 42.7 TOTAL FOR MONTH: 0.86 1 = FOG OR MIST
DPTR FM NORMAL: 4.5 DPTR FM NORMAL: -0.46 2 = FOG REDUCING VISIBILITY
HIGHEST: 72 ON 1 GRTST 24HR 0.65 ON 24-25 TO 1/4 MILE OR LESS
LOWEST: 16 ON 30 3 = THUNDER
SNOW, ICE PELLETS, HAIL 4 = ICE PELLETS
TOTAL MONTH: 2.2 INCHES 5 = HAIL
GRTST 24HR 2.1 ON 24-24 6 = FREEZING RAIN OR DRIZZLE
GRTST DEPTH: 1 ON 25 7 = DUSTSTORM OR SANDSTORM:
VSBY 1/2 MILE OR LESS
8 = SMOKE OR HAZE
[NO. OF DAYS WITH] [WEATHER - DAYS WITH] 9 = BLOWING SNOW
X = TORNADO
MAX 32 OR BELOW: 2 0.01 INCH OR MORE: 6
MAX 90 OR ABOVE: 0 0.10 INCH OR MORE: 2
MIN 32 OR BELOW: 20 0.50 INCH OR MORE: 1
MIN 0 OR BELOW: 0 1.00 INCH OR MORE: 0
[HDD (BASE 65) ]
TOTAL THIS MO. 685 CLEAR (SCALE 0-3) 8
DPTR FM NORMAL -147 PTCLDY (SCALE 4-7) 19
TOTAL FM JUL 1 2140 CLOUDY (SCALE 8-10) 4
DPTR FM NORMAL -139
[CDD (BASE 65) ]
TOTAL THIS MO. 0
DPTR FM NORMAL 0 [PRESSURE DATA]
TOTAL FM JAN 1 0 HIGHEST SLP 30.50 ON 31
DPTR FM NORMAL 0 LOWEST SLP 29.54 ON 16
[REMARKS]
#FINAL-01-23#