000
CXUS54 KOUN 010910
CF6OKC
PRELIMINARY LOCAL CLIMATOLOGICAL DATA (WS FORM: F-6)
STATION: OKLAHOMA CITY
MONTH: NOVEMBER
YEAR: 2022
LATITUDE: 35 24 N
LONGITUDE: 97 36 W
TEMPERATURE IN F: :PCPN: SNOW: WIND :SUNSHINE: SKY :PK WND
================================================================================
1 2 3 4 5 6A 6B 7 8 9 10 11 12 13 14 15 16 17 18
12Z AVG MX 2MIN
DY MAX MIN AVG DEP HDD CDD WTR SNW DPTH SPD SPD DIR MIN PSBL S-S WX SPD DR
================================================================================
1 76 47 62 7 3 0 0.00 0.0 0 9.3 20 180 M M 1 24 200
2 65 50 58 4 7 0 0.00 0.0 0 12.5 20 180 M M 4 1 26 170
3 72 57 65 11 0 0 0.00 0.0 0 15.9 25 150 M M 8 31 160
4 71 40 56 2 9 0 0.07 0.0 0 18.2 30 330 M M 9 1 35 180
5 60 33 47 -6 18 0 0.00 0.0 0 13.8 23 160 M M 3 30 160
6 72 45 59 6 6 0 0.00 0.0 0 8.4 18 160 M M 5 23 170
7 66 50 58 6 7 0 T 0.0 0 9.8 17 40 M M 6 20 30
8 77 65 71 19 0 6 T 0.0 0 13.7 21 190 M M 10 12 27 150
9 79 65 72 20 0 7 0.00 0.0 0 18.7 32 180 M M 6 1 38 180
10 68 45 57 6 8 0 0.46 0.0 0 16.3 26 320 M M 8 13 32 320
11 45 30 38 -13 27 0 0.04 0.4 0 20.9 32 350 M M 8 1 39 360
12 46 25 36 -14 29 0 0.00 0.0 0 7.6 14 350 M M 2 18 330
13 52 23 38 -12 27 0 0.00 0.0 0 10.3 20 150 M M 3 24 160
14 40 31 36 -14 29 0 0.17 T 0 11.0 20 320 M M 9 1 22 320
15 46 28 37 -12 28 0 0.00 0.0 0 9.9 18 350 M M 5 23 350
16 45 24 35 -14 30 0 0.00 0.0 0 6.0 17 360 M M 1 24 360
17 57 22 40 -9 25 0 T 0.0 0 8.4 22 30 M M 2 27 30
18 37 28 33 -15 32 0 0.00 0.0 0 13.3 24 50 M M 10 30 30
19 46 21 34 -14 31 0 0.00 0.0 0 6.9 17 330 M M 4 22 330
20 50 18 34 -13 31 0 0.00 0.0 0 6.0 14 190 M M 1 19 190
21 57 24 41 -6 24 0 0.00 0.0 0 8.1 15 220 M M 0 19 210
22 59 31 45 -2 20 0 0.00 0.0 0 9.1 20 190 M M 3 12 24 180
23 51 36 44 -2 21 0 0.01 0.0 0 11.6 20 160 M M 8 1 24 160
24 53 44 49 3 16 0 T 0.0 0 11.7 21 10 M M 10 1 27 10
25 51 35 43 -3 22 0 0.00 0.0 0 10.2 18 10 M M 6 23 10
26 48 44 46 1 19 0 0.96 0.0 0 9.4 21 310 M M 10 1 23 320
27 49 35 42 -3 23 0 T 0.0 0 11.3 22 320 M M 6 1 27 330
28 64 29 47 3 18 0 0.00 0.0 0 14.9 29 190 M M 3 1 36 180
29 64 31 48 4 17 0 0.00 0.0 0 20.9 30 350 M M 2 37 350
30 43 23 33 -11 32 0 0.00 0.0 0 7.5 21 360 M M 3 24 10
================================================================================
SM 1709 1079 559 13 1.71 0.4 351.6 M 156
================================================================================
AV 57.0 36.0 11.7 FASTST M M 5 MAX(MPH)
MISC ----> # 32 180 39 360
================================================================================
NOTES:
# LAST OF SEVERAL OCCURRENCES
COLUMN 17 PEAK WIND IN M.P.H.
PRELIMINARY LOCAL CLIMATOLOGICAL DATA (WS FORM: F-6) , PAGE 2
STATION: OKLAHOMA CITY
MONTH: NOVEMBER
YEAR: 2022
LATITUDE: 35 24 N
LONGITUDE: 97 36 W
[TEMPERATURE DATA] [PRECIPITATION DATA] SYMBOLS USED IN COLUMN 16
AVERAGE MONTHLY: 46.5 TOTAL FOR MONTH: 1.71 1 = FOG OR MIST
DPTR FM NORMAL: -2.7 DPTR FM NORMAL: 0.03 2 = FOG REDUCING VISIBILITY
HIGHEST: 79 ON 9 GRTST 24HR 0.96 ON 26-26 TO 1/4 MILE OR LESS
LOWEST: 18 ON 20 3 = THUNDER
SNOW, ICE PELLETS, HAIL 4 = ICE PELLETS
TOTAL MONTH: 0.4 INCH 5 = HAIL
GRTST 24HR 0.4 ON 11-11 6 = FREEZING RAIN OR DRIZZLE
GRTST DEPTH: 0 7 = DUSTSTORM OR SANDSTORM:
VSBY 1/2 MILE OR LESS
8 = SMOKE OR HAZE
[NO. OF DAYS WITH] [WEATHER - DAYS WITH] 9 = BLOWING SNOW
X = TORNADO
MAX 32 OR BELOW: 0 0.01 INCH OR MORE: 6
MAX 90 OR ABOVE: 0 0.10 INCH OR MORE: 3
MIN 32 OR BELOW: 15 0.50 INCH OR MORE: 1
MIN 0 OR BELOW: 0 1.00 INCH OR MORE: 0
[HDD (BASE 65) ]
TOTAL THIS MO. 559 CLEAR (SCALE 0-3) 12
DPTR FM NORMAL 81 PTCLDY (SCALE 4-7) 10
TOTAL FM JUL 1 696 CLOUDY (SCALE 8-10) 8
DPTR FM NORMAL 22
[CDD (BASE 65) ]
TOTAL THIS MO. 13
DPTR FM NORMAL 9 [PRESSURE DATA]
TOTAL FM JAN 1 2363 HIGHEST SLP 30.54 ON 18
DPTR FM NORMAL 497 LOWEST SLP 29.53 ON 29
[REMARKS]
#FINAL-11-22#